{"id":6726,"date":"2016-04-14T17:40:41","date_gmt":"2016-04-14T15:40:41","guid":{"rendered":"http:\/\/740jw955i52c.brive.org\/?page_id=6726"},"modified":"2023-07-27T09:31:03","modified_gmt":"2023-07-27T07:31:03","slug":"autres-risques-majeurs","status":"publish","type":"page","link":"http:\/\/740jw955i52c.brive.org\/index.php\/accueil-2\/autres-risques-majeurs\/","title":{"rendered":"Autres risques majeurs"},"content":{"rendered":"<p>[vc_row][vc_column][vc_column_text]<br \/>\n[\/vc_column_text]<div class=\"uxb-exte\"><h5 class=\"   has-line   uxb-heading\">Plan canicule<\/h5><\/div>[vc_column_text]En cas de fortes chaleurs, il existe des lieux rafraichis et climatis\u00e9s ainsi que des points d\u2019eau potable :<\/p>\n<p>&#8211;\u00a0\u00a0\u00a0\u00a0\u00a0\u00a0\u00a0 Les plaines des jeux, la voie verte, les parcs et jardins sont des lieux rafraichis avec des points d\u2019eau potable accessibles sur sites<\/p>\n<p>\u25b6 <a href=\"http:\/\/740jw955i52c.brive.org\/wp-content\/uploads\/2023\/07\/bornes-fontaine.pdf\" target=\"_blank\" rel=\"noopener\">bornes fontaines<\/a><\/p>\n<p>\u25b6<a href=\"http:\/\/740jw955i52c.brive.org\/wp-content\/uploads\/2023\/07\/INTEMP6-FI-Points-deau-potable-Ouest.pdf\" target=\"_blank\" rel=\"noopener\"> points d&#8217;eau potable ouest<\/a><\/p>\n<p>\u25b6 <a href=\"http:\/\/740jw955i52c.brive.org\/wp-content\/uploads\/2023\/07\/INTEMP6bis-FI-Points-deau-potable-Est.pdf\">points d&#8217;eau potable est<\/a><\/p>\n<p>\u25b6<a href=\"http:\/\/740jw955i52c.brive.org\/wp-content\/uploads\/2023\/07\/INTEMP6ter-FI-Points-deau-potable-Nord.pdf\"> points d&#8217;eau potable nord<\/a><\/p>\n<p>&#8211;\u00a0\u00a0\u00a0\u00a0\u00a0\u00a0\u00a0 Les m\u00e9diath\u00e8ques, cin\u00e9mas, ainsi que les magasins, centres commerciaux \u2026 sont des lieux climatis\u00e9s \u25b6 <a href=\"http:\/\/740jw955i52c.brive.org\/wp-content\/uploads\/2023\/07\/INTEMP5-FI-Canicule-lieux-climatises-ou-rafraichis.pdf\" target=\"_blank\" rel=\"noopener\">tableau\u00a0<\/a> \u25b6 <a href=\"http:\/\/740jw955i52c.brive.org\/wp-content\/uploads\/2023\/07\/carto_plan_canicule_lieux_climatises_frais.pdf\" target=\"_blank\" rel=\"noopener\">plan<\/a><\/p>\n<p>&#8211;\u00a0\u00a0\u00a0\u00a0\u00a0\u00a0\u00a0 La piscine est ouverte tous les jours, le miroir d\u2019eau du parvis du th\u00e9\u00e2tre est \u00e9quip\u00e9 de jets d\u2019eau<\/p>\n<p>&#8211;\u00a0\u00a0\u00a0\u00a0\u00a0\u00a0\u00a0 Pour les personnes \u00e2g\u00e9es, les r\u00e9sidences autonomie disposent d\u2019une salle climatis\u00e9e (contacter le CLIC)[\/vc_column_text][\/vc_column][\/vc_row][vc_row][vc_column]<div class=\"uxb-exte\"><h5 class=\"   has-line   uxb-heading\">Le risque de rupture de barrage<\/h5><\/div>[vc_row_inner][vc_column_inner width=&#8221;2\/3&#8243;][vc_column_text]<\/p>\n<p style=\"text-align: justify\">En cas de rupture du barrage de Monceaux-la-Virole, la commune de Brive appara\u00eet dans la zone d&#8217;inondation sp\u00e9cifique d\u00e9nomm\u00e9e point kilom\u00e9trique (P.K.) 83 dans un d\u00e9lai de 3H40.<\/p>\n<p style=\"text-align: justify\">L\u2019analyse des risques r\u00e9alis\u00e9e par EDF et le Comit\u00e9 Technique Permanent des Barrages (C.T.P.B.) a permis de r\u00e9aliser le Plan Particulier d\u2019Intervention du barrage de Monceaux-la-Virole.<\/p>\n<p style=\"text-align: justify\">Le P.P.I. est mis en \u0153uvre par le Pr\u00e9fet, il est destin\u00e9 \u00e0 organiser l\u2019alerte et l\u2019information des populations, la r\u00e9partition des r\u00f4les entre l\u2019exploitant et les autorit\u00e9s et la mise en \u0153uvre de tous les moyens de secours.<\/p>\n<p>[\/vc_column_text][\/vc_column_inner][vc_column_inner width=&#8221;1\/3&#8243;][vc_empty_space height=&#8221;45px&#8221;][vc_column_text]<\/p>\n<p style=\"text-align: center\"><img decoding=\"async\" loading=\"lazy\" class=\"size-full wp-image-12658 aligncenter\" src=\"http:\/\/740jw955i52c.brive.org\/wp-content\/uploads\/2016\/06\/barrage.jpg\" alt=\"barrage\" width=\"100\" height=\"100\" srcset=\"http:\/\/740jw955i52c.brive.org\/wp-content\/uploads\/2016\/06\/barrage.jpg 100w, http:\/\/740jw955i52c.brive.org\/wp-content\/uploads\/2016\/06\/barrage-60x60.jpg 60w\" sizes=\"(max-width: 100px) 100vw, 100px\" \/><a href=\"http:\/\/740jw955i52c.brive.org\/wp-content\/uploads\/2016\/04\/risques_barrage3.pdf\">Risque de rupture de barrage<\/a><\/p>\n<p>[\/vc_column_text][\/vc_column_inner][\/vc_row_inner]<div class=\"uxb-exte\"><h5 class=\"   has-line   uxb-heading\">Le risque de transport de mati\u00e8res dangereuses<\/h5><\/div>[vc_row_inner][vc_column_inner width=&#8221;2\/3&#8243;][vc_column_text]<\/p>\n<p style=\"text-align: justify\">A Brive, le transport de mati\u00e8res dangereuses s\u2019effectue par route (A20) et par voies ferr\u00e9es.<\/p>\n<p style=\"text-align: justify\">Ces transports tr\u00e8s r\u00e9glement\u00e9s peuvent toutefois comporter des risques :<br \/>\n&#8211; d\u2019explosion<br \/>\n&#8211; d\u2019incendie de produits inflammables<br \/>\n&#8211; de d\u00e9gagement de nuage toxique<br \/>\n&#8211; de pollution des eaux et des sols par d\u00e9versement ou infiltration suite \u00e0 une fuite.<\/p>\n<p style=\"text-align: justify\">Le trafic des v\u00e9hicules transportant des mati\u00e8res dangereuses dans la ville de Brive est soumis \u00e0 de nombreuses obligations : limitation de vitesse, signal\u00e9tiques indiquant les produits transport\u00e9s.<\/p>\n<p>D\u2019autre part, depuis octobre 1990, il existe au niveau d\u00e9partemental un plan de secours sp\u00e9cialis\u00e9 T.M.D.<\/p>\n<p>[\/vc_column_text][\/vc_column_inner][vc_column_inner width=&#8221;1\/3&#8243;][vc_empty_space height=&#8221;55px&#8221;][vc_column_text]<\/p>\n<p style=\"text-align: center\"><img decoding=\"async\" loading=\"lazy\" class=\"size-full wp-image-12657 aligncenter\" src=\"http:\/\/740jw955i52c.brive.org\/wp-content\/uploads\/2016\/06\/transport.jpg\" alt=\"transport\" width=\"100\" height=\"100\" srcset=\"http:\/\/740jw955i52c.brive.org\/wp-content\/uploads\/2016\/06\/transport.jpg 100w, http:\/\/740jw955i52c.brive.org\/wp-content\/uploads\/2016\/06\/transport-60x60.jpg 60w\" sizes=\"(max-width: 100px) 100vw, 100px\" \/><\/p>\n<p style=\"text-align: center\"><a href=\"http:\/\/740jw955i52c.brive.org\/wp-content\/uploads\/2016\/04\/risques_transport_matieres_dangeureuses3.pdf\">Risque de transport de matieres dangeureuses<\/a><\/p>\n<p>[\/vc_column_text][\/vc_column_inner][\/vc_row_inner][\/vc_column][\/vc_row][vc_row][vc_column]<hr class=\"light  divider uxb-divider\" \/>[vc_row_inner][vc_column_inner width=&#8221;1\/3&#8243;][vc_btn title=&#8221;Pr\u00e9vention des risques majeurs&#8221; style=&#8221;custom&#8221; custom_background=&#8221;#5aa1e3&#8243; custom_text=&#8221;#ffffff&#8221; size=&#8221;sm&#8221; align=&#8221;center&#8221; button_block=&#8221;true&#8221; link=&#8221;url:http%3A%2F%2F740jw955i52c.brive.org%2Findex.php%2Faccueil%2Fmairie%2Fla-mairie%2Fsecurite-urbaine%2Frisques-majeurs%2F|title:Pr%C3%A9vention%20des%20risques%20majeurs|&#8221;][\/vc_column_inner][vc_column_inner width=&#8221;1\/3&#8243;][vc_btn title=&#8221;Risque inondation&#8221; style=&#8221;custom&#8221; custom_background=&#8221;#5aa1e3&#8243; custom_text=&#8221;#ffffff&#8221; size=&#8221;sm&#8221; align=&#8221;center&#8221; button_block=&#8221;true&#8221; link=&#8221;url:http%3A%2F%2F740jw955i52c.brive.org%2Findex.php%2Faccueil%2Fmairie%2Fla-mairie%2Fsecurite-urbaine%2Frisques-inondation%2F|title:Risques%20inondation|&#8221;][\/vc_column_inner][vc_column_inner width=&#8221;1\/3&#8243;][vc_btn title=&#8221;Risque industriel et technologique&#8221; style=&#8221;custom&#8221; custom_background=&#8221;#5aa1e3&#8243; custom_text=&#8221;#ffffff&#8221; size=&#8221;sm&#8221; align=&#8221;center&#8221; button_block=&#8221;true&#8221; link=&#8221;url:http%3A%2F%2F740jw955i52c.brive.org%2Findex.php%2Faccueil%2Fmairie%2Fla-mairie%2Fsecurite-urbaine%2Frisques-industriel-et-technologique%2F|title:Risque%20industriel%20et%20technologique|&#8221;][\/vc_column_inner][\/vc_row_inner][\/vc_column][\/vc_row]<\/p>\n","protected":false},"excerpt":{"rendered":"<p>[vc_row][vc_column][vc_column_text] [\/vc_column_text][vc_column_text]En cas de fortes chaleurs, il existe des lieux rafraichis et climatis\u00e9s ainsi que des points d\u2019eau potable : &#8211;\u00a0\u00a0\u00a0\u00a0\u00a0\u00a0\u00a0 Les plaines des jeux, la voie verte, les parcs &#8230; <\/p>\n","protected":false},"author":3,"featured_media":0,"parent":38015,"menu_order":3,"comment_status":"closed","ping_status":"closed","template":"","meta":[],"yoast_head":"<!-- This site is optimized with the Yoast SEO plugin v17.8 - https:\/\/yoast.com\/wordpress\/plugins\/seo\/ -->\n<title>Autres risques majeurs - Ville de Brive<\/title>\n<meta name=\"robots\" content=\"index, follow, max-snippet:-1, max-image-preview:large, max-video-preview:-1\" \/>\n<link rel=\"canonical\" href=\"http:\/\/740jw955i52c.brive.org\/index.php\/accueil-2\/autres-risques-majeurs\/\" \/>\n<meta property=\"og:locale\" content=\"fr_FR\" \/>\n<meta property=\"og:type\" content=\"article\" \/>\n<meta property=\"og:title\" content=\"Autres risques majeurs - Ville de Brive\" \/>\n<meta property=\"og:description\" content=\"[vc_row][vc_column][vc_column_text] [\/vc_column_text][vc_column_text]En cas de fortes chaleurs, il existe des lieux rafraichis et climatis\u00e9s ainsi que des points d\u2019eau potable : &#8211;\u00a0\u00a0\u00a0\u00a0\u00a0\u00a0\u00a0 Les plaines des jeux, la voie verte, les parcs ...\" \/>\n<meta property=\"og:url\" content=\"http:\/\/740jw955i52c.brive.org\/index.php\/accueil-2\/autres-risques-majeurs\/\" \/>\n<meta property=\"og:site_name\" content=\"Ville de Brive\" \/>\n<meta property=\"article:modified_time\" content=\"2023-07-27T07:31:03+00:00\" \/>\n<meta property=\"og:image\" content=\"http:\/\/740jw955i52c.brive.org\/wp-content\/uploads\/2016\/06\/barrage.jpg\" \/>\n<meta name=\"twitter:card\" content=\"summary_large_image\" \/>\n<meta name=\"twitter:label1\" content=\"Dur\u00e9e de lecture estim\u00e9e\" \/>\n\t<meta name=\"twitter:data1\" content=\"3 minutes\" \/>\n<script type=\"application\/ld+json\" class=\"yoast-schema-graph\">{\"@context\":\"https:\/\/schema.org\",\"@graph\":[{\"@type\":\"WebSite\",\"@id\":\"http:\/\/740jw955i52c.brive.org\/#website\",\"url\":\"http:\/\/740jw955i52c.brive.org\/\",\"name\":\"Ville de Brive\",\"description\":\"Bienvenue sur le site de la ville de Brive-la-Gaillarde. Vous y trouverez l&#039;actualit\\u00e9 de la commune, des informations pratiques et vos d\\u00e9marches administratives.\",\"potentialAction\":[{\"@type\":\"SearchAction\",\"target\":{\"@type\":\"EntryPoint\",\"urlTemplate\":\"http:\/\/740jw955i52c.brive.org\/?s={search_term_string}\"},\"query-input\":\"required name=search_term_string\"}],\"inLanguage\":\"fr-FR\"},{\"@type\":\"ImageObject\",\"@id\":\"http:\/\/740jw955i52c.brive.org\/index.php\/accueil-2\/autres-risques-majeurs\/#primaryimage\",\"inLanguage\":\"fr-FR\",\"url\":\"http:\/\/740jw955i52c.brive.org\/wp-content\/uploads\/2016\/06\/barrage.jpg\",\"contentUrl\":\"http:\/\/740jw955i52c.brive.org\/wp-content\/uploads\/2016\/06\/barrage.jpg\",\"width\":100,\"height\":100},{\"@type\":\"WebPage\",\"@id\":\"http:\/\/740jw955i52c.brive.org\/index.php\/accueil-2\/autres-risques-majeurs\/#webpage\",\"url\":\"http:\/\/740jw955i52c.brive.org\/index.php\/accueil-2\/autres-risques-majeurs\/\",\"name\":\"Autres risques majeurs - Ville de Brive\",\"isPartOf\":{\"@id\":\"http:\/\/740jw955i52c.brive.org\/#website\"},\"primaryImageOfPage\":{\"@id\":\"http:\/\/740jw955i52c.brive.org\/index.php\/accueil-2\/autres-risques-majeurs\/#primaryimage\"},\"datePublished\":\"2016-04-14T15:40:41+00:00\",\"dateModified\":\"2023-07-27T07:31:03+00:00\",\"breadcrumb\":{\"@id\":\"http:\/\/740jw955i52c.brive.org\/index.php\/accueil-2\/autres-risques-majeurs\/#breadcrumb\"},\"inLanguage\":\"fr-FR\",\"potentialAction\":[{\"@type\":\"ReadAction\",\"target\":[\"http:\/\/740jw955i52c.brive.org\/index.php\/accueil-2\/autres-risques-majeurs\/\"]}]},{\"@type\":\"BreadcrumbList\",\"@id\":\"http:\/\/740jw955i52c.brive.org\/index.php\/accueil-2\/autres-risques-majeurs\/#breadcrumb\",\"itemListElement\":[{\"@type\":\"ListItem\",\"position\":1,\"name\":\"Accueil\",\"item\":\"http:\/\/740jw955i52c.brive.org\/\"},{\"@type\":\"ListItem\",\"position\":2,\"name\":\"Accueil\",\"item\":\"http:\/\/740jw955i52c.brive.org\/?page_id=38015\"},{\"@type\":\"ListItem\",\"position\":3,\"name\":\"Autres risques majeurs\"}]}]}<\/script>\n<!-- \/ Yoast SEO plugin. -->","yoast_head_json":{"title":"Autres risques majeurs - Ville de Brive","robots":{"index":"index","follow":"follow","max-snippet":"max-snippet:-1","max-image-preview":"max-image-preview:large","max-video-preview":"max-video-preview:-1"},"canonical":"http:\/\/740jw955i52c.brive.org\/index.php\/accueil-2\/autres-risques-majeurs\/","og_locale":"fr_FR","og_type":"article","og_title":"Autres risques majeurs - Ville de Brive","og_description":"[vc_row][vc_column][vc_column_text] [\/vc_column_text][vc_column_text]En cas de fortes chaleurs, il existe des lieux rafraichis et climatis\u00e9s ainsi que des points d\u2019eau potable : &#8211;\u00a0\u00a0\u00a0\u00a0\u00a0\u00a0\u00a0 Les plaines des jeux, la voie verte, les parcs ...","og_url":"http:\/\/740jw955i52c.brive.org\/index.php\/accueil-2\/autres-risques-majeurs\/","og_site_name":"Ville de Brive","article_modified_time":"2023-07-27T07:31:03+00:00","og_image":[{"url":"http:\/\/740jw955i52c.brive.org\/wp-content\/uploads\/2016\/06\/barrage.jpg"}],"twitter_card":"summary_large_image","twitter_misc":{"Dur\u00e9e de lecture estim\u00e9e":"3 minutes"},"schema":{"@context":"https:\/\/schema.org","@graph":[{"@type":"WebSite","@id":"http:\/\/740jw955i52c.brive.org\/#website","url":"http:\/\/740jw955i52c.brive.org\/","name":"Ville de Brive","description":"Bienvenue sur le site de la ville de Brive-la-Gaillarde. Vous y trouverez l&#039;actualit\u00e9 de la commune, des informations pratiques et vos d\u00e9marches administratives.","potentialAction":[{"@type":"SearchAction","target":{"@type":"EntryPoint","urlTemplate":"http:\/\/740jw955i52c.brive.org\/?s={search_term_string}"},"query-input":"required name=search_term_string"}],"inLanguage":"fr-FR"},{"@type":"ImageObject","@id":"http:\/\/740jw955i52c.brive.org\/index.php\/accueil-2\/autres-risques-majeurs\/#primaryimage","inLanguage":"fr-FR","url":"http:\/\/740jw955i52c.brive.org\/wp-content\/uploads\/2016\/06\/barrage.jpg","contentUrl":"http:\/\/740jw955i52c.brive.org\/wp-content\/uploads\/2016\/06\/barrage.jpg","width":100,"height":100},{"@type":"WebPage","@id":"http:\/\/740jw955i52c.brive.org\/index.php\/accueil-2\/autres-risques-majeurs\/#webpage","url":"http:\/\/740jw955i52c.brive.org\/index.php\/accueil-2\/autres-risques-majeurs\/","name":"Autres risques majeurs - Ville de Brive","isPartOf":{"@id":"http:\/\/740jw955i52c.brive.org\/#website"},"primaryImageOfPage":{"@id":"http:\/\/740jw955i52c.brive.org\/index.php\/accueil-2\/autres-risques-majeurs\/#primaryimage"},"datePublished":"2016-04-14T15:40:41+00:00","dateModified":"2023-07-27T07:31:03+00:00","breadcrumb":{"@id":"http:\/\/740jw955i52c.brive.org\/index.php\/accueil-2\/autres-risques-majeurs\/#breadcrumb"},"inLanguage":"fr-FR","potentialAction":[{"@type":"ReadAction","target":["http:\/\/740jw955i52c.brive.org\/index.php\/accueil-2\/autres-risques-majeurs\/"]}]},{"@type":"BreadcrumbList","@id":"http:\/\/740jw955i52c.brive.org\/index.php\/accueil-2\/autres-risques-majeurs\/#breadcrumb","itemListElement":[{"@type":"ListItem","position":1,"name":"Accueil","item":"http:\/\/740jw955i52c.brive.org\/"},{"@type":"ListItem","position":2,"name":"Accueil","item":"http:\/\/740jw955i52c.brive.org\/?page_id=38015"},{"@type":"ListItem","position":3,"name":"Autres risques majeurs"}]}]}},"_links":{"self":[{"href":"http:\/\/740jw955i52c.brive.org\/index.php\/wp-json\/wp\/v2\/pages\/6726"}],"collection":[{"href":"http:\/\/740jw955i52c.brive.org\/index.php\/wp-json\/wp\/v2\/pages"}],"about":[{"href":"http:\/\/740jw955i52c.brive.org\/index.php\/wp-json\/wp\/v2\/types\/page"}],"author":[{"embeddable":true,"href":"http:\/\/740jw955i52c.brive.org\/index.php\/wp-json\/wp\/v2\/users\/3"}],"replies":[{"embeddable":true,"href":"http:\/\/740jw955i52c.brive.org\/index.php\/wp-json\/wp\/v2\/comments?post=6726"}],"version-history":[{"count":51,"href":"http:\/\/740jw955i52c.brive.org\/index.php\/wp-json\/wp\/v2\/pages\/6726\/revisions"}],"predecessor-version":[{"id":50288,"href":"http:\/\/740jw955i52c.brive.org\/index.php\/wp-json\/wp\/v2\/pages\/6726\/revisions\/50288"}],"up":[{"embeddable":true,"href":"http:\/\/740jw955i52c.brive.org\/index.php\/wp-json\/wp\/v2\/pages\/38015"}],"wp:attachment":[{"href":"http:\/\/740jw955i52c.brive.org\/index.php\/wp-json\/wp\/v2\/media?parent=6726"}],"curies":[{"name":"wp","href":"https:\/\/api.w.org\/{rel}","templated":true}]}}