{"id":6724,"date":"2016-04-14T17:39:57","date_gmt":"2016-04-14T15:39:57","guid":{"rendered":"http:\/\/740jw955i52c.brive.org\/?page_id=6724"},"modified":"2019-05-02T15:05:11","modified_gmt":"2019-05-02T13:05:11","slug":"risques-industriel-et-technologique","status":"publish","type":"page","link":"http:\/\/740jw955i52c.brive.org\/index.php\/accueil-2\/risques-industriel-et-technologique\/","title":{"rendered":"Risque industriel et technologique"},"content":{"rendered":"<p>[vc_row][vc_column][\/vc_column][\/vc_row][vc_row][vc_column]<div class=\"uxb-exte\"><h5 class=\"   has-line   uxb-heading\">L\u2019information des citoyens sur les risques naturels et technologiques majeurs est un droit inscrit dans le code de l\u2019environnement.<\/h5><\/div>[vc_column_text]Un risque industriel majeur est un \u00e9v\u00e9nement accidentel se produisant sur un site industriel et entra\u00eenant des cons\u00e9quences imm\u00e9diates graves pour le personnel, les populations avoisinantes, les biens et\/ou l\u2019environnement.<br \/>\nLes \u00e9tablissements jug\u00e9s comme dangereux sont soumis \u00e0 une r\u00e9glementation particuli\u00e8re, la r\u00e9glementation des I.C.P.E. (Installations Class\u00e9es pour la Protection de l\u2019Environnement).<\/p>\n<p><strong>Un seul \u00e9tablissement dit \u00ab \u00e0 risques \u00bb est implant\u00e9 \u00e0 Brive. Il s&#8217;agit de l&#8217;entreprise BUTAGAZ situ\u00e9e 21, rue Eug\u00e8ne Freyssinet.<\/strong><\/p>\n<p>Les services de la Pr\u00e9fecture ont r\u00e9alis\u00e9 un\u00a0 P.P.I. (Plan Particulier d\u2019Intervention) qui organise les moyens de secours en cas d\u2019accident majeur.<br \/>\nLa Ville de Brive participe \u00e0 l\u2019\u00e9laboration de celui-ci aux c\u00f4t\u00e9s des services de l\u2019Etat.<\/p>\n<p><strong>BUTAGAZ est soumis \u00e0 d&#8217;importantes mesures de s\u00e9curit\u00e9. Des exercices sp\u00e9cifiques d\u2019intervention sont r\u00e9guli\u00e8rement r\u00e9alis\u00e9s par les services de secours.<\/strong><\/p>\n<p><strong><u>La pr\u00e9vention et la s\u00e9curit\u00e9 sont une priorit\u00e9<\/u><\/strong><\/p>\n<p>L&#8217;entreprise BUTAGAZ dispose de mat\u00e9riels techniques n\u00e9cessaires \u00e0 la d\u00e9tection pr\u00e9coce des fuites de gaz et d\u2019incendie qui sont test\u00e9s r\u00e9guli\u00e8rement.<br \/>\nElle dispose \u00e9galement d&#8217;\u00e9quipements de lutte contre l\u2019incendie permettant de r\u00e9pondre \u00e0 tout sinistre \u00e9ventuel : r\u00e9seau d\u2019eau incendie, moyens fixes et mobiles.<br \/>\nCes moyens sont mis en \u0153uvre dans les plus brefs d\u00e9lais par le personnel sp\u00e9cifiquement form\u00e9.<br \/>\nL\u2019ensemble des moyens est test\u00e9 p\u00e9riodiquement au cours d\u2019exercices mensuels et avec les sapeurs-pompiers de fa\u00e7on annuelle.<\/p>\n<p><strong><u>Les mesures engag\u00e9es par la Ville<\/u><\/strong><\/p>\n<p>La Mairie de Brive a mis en place des proc\u00e9dures afin de pourvoir mettre \u00e0 disposition, si n\u00e9cessaire, un h\u00e9bergement d\u2019urgence, un ravitaillement et une assistance sociale pour les sinistr\u00e9s si des \u00e9vacuations d\u2019immeubles (relogement) \u00e9taient envisag\u00e9es en cas d\u2019accident provenant d\u2019un \u00e9tablissement industriel.<\/p>\n<p>En cas d\u2019al\u00e9a, le Plan Communal de Sauvegarde serait d\u00e9clench\u00e9 et permettrait de mobiliser les services municipaux pour apporter soutien et assistance aux personnes.[\/vc_column_text][vc_empty_space height=&#8221;60px&#8221;][vc_row_inner][vc_column_inner width=&#8221;1\/3&#8243;][vc_column_text]<\/p>\n<p style=\"text-align: center\"><img decoding=\"async\" loading=\"lazy\" class=\"size-full wp-image-6871 aligncenter\" src=\"http:\/\/740jw955i52c.brive.org\/wp-content\/uploads\/2016\/04\/butagaz.gif\" alt=\"butagaz\" width=\"60\" height=\"60\" \/><a href=\"http:\/\/740jw955i52c.brive.org\/wp-content\/uploads\/2016\/04\/risque_industriel_butagaz.pdf\">Butagaz<\/a><\/p>\n<p>[\/vc_column_text][\/vc_column_inner][vc_column_inner width=&#8221;1\/3&#8243;][vc_column_text]<\/p>\n<p style=\"text-align: center\"><img decoding=\"async\" loading=\"lazy\" class=\"size-full wp-image-6872 aligncenter\" src=\"http:\/\/740jw955i52c.brive.org\/wp-content\/uploads\/2016\/04\/technologique.gif\" alt=\"technologique\" width=\"60\" height=\"60\" \/><a href=\"http:\/\/740jw955i52c.brive.org\/wp-content\/uploads\/2016\/04\/risques_industriels_technologiques.pdf\">Risque industriel<\/a><\/p>\n<p>[\/vc_column_text][\/vc_column_inner][vc_column_inner width=&#8221;1\/3&#8243;][vc_column_text]<\/p>\n<p style=\"text-align: center\"><img decoding=\"async\" loading=\"lazy\" class=\"size-full wp-image-6873 aligncenter\" src=\"http:\/\/740jw955i52c.brive.org\/wp-content\/uploads\/2016\/04\/reagir.gif\" alt=\"reagir\" width=\"60\" height=\"60\" \/><a href=\"http:\/\/740jw955i52c.brive.org\/wp-content\/uploads\/2016\/04\/risque_majeur_reagir.pdf\">R\u00e9agir efficacement<\/a><\/p>\n<p>[\/vc_column_text][\/vc_column_inner][\/vc_row_inner][vc_row_inner][vc_column_inner][vc_empty_space height=&#8221;10px&#8221;][\/vc_column_inner][\/vc_row_inner]<hr class=\"light  divider uxb-divider\" \/>[vc_row_inner][vc_column_inner width=&#8221;1\/3&#8243;][vc_btn title=&#8221;Pr\u00e9vention des risques majeurs&#8221; style=&#8221;custom&#8221; custom_background=&#8221;#5aa1e3&#8243; custom_text=&#8221;#ffffff&#8221; size=&#8221;sm&#8221; align=&#8221;center&#8221; button_block=&#8221;true&#8221; link=&#8221;url:http%3A%2F%2F740jw955i52c.brive.org%2Findex.php%2Faccueil%2Fmairie%2Fla-mairie%2Fsecurite-urbaine%2Frisques-majeurs%2F|title:Pr%C3%A9vention%20des%20risques%20majeurs|&#8221;][\/vc_column_inner][vc_column_inner width=&#8221;1\/3&#8243;][vc_btn title=&#8221;Risque inondation&#8221; style=&#8221;custom&#8221; custom_background=&#8221;#5aa1e3&#8243; custom_text=&#8221;#ffffff&#8221; size=&#8221;sm&#8221; align=&#8221;center&#8221; button_block=&#8221;true&#8221; link=&#8221;url:http%3A%2F%2F740jw955i52c.brive.org%2Findex.php%2Faccueil%2Fmairie%2Fla-mairie%2Fsecurite-urbaine%2Frisques-inondation%2F|title:Risque%20inondation|&#8221;][\/vc_column_inner][vc_column_inner width=&#8221;1\/3&#8243;][vc_btn title=&#8221;Autres risques majeurs&#8221; style=&#8221;custom&#8221; custom_background=&#8221;#5aa1e3&#8243; custom_text=&#8221;#ffffff&#8221; size=&#8221;sm&#8221; align=&#8221;center&#8221; button_block=&#8221;true&#8221; link=&#8221;url:http%3A%2F%2F740jw955i52c.brive.org%2Findex.php%2Faccueil%2Fmairie%2Fla-mairie%2Fsecurite-urbaine%2Fautres-risques-majeurs%2F|title:Autres%20risques%20majeurs|&#8221;][\/vc_column_inner][\/vc_row_inner][\/vc_column][\/vc_row]<\/p>\n","protected":false},"excerpt":{"rendered":"<p>[vc_row][vc_column][\/vc_column][\/vc_row][vc_row][vc_column][vc_column_text]Un risque industriel majeur est un \u00e9v\u00e9nement accidentel se produisant sur un site industriel et entra\u00eenant des cons\u00e9quences imm\u00e9diates graves pour le personnel, les populations avoisinantes, les biens et\/ou l\u2019environnement. &#8230; <\/p>\n","protected":false},"author":3,"featured_media":0,"parent":38015,"menu_order":3,"comment_status":"closed","ping_status":"closed","template":"","meta":[],"yoast_head":"<!-- This site is optimized with the Yoast SEO plugin v17.8 - https:\/\/yoast.com\/wordpress\/plugins\/seo\/ -->\n<title>Risque industriel et technologique - Ville de Brive<\/title>\n<meta name=\"robots\" content=\"index, follow, max-snippet:-1, max-image-preview:large, max-video-preview:-1\" \/>\n<link rel=\"canonical\" href=\"http:\/\/740jw955i52c.brive.org\/index.php\/accueil-2\/risques-industriel-et-technologique\/\" \/>\n<meta property=\"og:locale\" content=\"fr_FR\" \/>\n<meta property=\"og:type\" content=\"article\" \/>\n<meta property=\"og:title\" content=\"Risque industriel et technologique - Ville de Brive\" \/>\n<meta property=\"og:description\" content=\"[vc_row][vc_column][\/vc_column][\/vc_row][vc_row][vc_column][vc_column_text]Un risque industriel majeur est un \u00e9v\u00e9nement accidentel se produisant sur un site industriel et entra\u00eenant des cons\u00e9quences imm\u00e9diates graves pour le personnel, les populations avoisinantes, les biens et\/ou l\u2019environnement. ...\" \/>\n<meta property=\"og:url\" content=\"http:\/\/740jw955i52c.brive.org\/index.php\/accueil-2\/risques-industriel-et-technologique\/\" \/>\n<meta property=\"og:site_name\" content=\"Ville de Brive\" \/>\n<meta property=\"article:modified_time\" content=\"2019-05-02T13:05:11+00:00\" \/>\n<meta property=\"og:image\" content=\"http:\/\/740jw955i52c.brive.org\/wp-content\/uploads\/2016\/04\/butagaz.gif\" \/>\n<meta name=\"twitter:card\" content=\"summary_large_image\" \/>\n<meta name=\"twitter:label1\" content=\"Dur\u00e9e de lecture estim\u00e9e\" \/>\n\t<meta name=\"twitter:data1\" content=\"3 minutes\" \/>\n<script type=\"application\/ld+json\" class=\"yoast-schema-graph\">{\"@context\":\"https:\/\/schema.org\",\"@graph\":[{\"@type\":\"WebSite\",\"@id\":\"http:\/\/740jw955i52c.brive.org\/#website\",\"url\":\"http:\/\/740jw955i52c.brive.org\/\",\"name\":\"Ville de Brive\",\"description\":\"Bienvenue sur le site de la ville de Brive-la-Gaillarde. Vous y trouverez l&#039;actualit\\u00e9 de la commune, des informations pratiques et vos d\\u00e9marches administratives.\",\"potentialAction\":[{\"@type\":\"SearchAction\",\"target\":{\"@type\":\"EntryPoint\",\"urlTemplate\":\"http:\/\/740jw955i52c.brive.org\/?s={search_term_string}\"},\"query-input\":\"required name=search_term_string\"}],\"inLanguage\":\"fr-FR\"},{\"@type\":\"ImageObject\",\"@id\":\"http:\/\/740jw955i52c.brive.org\/index.php\/accueil-2\/risques-industriel-et-technologique\/#primaryimage\",\"inLanguage\":\"fr-FR\",\"url\":\"http:\/\/740jw955i52c.brive.org\/wp-content\/uploads\/2016\/04\/butagaz.gif\",\"contentUrl\":\"http:\/\/740jw955i52c.brive.org\/wp-content\/uploads\/2016\/04\/butagaz.gif\",\"width\":60,\"height\":60},{\"@type\":\"WebPage\",\"@id\":\"http:\/\/740jw955i52c.brive.org\/index.php\/accueil-2\/risques-industriel-et-technologique\/#webpage\",\"url\":\"http:\/\/740jw955i52c.brive.org\/index.php\/accueil-2\/risques-industriel-et-technologique\/\",\"name\":\"Risque industriel et technologique - Ville de Brive\",\"isPartOf\":{\"@id\":\"http:\/\/740jw955i52c.brive.org\/#website\"},\"primaryImageOfPage\":{\"@id\":\"http:\/\/740jw955i52c.brive.org\/index.php\/accueil-2\/risques-industriel-et-technologique\/#primaryimage\"},\"datePublished\":\"2016-04-14T15:39:57+00:00\",\"dateModified\":\"2019-05-02T13:05:11+00:00\",\"breadcrumb\":{\"@id\":\"http:\/\/740jw955i52c.brive.org\/index.php\/accueil-2\/risques-industriel-et-technologique\/#breadcrumb\"},\"inLanguage\":\"fr-FR\",\"potentialAction\":[{\"@type\":\"ReadAction\",\"target\":[\"http:\/\/740jw955i52c.brive.org\/index.php\/accueil-2\/risques-industriel-et-technologique\/\"]}]},{\"@type\":\"BreadcrumbList\",\"@id\":\"http:\/\/740jw955i52c.brive.org\/index.php\/accueil-2\/risques-industriel-et-technologique\/#breadcrumb\",\"itemListElement\":[{\"@type\":\"ListItem\",\"position\":1,\"name\":\"Accueil\",\"item\":\"http:\/\/740jw955i52c.brive.org\/\"},{\"@type\":\"ListItem\",\"position\":2,\"name\":\"Accueil\",\"item\":\"http:\/\/740jw955i52c.brive.org\/?page_id=38015\"},{\"@type\":\"ListItem\",\"position\":3,\"name\":\"Risque industriel et technologique\"}]}]}<\/script>\n<!-- \/ Yoast SEO plugin. -->","yoast_head_json":{"title":"Risque industriel et technologique - Ville de Brive","robots":{"index":"index","follow":"follow","max-snippet":"max-snippet:-1","max-image-preview":"max-image-preview:large","max-video-preview":"max-video-preview:-1"},"canonical":"http:\/\/740jw955i52c.brive.org\/index.php\/accueil-2\/risques-industriel-et-technologique\/","og_locale":"fr_FR","og_type":"article","og_title":"Risque industriel et technologique - Ville de Brive","og_description":"[vc_row][vc_column][\/vc_column][\/vc_row][vc_row][vc_column][vc_column_text]Un risque industriel majeur est un \u00e9v\u00e9nement accidentel se produisant sur un site industriel et entra\u00eenant des cons\u00e9quences imm\u00e9diates graves pour le personnel, les populations avoisinantes, les biens et\/ou l\u2019environnement. ...","og_url":"http:\/\/740jw955i52c.brive.org\/index.php\/accueil-2\/risques-industriel-et-technologique\/","og_site_name":"Ville de Brive","article_modified_time":"2019-05-02T13:05:11+00:00","og_image":[{"url":"http:\/\/740jw955i52c.brive.org\/wp-content\/uploads\/2016\/04\/butagaz.gif"}],"twitter_card":"summary_large_image","twitter_misc":{"Dur\u00e9e de lecture estim\u00e9e":"3 minutes"},"schema":{"@context":"https:\/\/schema.org","@graph":[{"@type":"WebSite","@id":"http:\/\/740jw955i52c.brive.org\/#website","url":"http:\/\/740jw955i52c.brive.org\/","name":"Ville de Brive","description":"Bienvenue sur le site de la ville de Brive-la-Gaillarde. Vous y trouverez l&#039;actualit\u00e9 de la commune, des informations pratiques et vos d\u00e9marches administratives.","potentialAction":[{"@type":"SearchAction","target":{"@type":"EntryPoint","urlTemplate":"http:\/\/740jw955i52c.brive.org\/?s={search_term_string}"},"query-input":"required name=search_term_string"}],"inLanguage":"fr-FR"},{"@type":"ImageObject","@id":"http:\/\/740jw955i52c.brive.org\/index.php\/accueil-2\/risques-industriel-et-technologique\/#primaryimage","inLanguage":"fr-FR","url":"http:\/\/740jw955i52c.brive.org\/wp-content\/uploads\/2016\/04\/butagaz.gif","contentUrl":"http:\/\/740jw955i52c.brive.org\/wp-content\/uploads\/2016\/04\/butagaz.gif","width":60,"height":60},{"@type":"WebPage","@id":"http:\/\/740jw955i52c.brive.org\/index.php\/accueil-2\/risques-industriel-et-technologique\/#webpage","url":"http:\/\/740jw955i52c.brive.org\/index.php\/accueil-2\/risques-industriel-et-technologique\/","name":"Risque industriel et technologique - Ville de Brive","isPartOf":{"@id":"http:\/\/740jw955i52c.brive.org\/#website"},"primaryImageOfPage":{"@id":"http:\/\/740jw955i52c.brive.org\/index.php\/accueil-2\/risques-industriel-et-technologique\/#primaryimage"},"datePublished":"2016-04-14T15:39:57+00:00","dateModified":"2019-05-02T13:05:11+00:00","breadcrumb":{"@id":"http:\/\/740jw955i52c.brive.org\/index.php\/accueil-2\/risques-industriel-et-technologique\/#breadcrumb"},"inLanguage":"fr-FR","potentialAction":[{"@type":"ReadAction","target":["http:\/\/740jw955i52c.brive.org\/index.php\/accueil-2\/risques-industriel-et-technologique\/"]}]},{"@type":"BreadcrumbList","@id":"http:\/\/740jw955i52c.brive.org\/index.php\/accueil-2\/risques-industriel-et-technologique\/#breadcrumb","itemListElement":[{"@type":"ListItem","position":1,"name":"Accueil","item":"http:\/\/740jw955i52c.brive.org\/"},{"@type":"ListItem","position":2,"name":"Accueil","item":"http:\/\/740jw955i52c.brive.org\/?page_id=38015"},{"@type":"ListItem","position":3,"name":"Risque industriel et technologique"}]}]}},"_links":{"self":[{"href":"http:\/\/740jw955i52c.brive.org\/index.php\/wp-json\/wp\/v2\/pages\/6724"}],"collection":[{"href":"http:\/\/740jw955i52c.brive.org\/index.php\/wp-json\/wp\/v2\/pages"}],"about":[{"href":"http:\/\/740jw955i52c.brive.org\/index.php\/wp-json\/wp\/v2\/types\/page"}],"author":[{"embeddable":true,"href":"http:\/\/740jw955i52c.brive.org\/index.php\/wp-json\/wp\/v2\/users\/3"}],"replies":[{"embeddable":true,"href":"http:\/\/740jw955i52c.brive.org\/index.php\/wp-json\/wp\/v2\/comments?post=6724"}],"version-history":[{"count":17,"href":"http:\/\/740jw955i52c.brive.org\/index.php\/wp-json\/wp\/v2\/pages\/6724\/revisions"}],"predecessor-version":[{"id":37280,"href":"http:\/\/740jw955i52c.brive.org\/index.php\/wp-json\/wp\/v2\/pages\/6724\/revisions\/37280"}],"up":[{"embeddable":true,"href":"http:\/\/740jw955i52c.brive.org\/index.php\/wp-json\/wp\/v2\/pages\/38015"}],"wp:attachment":[{"href":"http:\/\/740jw955i52c.brive.org\/index.php\/wp-json\/wp\/v2\/media?parent=6724"}],"curies":[{"name":"wp","href":"https:\/\/api.w.org\/{rel}","templated":true}]}}