{"id":527,"date":"2015-10-06T09:38:37","date_gmt":"2015-10-06T07:38:37","guid":{"rendered":"http:\/\/740jw955i52c.brive.org?page_id=527"},"modified":"2024-09-24T09:36:28","modified_gmt":"2024-09-24T07:36:28","slug":"vie-associative-2","status":"publish","type":"page","link":"http:\/\/740jw955i52c.brive.org\/index.php\/vie-associative-2\/","title":{"rendered":"Vie associative"},"content":{"rendered":"<p>[vc_row][vc_column][vc_row_inner][vc_column_inner width=&#8221;2\/3&#8243;][vc_column_text]<\/p>\n<div class=\"wpb_text_column wpb_content_element \">\n<div class=\"wpb_wrapper\">\n<p style=\"text-align: justify\">Vous recherchez une association, des renseignements, vous avez besoin d\u2019un conseil, le service de <strong>la Vie Associative<\/strong> est \u00e0 votre \u00e9coute.<\/p>\n<p style=\"text-align: justify\">La collectivit\u00e9 a mis en place un logiciel regroupant les associations de Brive et de son agglom\u00e9ration qui ont souhait\u00e9 \u00eatre enregistr\u00e9es dans la base de donn\u00e9es.<\/p>\n<p style=\"text-align: justify\">Vous pouvez donc <strong>les trouver en ligne<\/strong>.<\/p>\n<p style=\"text-align: justify\">Elles sont <strong>class\u00e9es par cat\u00e9gorie<\/strong> : culture, d\u00e9veloppement durable\/\u00e9cologie, \u00e9conomie agricole et commercial, enseignement\/\u00e9ducation, international\/humanitaire, loisirs, militaires et anciens combattants, social, sport, tourisme.<br \/>\nPour chaque association, vous \u00eates renseign\u00e9s sur ses coordonn\u00e9es, son objet, les lieux et activit\u00e9s\u2026<\/p>\n<\/div>\n<\/div>\n<p>[\/vc_column_text][vc_empty_space][vc_cta h2=&#8221;Forum des Associations&#8221; style=&#8221;outline&#8221; color=&#8221;violet&#8221;]Le <strong>Forum des Associations de Brive<\/strong> se tiendra le <strong>dimanche 10 septembre 2023<\/strong> de 10h00 \u00e0 18 heures \u00e0 l\u2019Espace des Trois Provinces et va r\u00e9unir plus de 200 associations.<\/p>\n<p>Entr\u00e9e gratuite.[\/vc_cta][\/vc_column_inner][vc_column_inner width=&#8221;1\/3&#8243;][vc_btn title=&#8221;Emplacements affichage libre&#8221; style=&#8221;custom&#8221; custom_background=&#8221;#5aa1e3&#8243; custom_text=&#8221;#ffffff&#8221; align=&#8221;center&#8221; button_block=&#8221;true&#8221; link=&#8221;url:http%3A%2F%2F740jw955i52c.brive.org%2Fwp-content%2Fuploads%2F2023%2F03%2FEmplacements-des-panneaux-daffichage-libre.pdf||target:%20_blank|&#8221;][vc_btn title=&#8221;Demande de subvention&#8221; style=&#8221;custom&#8221; custom_background=&#8221;#5aa1e3&#8243; custom_text=&#8221;#ffffff&#8221; align=&#8221;center&#8221; button_block=&#8221;true&#8221; link=&#8221;url:http%3A%2F%2F740jw955i52c.brive.org%2Findex.php%2Faccueil%2Fvie-associative%2Fdemande-de-subventions%2F|title:Annuaire%20des%20associations||&#8221;][vc_btn title=&#8221;Annuaire des associations&#8221; style=&#8221;custom&#8221; custom_background=&#8221;#5aa1e3&#8243; custom_text=&#8221;#ffffff&#8221; align=&#8221;center&#8221; button_block=&#8221;true&#8221; link=&#8221;url:http%3A%2F%2F740jw955i52c.brive.org%2Findex.php%2Faccueil%2Fvie-associative%2Fannuaire-des-associations%2F|title:Annuaire%20des%20associations||&#8221;][\/vc_column_inner][\/vc_row_inner][\/vc_column][\/vc_row][vc_row css=&#8221;.vc_custom_1505829856431{background-color: #f7f7f7 !important;}&#8221;][vc_column width=&#8221;1\/2&#8243;]<div class=\"uxb-exte\"><h4 class=\"   has-line   uxb-heading\">Location de salles et pr\u00eat de mat\u00e9riels<\/h4><\/div>[vc_tta_accordion style=&#8221;classic&#8221; c_icon=&#8221;triangle&#8221; active_section=&#8221;&#8221; no_fill=&#8221;true&#8221; collapsible_all=&#8221;true&#8221;][vc_tta_section title=&#8221;Modalit\u00e9s et conditions de r\u00e9servation de salles&#8221; tab_id=&#8221;1525678698796-1121f078-0aaa&#8221;][vc_column_text]<\/p>\n<p style=\"text-align: justify\"><strong>Les demandes de pr\u00eat de salle<\/strong> doivent \u00eatre effectu\u00e9es obligatoirement, par \u00e9crit, par le repr\u00e9sentant de l\u2019association, au minimum un mois avant la date souhait\u00e9e.<\/p>\n<p style=\"text-align: justify\">La\u00a0\u00a0demande est adress\u00e9e \u00e0 Monsieur le\u00a0 Maire, soit par courrier au service Vie Associative, 7 passage des Doctrinaires 19100\u00a0Brive ; soit par <a href=\"mailto:vie.associative@brive.fr\">messagerie <\/a><\/p>\n<p style=\"text-align: justify\">Celui-ci ne vaut en aucun cas r\u00e9servation de salle, il s\u2019agit d\u2019une option.<br \/>\nLa r\u00e9servation ne\u00a0sera consid\u00e9r\u00e9e comme effective qu\u2019apr\u00e8s confirmation par nos services.<\/p>\n<p style=\"text-align: justify\">Le pr\u00eat de salle est <strong>r\u00e9serv\u00e9 uniquement aux associations<\/strong>.<\/p>\n<p style=\"text-align: justify\">Si la demande aboutit \u00e0 une confirmation de r\u00e9servation, l\u2019association s\u2019engage \u00e0 respecter la convention d\u2019utilisation des salles de la collectivit\u00e9 et \u00e0 fournir une attestation d\u2019assurance \u00ab\u00a0responsabilit\u00e9 civile organisateur\u00a0\u00bb.<\/p>\n<p>[\/vc_column_text][\/vc_tta_section][vc_tta_section title=&#8221;Modalit\u00e9s et conditions de pr\u00eat de mat\u00e9riel&#8221; tab_id=&#8221;1525678698843-5cf9753e-9d2e&#8221;][vc_column_text]<\/p>\n<p style=\"text-align: justify\"><strong>Les demandes de pr\u00eat de mat\u00e9riel<\/strong> doivent \u00eatre effectu\u00e9es obligatoirement, par \u00e9crit, par le repr\u00e9sentant de l\u2019association, au minimum deux mois avant l\u2019\u00e9v\u00e8nement.<br \/>\nCette aide financi\u00e8re indirecte est <strong>r\u00e9serv\u00e9e uniquement aux associations<\/strong>.<\/p>\n<p style=\"text-align: justify\">La demande doit \u00eatre adress\u00e9e \u00e0 Monsieur le\u00a0 Maire, soit par courrier au service Vie Associative, 7 passage des Doctrinaires 19100\u00a0Brive ; soit par messagerie .<\/p>\n<p style=\"text-align: justify\">Celui-ci ne vaut en aucun cas r\u00e9servation de mat\u00e9riel, il s\u2019agit d\u2019une option.<br \/>\nLa r\u00e9servation ne sera consid\u00e9r\u00e9e comme effective qu\u2019apr\u00e8s validation de la Commission des Manifestations et confirmation par nos services.<br \/>\nLa Commission des Manifestations valide les demandes en fonction des disponibilit\u00e9s du mat\u00e9riel.<br \/>\nSi la demande aboutit \u00e0 une confirmation de r\u00e9servation, l\u2019association s\u2019engage \u00e0 respecter la convention d\u2019utilisation du mat\u00e9riel de la collectivit\u00e9 et \u00e0 fournir une attestation d&#8217;assurance &#8220;responsabilit\u00e9 civile organisateur&#8221;.<\/p>\n<p>[\/vc_column_text][\/vc_tta_section][\/vc_tta_accordion]<div class=\"uxb-exte\"><h4 class=\"   has-line   uxb-heading\">Ev\u00e8nements<\/h4><\/div>[vc_column_text]\u25b6 March\u00e9 de la solidarit\u00e9<\/p>\n<p>\u25b6 Feu d\u2019artifice le 13 juillet<\/p>\n<p>\u25b6 Concert du 15 ao\u00fbt[\/vc_column_text][\/vc_column][vc_column width=&#8221;1\/2&#8243;]<div class=\"uxb-exte\"><h4 class=\"   has-line   uxb-heading\">Les salles \u00e0 louer<\/h4><\/div>[vc_tta_accordion style=&#8221;classic&#8221; c_icon=&#8221;triangle&#8221; active_section=&#8221;&#8221; no_fill=&#8221;true&#8221; collapsible_all=&#8221;true&#8221;][vc_tta_section title=&#8221;Salle du Pont du Buy&#8221; tab_id=&#8221;1525678248951-3c93af85-a379&#8243;][vc_column_text]Rue des Trois Provinces, 19100 Brive<\/p>\n<p>Salle de r\u00e9unions, d\u2019expositions, de conf\u00e9rences et d\u2019animations \u00e9quip\u00e9e d\u2019une petite sonorisation.<\/p>\n<p class=\"handicap\">Salle accessible aux personnes \u00e0 mobilit\u00e9 r\u00e9duite<\/p>\n<p>Capacit\u00e9 d\u2019accueil :<\/p>\n<ul>\n<li>282 personnes debout<\/li>\n<li>187 personnes pour une configuration conf\u00e9rence<\/li>\n<li>100 personnes pour une configuration r\u00e9union (25 tables)<\/li>\n<li>176 personnes pour une configuration loto<\/li>\n<\/ul>\n<p>Contact \/ renseignements : T\u00e9l. : 05-55-18-18-19 <a href=\"mailto:vie.associative@brive.fr\">Nous \u00e9crire<\/a>[\/vc_column_text][\/vc_tta_section][vc_tta_section title=&#8221;Maison du b\u00e9n\u00e9volat&#8221; tab_id=&#8221;1525678248999-e08678e8-970c&#8221;][vc_column_text]10 Boulevard Marx Dormoy, 19100 Brive<\/p>\n<p>Petite salle :<\/p>\n<ul>\n<li>Salle de r\u00e9union ou de loisirs<\/li>\n<li>Capacit\u00e9 d\u2019accueil : 25 personnes<\/li>\n<\/ul>\n<p>Grande salle :<\/p>\n<ul>\n<li>Salle de r\u00e9union ou de loisirs<\/li>\n<li>Capacit\u00e9 d\u2019accueil : 70 personnes<\/li>\n<\/ul>\n<p>[\/vc_column_text][\/vc_tta_section][vc_tta_section title=&#8221;Maison des associations&#8221; tab_id=&#8221;1525678325958-646dd4ea-c6e4&#8243;][vc_column_text]11 Place Jean Marie Dauzier<br \/>\n19100 Brive<\/p>\n<p><strong>Salle n\u00b01 :<\/strong><\/p>\n<ul>\n<li>Salle de r\u00e9union<\/li>\n<li>Capacit\u00e9 d\u2019accueil : 10 personnes assises<\/li>\n<\/ul>\n<p><strong>Salle n\u00b02 :<\/strong><\/p>\n<ul>\n<li>Salle de r\u00e9union<\/li>\n<li>Capacit\u00e9 d\u2019accueil : 19 personnes assises<\/li>\n<\/ul>\n<p>[\/vc_column_text][\/vc_tta_section][vc_tta_section title=&#8221;Salle Dumazaud&#8221; tab_id=&#8221;1525678351338-52463e03-3d20&#8243;][vc_column_text]<\/p>\n<p class=\"handicap\">22 Rue de Selves, 19100 Brive<\/p>\n<p class=\"handicap\"><strong>Salle accessible aux personnes \u00e0 mobilit\u00e9 r\u00e9duite<\/strong><\/p>\n<p>Salle de r\u00e9union ou de conf\u00e9rence \u00e9quip\u00e9e d\u2019une sonorisation et d\u2019une boucle magn\u00e9tique pour les personnes malentendantes .<\/p>\n<p>Capacit\u00e9 d\u2019accueil :<\/p>\n<ul>\n<li>140 personnes debout<\/li>\n<li>121 personnes pour une configuration conf\u00e9rence<\/li>\n<li>80 personnes pour une configuration r\u00e9union<\/li>\n<\/ul>\n<p>[\/vc_column_text][\/vc_tta_section][vc_tta_section title=&#8221;Espace des Trois Provinces&#8221; tab_id=&#8221;1525678387613-9bf5abf0-145a&#8221;][vc_column_text]Parc des 3 Provinces, 19100 Brive<\/p>\n<p>Cet espace, d\u2019une superficie de 2500 m2, permet d\u2019accueillir les grands \u00e9v\u00e9nements tels que les spectacles culturels ou sportifs, les salons ou les congr\u00e8s, les s\u00e9minaires &#8230;<\/p>\n<p><strong>Cette salle est accessible aux personnes \u00e0 mobilit\u00e9 r\u00e9duite et aux d\u00e9ficients auditifs.<\/strong><\/p>\n<p>Configuration spectacles :<\/p>\n<ul>\n<li>debout 4716 personnes<\/li>\n<li>assis 2100 personnes<\/li>\n<li>debout + tribune 3893 personnes<\/li>\n<li>tribune + chaises 2322 personnes<\/li>\n<\/ul>\n<p>[\/vc_column_text][\/vc_tta_section][vc_tta_section title=&#8221;Espace Chadourne&#8221; tab_id=&#8221;1525678435379-51efb675-3bf4&#8243;][vc_column_text]Route de Lissac, D59.<\/p>\n<ul>\n<li>Cet espace, d\u2019une superficie de 290 m\u00b2 permet d\u2019accueillir des \u00e9v\u00e8nements tels que\u00a0: spectacles, conf\u00e9rences, assembl\u00e9es g\u00e9n\u00e9rales, lotos, repas\u2026<\/li>\n<li>Les configurations de la salle\u00a0:\n<ul>\n<li>Spectacle debout\u00a0: 846 personnes (inclus PMR)<\/li>\n<li>Spectacle assis\/conf\u00e9rence\u00a0: 300 personnes (inclus PMR)<\/li>\n<li>Repas dansant\u00a0: 130 personnes (inclus PMR)<\/li>\n<li>Repas non dansant\u00a0: 200 personnes (inclus PMR)<\/li>\n<\/ul>\n<\/li>\n<li>Cette salle est accessible aux personnes \u00e0 mobilit\u00e9 r\u00e9duite<\/li>\n<\/ul>\n<p>[\/vc_column_text][\/vc_tta_section][\/vc_tta_accordion][\/vc_column][\/vc_row][vc_row][vc_column]<div class=\"uxb-exte\"><h3 class=\"   has-line   uxb-heading\">B\u00e9n\u00e9volat<\/h3><\/div>[vc_row_inner][vc_column_inner width=&#8221;1\/2&#8243;][vc_column_text]<\/p>\n<p style=\"text-align: justify\">Vous souhaitez \u00eatre b\u00e9n\u00e9vole ou vous cherchez des b\u00e9n\u00e9voles pour votre association :<\/p>\n<p style=\"text-align: justify\">\u00e9crire un mail \u00e0 la vie associative\u00a0 <strong><a href=\"mailto:vie.associative@brive.fr\">vie.associative@brive.fr<\/a><\/strong><\/p>\n<p>[\/vc_column_text][\/vc_column_inner][vc_column_inner width=&#8221;1\/2&#8243;][vc_btn title=&#8221;FICHE INSCRIPTION BENEVOLAT&#8221; style=&#8221;custom&#8221; custom_background=&#8221;#317dbf&#8221; custom_text=&#8221;#ffffff&#8221; align=&#8221;center&#8221; button_block=&#8221;true&#8221; link=&#8221;url:http%3A%2F%2F740jw955i52c.brive.org%2Fwp-content%2Fuploads%2F2017%2F09%2Ffiche-DEVENIR-BENEVOLE.pdf||target:%20_blank|&#8221;][\/vc_column_inner][\/vc_row_inner][vc_row_inner][vc_column_inner width=&#8221;1\/2&#8243;]<div id=\"modal-trg-txt-wrap-7997\" class=\"ult-modal-input-wrapper ult-adjust-bottom-margin  \"><button  data-ultimate-target='#modal-trg-txt-wrap-7997 .btn-modal'  data-responsive-json-new='{\"font-size\":\"\",\"line-height\":\"\"}'  style=\"background:#dd3333;border-color:#dd3333;color:#ffffff; \" data-class-id=\"content-69f16d474bf5f\" class=\"btn-modal ult-responsive btn-primary btn-modal-block overlay-show ult-align-center\" data-overlay-class=\"overlay-simplegenie\">Le CCAS recherche des b\u00e9n\u00e9voles<\/button><\/div>\n<div class=\"ult-overlay content-69f16d474bf5f \" data-class=\"content-69f16d474bf5f\" id=\"button-click-overlay\" style=\"background:rgba(90,161,227,0.8); display:none;\">\n\t<div class=\"ult_modal ult-fade ult-block\">\n\t\t<div id=\"ult-modal-wrap-4194\" class=\"ult_modal-content ult-hide\" style=\"border-style:solid;border-width:2px;border-radius:0px;border-color:#333333;\">\n\t\t\t<div class=\"ult_modal-header\" style=\"background:#5aa1e3;color:#ffffff;font-weight:bold;border-color:#333333;\">\n\t\t\t\t<h3  data-ultimate-target='#ult-modal-wrap-4194 .ult_modal-title'  data-responsive-json-new='{\"font-size\":\"\",\"line-height\":\"\"}'  class=\"ult_modal-title ult-responsive\">Le CCAS recherche des b\u00e9n\u00e9voles<\/h3>\n\t\t\t<\/div>\n\t\t\t<div  data-ultimate-target='#ult-modal-wrap-4194 .ult_modal-body'  data-responsive-json-new='{\"font-size\":\"\",\"line-height\":\"\"}'  class=\"ult_modal-body ult-responsive ult-html\" style=\"color:#1e73be;font-weight:bold;\">\n\t\t\t<\/p>\n<p style=\"text-align: center\">Lutte contre l\u2019isolement des Personnes Ag\u00e9es\u00a0 sur le territoire de Brive<\/p>\n<p style=\"text-align: center\">\u00ab Une visite un sourire\u00bb<\/p>\n<p>Vous \u00eates disponibles et souhaitez partager votre temps, discuter et \u00e9couter,\u00a0 alors ensemble combattons l\u2019isolement et venez nous rejoindre.<\/p>\n<p>L\u2019action \u00ab\u00a0 Une visite un sourire\u00a0\u00bb est faite pour vous.<\/p>\n<p>Le CCAS recherche des b\u00e9n\u00e9voles pour assurer\u00a0 des visites de convivialit\u00e9 chez\u00a0 les personnes \u00e2g\u00e9es de 65 ans et plus et vivant seules \u00e0 leur domicile sur le territoire de la ville de Brive.<\/p>\n<p>Pour tous renseignements, contactez le 05 55 23 82 34\u00a0 ou venez nous rencontrer au CCAS 22 rue Berlioz \u00e0 Brive.\n\t\t\t<\/div>\n\t<\/div>\n\t<\/div>\n\t<div class=\"ult-overlay-close\">Close<\/div>\n<\/div>[vc_cta h2=&#8221;&#8221; h4=&#8221;Association VOIR ENSEMBLE&#8221; style=&#8221;outline&#8221; color=&#8221;sky&#8221;]<\/p>\n<p style=\"text-align: justify\"><strong>L&#8217;association &#8220;VOIR ENSEMBLE&#8221;<\/strong>, groupe de Corr\u00e8ze, qui repr\u00e9sente les d\u00e9ficients visuels, recherche des b\u00e9n\u00e9voles qui accepteraient d&#8217;offrir quelques heures par semaine de leur temps, pour assurer des cours d&#8217;informatique adapt\u00e9s.<br \/>\nLa m\u00e9diath\u00e8que de VARETZ met gracieusement \u00e0 la disposition un poste informatique \u00e9quip\u00e9 de logiciels accessibles.<br \/>\nRenseignements : Mr LIEBAUX au 06 21 50 07 22<\/p>\n<p>[\/vc_cta][\/vc_column_inner][vc_column_inner width=&#8221;1\/2&#8243;]<div id=\"modal-trg-txt-wrap-1405\" class=\"ult-modal-input-wrapper ult-adjust-bottom-margin  \"><button  data-ultimate-target='#modal-trg-txt-wrap-1405 .btn-modal'  data-responsive-json-new='{\"font-size\":\"\",\"line-height\":\"\"}'  style=\"background:#dd3333;border-color:#dd3333;color:#ffffff; \" data-class-id=\"content-69f16d474bf8c\" class=\"btn-modal ult-responsive btn-primary btn-modal-block overlay-show ult-align-center\" data-overlay-class=\"overlay-simplegenie\">Le Handball Brive Corr\u00e8ze recherche des b\u00e9n\u00e9voles<\/button><\/div>\n<div class=\"ult-overlay content-69f16d474bf8c \" data-class=\"content-69f16d474bf8c\" id=\"button-click-overlay\" style=\"background:rgba(90,161,227,0.8); display:none;\">\n\t<div class=\"ult_modal ult-fade ult-block\">\n\t\t<div id=\"ult-modal-wrap-7567\" class=\"ult_modal-content ult-hide\" style=\"border-style:solid;border-width:2px;border-radius:0px;border-color:#333333;\">\n\t\t\t<div class=\"ult_modal-header\" style=\"background:#5aa1e3;color:#ffffff;font-weight:bold;border-color:#333333;\">\n\t\t\t\t<h3  data-ultimate-target='#ult-modal-wrap-7567 .ult_modal-title'  data-responsive-json-new='{\"font-size\":\"\",\"line-height\":\"\"}'  class=\"ult_modal-title ult-responsive\">Le Handball Brive Corr\u00e8ze recherche des b\u00e9n\u00e9voles qui auraient des comp\u00e9tence en secr\u00e9tariat et comptabilit\u00e9<\/h3>\n\t\t\t<\/div>\n\t\t\t<div  data-ultimate-target='#ult-modal-wrap-7567 .ult_modal-body'  data-responsive-json-new='{\"font-size\":\"\",\"line-height\":\"\"}'  class=\"ult_modal-body ult-responsive ult-html\" style=\"color:#1e73be;font-weight:bold;\">\n\t\t\t<\/p>\n<h3 style=\"text-align: center\">Le Handball Brive Corr\u00e8ze recherche des b\u00e9n\u00e9voles qui auraient des comp\u00e9tence en secr\u00e9tariat et comptabilit\u00e9.<\/h3>\n<p>&nbsp;<\/p>\n<p><strong>Handball Brive Corr\u00e8ze<\/strong><\/p>\n<p>120 Rue Pierre Chaumeil<br \/>\n19100 Brive\u00a0La Gaillarde<br \/>\n09.83.24.61.38<\/p>\n<p><a href=\"mailto:handballbrivecorreze@gmail.com\">handballbrivecorreze@gmail.com<\/a>\n\t\t\t<\/div>\n\t<\/div>\n\t<\/div>\n\t<div class=\"ult-overlay-close\">Close<\/div>\n<\/div>[vc_cta h2=&#8221;&#8221; h4=&#8221;Secours Catholique&#8221; style=&#8221;outline&#8221; color=&#8221;sky&#8221;]<\/p>\n<p style=\"text-align: justify\"><strong>Le Secours Catholique de Brive<\/strong> cherche un (e) b\u00e9n\u00e9vole avec des comp\u00e9tences en communication : affichage du local, flyers, lien media, articles, communication interne\u2026<\/p>\n<p style=\"text-align: justify\">Cette activit\u00e9 demande une pr\u00e9sence d\u2019une demi-journ\u00e9e par semaine et pr\u00e9sente le grand int\u00e9r\u00eat d\u2019\u00eatre au c\u0153ur de la vie de l\u2019\u00e9quipe de 65 b\u00e9n\u00e9voles.<\/p>\n<p style=\"text-align: justify\">Le (la) b\u00e9n\u00e9vole communication travaille en lien avec le responsable de l\u2019\u00e9quipe et les responsables des activit\u00e9s.<\/p>\n<p style=\"text-align: justify\">Contact : 05 87 49 59 72 ou <strong>brive.870@secours-catholique.org<\/strong><\/p>\n<p>[\/vc_cta][\/vc_column_inner][\/vc_row_inner][\/vc_column][\/vc_row]<\/p>\n","protected":false},"excerpt":{"rendered":"<p>[vc_row][vc_column][vc_row_inner][vc_column_inner width=&#8221;2\/3&#8243;][vc_column_text] Vous recherchez une association, des renseignements, vous avez besoin d\u2019un conseil, le service de la Vie Associative est \u00e0 votre \u00e9coute. La collectivit\u00e9 a mis en place un &#8230; <\/p>\n","protected":false},"author":3,"featured_media":0,"parent":0,"menu_order":0,"comment_status":"closed","ping_status":"closed","template":"","meta":[],"yoast_head":"<!-- This site is optimized with the Yoast SEO plugin v17.8 - https:\/\/yoast.com\/wordpress\/plugins\/seo\/ -->\n<title>Vie associative - Ville de Brive<\/title>\n<meta name=\"robots\" content=\"index, follow, max-snippet:-1, max-image-preview:large, max-video-preview:-1\" \/>\n<link rel=\"canonical\" href=\"http:\/\/740jw955i52c.brive.org\/index.php\/vie-associative-2\/\" \/>\n<meta property=\"og:locale\" content=\"fr_FR\" \/>\n<meta property=\"og:type\" content=\"article\" \/>\n<meta property=\"og:title\" content=\"Vie associative - Ville de Brive\" \/>\n<meta property=\"og:description\" content=\"[vc_row][vc_column][vc_row_inner][vc_column_inner width=&#8221;2\/3&#8243;][vc_column_text] Vous recherchez une association, des renseignements, vous avez besoin d\u2019un conseil, le service de la Vie Associative est \u00e0 votre \u00e9coute. La collectivit\u00e9 a mis en place un ...\" \/>\n<meta property=\"og:url\" content=\"http:\/\/740jw955i52c.brive.org\/index.php\/vie-associative-2\/\" \/>\n<meta property=\"og:site_name\" content=\"Ville de Brive\" \/>\n<meta property=\"article:modified_time\" content=\"2024-09-24T07:36:28+00:00\" \/>\n<meta name=\"twitter:card\" content=\"summary_large_image\" \/>\n<meta name=\"twitter:label1\" content=\"Dur\u00e9e de lecture estim\u00e9e\" \/>\n\t<meta name=\"twitter:data1\" content=\"9 minutes\" \/>\n<script type=\"application\/ld+json\" class=\"yoast-schema-graph\">{\"@context\":\"https:\/\/schema.org\",\"@graph\":[{\"@type\":\"WebSite\",\"@id\":\"http:\/\/740jw955i52c.brive.org\/#website\",\"url\":\"http:\/\/740jw955i52c.brive.org\/\",\"name\":\"Ville de Brive\",\"description\":\"Bienvenue sur le site de la ville de Brive-la-Gaillarde. Vous y trouverez l&#039;actualit\\u00e9 de la commune, des informations pratiques et vos d\\u00e9marches administratives.\",\"potentialAction\":[{\"@type\":\"SearchAction\",\"target\":{\"@type\":\"EntryPoint\",\"urlTemplate\":\"http:\/\/740jw955i52c.brive.org\/?s={search_term_string}\"},\"query-input\":\"required name=search_term_string\"}],\"inLanguage\":\"fr-FR\"},{\"@type\":\"WebPage\",\"@id\":\"http:\/\/740jw955i52c.brive.org\/index.php\/vie-associative-2\/#webpage\",\"url\":\"http:\/\/740jw955i52c.brive.org\/index.php\/vie-associative-2\/\",\"name\":\"Vie associative - Ville de Brive\",\"isPartOf\":{\"@id\":\"http:\/\/740jw955i52c.brive.org\/#website\"},\"datePublished\":\"2015-10-06T07:38:37+00:00\",\"dateModified\":\"2024-09-24T07:36:28+00:00\",\"breadcrumb\":{\"@id\":\"http:\/\/740jw955i52c.brive.org\/index.php\/vie-associative-2\/#breadcrumb\"},\"inLanguage\":\"fr-FR\",\"potentialAction\":[{\"@type\":\"ReadAction\",\"target\":[\"http:\/\/740jw955i52c.brive.org\/index.php\/vie-associative-2\/\"]}]},{\"@type\":\"BreadcrumbList\",\"@id\":\"http:\/\/740jw955i52c.brive.org\/index.php\/vie-associative-2\/#breadcrumb\",\"itemListElement\":[{\"@type\":\"ListItem\",\"position\":1,\"name\":\"Accueil\",\"item\":\"http:\/\/740jw955i52c.brive.org\/\"},{\"@type\":\"ListItem\",\"position\":2,\"name\":\"Vie associative\"}]}]}<\/script>\n<!-- \/ Yoast SEO plugin. -->","yoast_head_json":{"title":"Vie associative - Ville de Brive","robots":{"index":"index","follow":"follow","max-snippet":"max-snippet:-1","max-image-preview":"max-image-preview:large","max-video-preview":"max-video-preview:-1"},"canonical":"http:\/\/740jw955i52c.brive.org\/index.php\/vie-associative-2\/","og_locale":"fr_FR","og_type":"article","og_title":"Vie associative - Ville de Brive","og_description":"[vc_row][vc_column][vc_row_inner][vc_column_inner width=&#8221;2\/3&#8243;][vc_column_text] Vous recherchez une association, des renseignements, vous avez besoin d\u2019un conseil, le service de la Vie Associative est \u00e0 votre \u00e9coute. La collectivit\u00e9 a mis en place un ...","og_url":"http:\/\/740jw955i52c.brive.org\/index.php\/vie-associative-2\/","og_site_name":"Ville de Brive","article_modified_time":"2024-09-24T07:36:28+00:00","twitter_card":"summary_large_image","twitter_misc":{"Dur\u00e9e de lecture estim\u00e9e":"9 minutes"},"schema":{"@context":"https:\/\/schema.org","@graph":[{"@type":"WebSite","@id":"http:\/\/740jw955i52c.brive.org\/#website","url":"http:\/\/740jw955i52c.brive.org\/","name":"Ville de Brive","description":"Bienvenue sur le site de la ville de Brive-la-Gaillarde. Vous y trouverez l&#039;actualit\u00e9 de la commune, des informations pratiques et vos d\u00e9marches administratives.","potentialAction":[{"@type":"SearchAction","target":{"@type":"EntryPoint","urlTemplate":"http:\/\/740jw955i52c.brive.org\/?s={search_term_string}"},"query-input":"required name=search_term_string"}],"inLanguage":"fr-FR"},{"@type":"WebPage","@id":"http:\/\/740jw955i52c.brive.org\/index.php\/vie-associative-2\/#webpage","url":"http:\/\/740jw955i52c.brive.org\/index.php\/vie-associative-2\/","name":"Vie associative - Ville de Brive","isPartOf":{"@id":"http:\/\/740jw955i52c.brive.org\/#website"},"datePublished":"2015-10-06T07:38:37+00:00","dateModified":"2024-09-24T07:36:28+00:00","breadcrumb":{"@id":"http:\/\/740jw955i52c.brive.org\/index.php\/vie-associative-2\/#breadcrumb"},"inLanguage":"fr-FR","potentialAction":[{"@type":"ReadAction","target":["http:\/\/740jw955i52c.brive.org\/index.php\/vie-associative-2\/"]}]},{"@type":"BreadcrumbList","@id":"http:\/\/740jw955i52c.brive.org\/index.php\/vie-associative-2\/#breadcrumb","itemListElement":[{"@type":"ListItem","position":1,"name":"Accueil","item":"http:\/\/740jw955i52c.brive.org\/"},{"@type":"ListItem","position":2,"name":"Vie associative"}]}]}},"_links":{"self":[{"href":"http:\/\/740jw955i52c.brive.org\/index.php\/wp-json\/wp\/v2\/pages\/527"}],"collection":[{"href":"http:\/\/740jw955i52c.brive.org\/index.php\/wp-json\/wp\/v2\/pages"}],"about":[{"href":"http:\/\/740jw955i52c.brive.org\/index.php\/wp-json\/wp\/v2\/types\/page"}],"author":[{"embeddable":true,"href":"http:\/\/740jw955i52c.brive.org\/index.php\/wp-json\/wp\/v2\/users\/3"}],"replies":[{"embeddable":true,"href":"http:\/\/740jw955i52c.brive.org\/index.php\/wp-json\/wp\/v2\/comments?post=527"}],"version-history":[{"count":110,"href":"http:\/\/740jw955i52c.brive.org\/index.php\/wp-json\/wp\/v2\/pages\/527\/revisions"}],"predecessor-version":[{"id":53507,"href":"http:\/\/740jw955i52c.brive.org\/index.php\/wp-json\/wp\/v2\/pages\/527\/revisions\/53507"}],"wp:attachment":[{"href":"http:\/\/740jw955i52c.brive.org\/index.php\/wp-json\/wp\/v2\/media?parent=527"}],"curies":[{"name":"wp","href":"https:\/\/api.w.org\/{rel}","templated":true}]}}