{"id":51926,"date":"2024-03-05T15:43:55","date_gmt":"2024-03-05T14:43:55","guid":{"rendered":"http:\/\/740jw955i52c.brive.org\/?page_id=51926"},"modified":"2024-03-06T15:24:56","modified_gmt":"2024-03-06T14:24:56","slug":"enseignement-superieur-et-formation-2-2-2-2","status":"publish","type":"page","link":"http:\/\/740jw955i52c.brive.org\/index.php\/etudier\/enseignement-superieur-et-formation-2-2-2-2\/","title":{"rendered":"Enseignement Sup\u00e9rieur et Formation"},"content":{"rendered":"<p>[vc_row][vc_column][vc_btn title=&#8221;Retour&#8221; style=&#8221;modern&#8221; shape=&#8221;rounded&#8221; color=&#8221;danger&#8221; link=&#8221;url:http%3A%2F%2F740jw955i52c.brive.org%2Findex.php%2Fmairie%2Fenseignement-superieur-et-formation%2F|||&#8221;][\/vc_column][\/vc_row][vc_row][vc_column][vc_column_text]<\/p>\n<h1><strong>AIDES AUX ETUDIANTS\u00a0<\/strong><\/h1>\n<p>[\/vc_column_text][vc_column_text]<\/p>\n<ul>\n<li>Soutenir votre projet de mobilit\u00e9 en France ou \u00e0 l\u2019\u00e9tranger (stage, \u00e9change universitaire),<\/li>\n<li>Vous faciliter l\u2019acc\u00e8s \u00e0 l\u2019enseignement sup\u00e9rieur et \u00e0 la formation\u00a0: co\u00fbt des \u00e9tudes et scolarit\u00e9, logement, transports, \u00e9quipement, alimentation, bourses autres et dispositifs divers)<\/li>\n<\/ul>\n<p>[\/vc_column_text][vc_column_text]<\/p>\n<h2>Aides aux \u00e9tudiants :<\/h2>\n<p>[\/vc_column_text][vc_tta_accordion][vc_tta_section title=&#8221;AIDES SPECIFIQUES A LA MOBILITE&#8221; tab_id=&#8221;1709649645214-25d059d9-dbb0&#8243;][vc_column_text]<\/p>\n<ul>\n<li><strong>Dispositif Bourse Jeunes \u2013 Ville de Brive Service enseignement sup\u00e9rieur et formation<\/strong><\/li>\n<\/ul>\n<p>Lyc\u00e9ens, \u00e9tudiants et alternants \u00e2g\u00e9s de 16 \u00e0 25 ans, de niveau CAP au Master 2 r\u00e9alisant un stage ou un s\u00e9jour acad\u00e9mique en France ou \u00e0 l\u2019\u00e9tranger.<\/p>\n<p>Conditions\u00a0: r\u00e9sidence principale et fiscale sur Brive, stage ou s\u00e9jour acad\u00e9mique en lien avec le cursus de formation et le projet professionnel pr\u00e9sent\u00e9 dans le dossier, \u00eatre \u00e0 2 ans maximum de la fin de ses \u00e9tudes.<\/p>\n<p>Plus d\u2019informations au 05 55 18 81 88 ou <a href=\"http:\/\/740jw955i52c.brive.org\/index.php\/bourse-jeunes\/\">ici<\/a><\/p>\n<p>&nbsp;<\/p>\n<ul>\n<li><strong>Erasmus + <\/strong><\/li>\n<\/ul>\n<p>Ce programme europ\u00e9en permet d\u2019effectuer une partie de ses \u00e9tudes dans un pays \u00e9tranger europ\u00e9en dans le cadre d\u2019un \u00e9change entre \u00e9tablissements (CAP, bac pro ou enseignement sup\u00e9rieur).<\/p>\n<p>Renseignements sur les conditions, d\u00e9marches et montants <a href=\"https:\/\/info.erasmusplus.fr\/\">ici<\/a><\/p>\n<p>&nbsp;<\/p>\n<ul>\n<li><strong>Aide \u00e0 la mobilit\u00e9 internationale (AMI)<\/strong><\/li>\n<\/ul>\n<p>Au m\u00eame titre que la bourse ERASMUS +, cette\u00a0aide\u00a0est destin\u00e9e \u00e0 soutenir la mobilit\u00e9 internationale des \u00e9tudiants qui souhaitent suivre une formation sup\u00e9rieure \u00e0 l&#8217;\u00e9tranger <strong>dans le cadre d&#8217;un programme d&#8217;\u00e9changes ou effectuer un stage international.<\/strong> Cette formation ou ce stage doit s&#8217;inscrire dans le cadre de leur cursus d&#8217;\u00e9tudes.Elle peut vous \u00eatre accord\u00e9e si vous remplissez les 2 conditions suivantes\u00a0: b\u00e9n\u00e9ficier d\u2019une bourse sur crit\u00e8res sociaux et pr\u00e9paration d\u2019un dipl\u00f4me national correspondant \u00e0 la comp\u00e9tence du Minist\u00e8re de l\u2019enseignement sup\u00e9rieur et de la Recherche.<\/p>\n<p>Renseignements sur les conditions, d\u00e9marches et montants <a href=\"https:\/\/www.enseignementsup-recherche.gouv.fr\/fr\/aides-aux-etudiants-partant-l-etranger-46246\">ici<\/a> ou sur le site de <a href=\"https:\/\/www.service-public.fr\/particuliers\/vosdroits\/F380\">servicepublic.fr\u00a0 <\/a><\/p>\n<p>&nbsp;<\/p>\n<ul>\n<li><strong>Bourses de la R\u00e9gion Nouvelle Aquitaine <\/strong><\/li>\n<\/ul>\n<p>La R\u00e9gion Nouvelle Aquitaine propose plusieurs dispositifs d\u2019aides pour la r\u00e9alisation de stages et s\u00e9jours d\u2019\u00e9tudes. Retrouvez les <a href=\"https:\/\/les-aides.nouvelle-aquitaine.fr\/\">ici<\/a>[\/vc_column_text][\/vc_tta_section][vc_tta_section title=&#8221;BOURSES D\u2019\u00c9TUDES, LOGEMENT, TRANSPORTS\u2026&#8221; tab_id=&#8221;1709649645237-02a1e44d-d7a7&#8243;][vc_column_text]<\/p>\n<ul>\n<li><strong>Bourse \u00e0 la mobilit\u00e9 Parcoursup\u00a0:<\/strong><\/li>\n<\/ul>\n<p>A destination des futurs \u00e9tudiants b\u00e9n\u00e9ficiaires d\u2019une bourse de lyc\u00e9e et souhaitant s\u2019inscrire sur Parcoursup dans une formation situ\u00e9e hors de leur acad\u00e9mie de r\u00e9sidence.<\/p>\n<p>Renseignements sur les conditions, d\u00e9marches et montants <a href=\"https:\/\/www.service-public.fr\/particuliers\/vosdroits\/F34643\">ici<\/a><\/p>\n<p>&nbsp;<\/p>\n<ul>\n<li><strong>Bourse sur crit\u00e8res sociaux\u00a0:<\/strong><\/li>\n<\/ul>\n<p>Plus d\u2019informations sur les conditions, montants, modalit\u00e9s de versement <a href=\"https:\/\/www.service-public.fr\/particuliers\/vosdroits\/F12214\">ici<\/a><\/p>\n<p>Constituez votre dossier social \u00e9tudiant et r\u00e9alisez vos d\u00e9marches sur ce <a href=\"https:\/\/www.messervices.etudiant.gouv.fr\/envole\/\">portail<\/a><\/p>\n<p>&nbsp;<\/p>\n<ul>\n<li><strong>Aide au m\u00e9rite : <\/strong><\/li>\n<\/ul>\n<p>Vous avez obtenu une mention \u00ab\u00a0Tr\u00e8s bien\u00a0\u00bb au bac et vous int\u00e9grez l\u2019enseignement sup\u00e9rieur \u00e0 la rentr\u00e9e. Vous pouvez, sous conditions, b\u00e9n\u00e9ficier de l\u2019aide au m\u00e9rite. Cette aide est un compl\u00e9ment \u00e0 la bourse sur crit\u00e8res sociaux.<\/p>\n<p>Vous devez avoir d\u00e9pos\u00e9 un <a href=\"https:\/\/www.service-public.fr\/particuliers\/vosdroits\/R16390\">dossier social \u00e9tudiant (DSE)<\/a>.<\/p>\n<p>Si votre DSE est accept\u00e9, vous n&#8217;avez pas d&#8217;autre d\u00e9marche \u00e0 effectuer.<\/p>\n<p>Plus d\u2019informations <a href=\"https:\/\/www.service-public.fr\/particuliers\/vosdroits\/F1010\">ici<\/a><\/p>\n<p>&nbsp;<\/p>\n<ul>\n<li><strong>Bourses de la R\u00e9gion Nouvelle Aquitaine\u00a0:<\/strong><\/li>\n<\/ul>\n<p>Consultez <a href=\"https:\/\/les-aides.nouvelle-aquitaine.fr\/\">ici<\/a> les dispositifs sp\u00e9cifiques \u00e0 certaines formations, le Fonds social d\u2019aide, les primes \u00e9ventuelles d\u2019entr\u00e9e en formation, l\u2019aide au passage du permis de conduire\u2026<\/p>\n<p>&nbsp;<\/p>\n<ul>\n<li><strong>Ville de Brive\u00a0: <\/strong><\/li>\n<\/ul>\n<p><a href=\"http:\/\/740jw955i52c.brive.org\/index.php\/attractivite-medicale\/\">Aides pour les futurs m\u00e9decins, dentistes et IPA<\/a><\/p>\n<p>Plus d\u2019informations par mail \u00e0 l\u2019adresse <a href=\"mailto:santecontact@brive.fr\"><strong>santecontact@brive.fr<\/strong><\/a><\/p>\n<p>&nbsp;<\/p>\n<ul>\n<li><strong>D\u00e9partement de la Corr\u00e8ze<\/strong>:<\/li>\n<\/ul>\n<p><a href=\"https:\/\/www.correze.fr\/services-en-ligne\/les-aides\/enseignement-superieur\">Bourse d\u2019enseignement sup\u00e9rieur<\/a>\u00a0: Ce dispositif est destin\u00e9 \u00e0 aider les \u00e9tudiants corr\u00e9ziens qui poursuivent des \u00e9tudes sup\u00e9rieures. Il vient en compl\u00e9ment des bourses allou\u00e9es par l\u2019Etat ou la R\u00e9gion.<\/p>\n<p><a href=\"https:\/\/www.correze.fr\/services-en-ligne\/les-aides\/aide-aux-internes-en-medecine-generale\">Aides pour les \u00e9tudiants en m\u00e9decine<\/a> venant faire un stage en Corr\u00e8ze ou s&#8217;engageant \u00e0 s&#8217;installer apr\u00e8s ses \u00e9tudes en Corr\u00e8ze.<\/p>\n<p>&nbsp;<\/p>\n<ul>\n<li><strong>Aide \u00e0 la mobilit\u00e9 en master\u00a0: <\/strong><\/li>\n<\/ul>\n<p>Vous venez d&#8217;obtenir votre licence et vous voulez vous inscrire en Master 1 dans une autre r\u00e9gion acad\u00e9mique ? Si vous \u00eates boursier, vous pouvez b\u00e9n\u00e9ficier d&#8217;une <a href=\"https:\/\/www.service-public.fr\/particuliers\/vosdroits\/F34343\">aide \u00e0 la mobilit\u00e9.<\/a><\/p>\n<p>&nbsp;<\/p>\n<ul>\n<li><strong>CAF (APL\u00a0: Allocation Personnalis\u00e9e au Logement)<\/strong><\/li>\n<\/ul>\n<p>D\u00e9marches en ligne et foire aux questions <a href=\"https:\/\/www.caf.fr\/allocataires\/actualites\/actualites-nationales\/etudiants-tout-savoir-sur-l-aide-au-logement\">ici<\/a><\/p>\n<p>&nbsp;<\/p>\n<ul>\n<li><strong>Mobili Jeune et Agri-Mobili-Jeune \u2013 Action Logement<\/strong><\/li>\n<\/ul>\n<p>Il s\u2019agit d\u2019une aide au logement prenant en charge une partie du loyer des jeunes de moins de 30 ans, apprentis et alternants.<\/p>\n<p>Conditions, montants et d\u00e9marches \u00e0 accomplir <a href=\"https:\/\/www.actionlogement.fr\/l-aide-mobili-jeune\">ici.<\/a><\/p>\n<p>&nbsp;<\/p>\n<ul>\n<li><strong>Visale, organisme de garantie<\/strong><\/li>\n<\/ul>\n<p>La <a href=\"https:\/\/www.visale.fr\/tutoriels\/visale-etudiant-alternant\/\">garantie Visale<\/a> est une caution accord\u00e9e par <strong>Action logement<\/strong> \u00e0 l&#8217;\u00e9tudiant ou au jeune en alternance qui veut louer un logement. Le futur locataire doit en faire la demande \u00e0 Action logement.[\/vc_column_text][\/vc_tta_section][vc_tta_section title=&#8221;SANT\u00c9&#8221; tab_id=&#8221;1709650112669-19807453-dae1&#8243;][vc_column_text]<strong><a href=\"http:\/\/740jw955i52c.brive.org\/wp-content\/uploads\/2024\/03\/Service-de-Sante-aux-Etudiants_page-0001-scaled.jpg\"><img decoding=\"async\" loading=\"lazy\" class=\"alignleft wp-image-51962 size-thumbnail\" src=\"http:\/\/740jw955i52c.brive.org\/wp-content\/uploads\/2024\/03\/Service-de-Sante-aux-Etudiants_page-0001-200x283.jpg\" alt=\"\" width=\"200\" height=\"283\" srcset=\"http:\/\/740jw955i52c.brive.org\/wp-content\/uploads\/2024\/03\/Service-de-Sante-aux-Etudiants_page-0001-200x283.jpg 200w, http:\/\/740jw955i52c.brive.org\/wp-content\/uploads\/2024\/03\/Service-de-Sante-aux-Etudiants_page-0001-300x424.jpg 300w, http:\/\/740jw955i52c.brive.org\/wp-content\/uploads\/2024\/03\/Service-de-Sante-aux-Etudiants_page-0001-750x1061.jpg 750w, http:\/\/740jw955i52c.brive.org\/wp-content\/uploads\/2024\/03\/Service-de-Sante-aux-Etudiants_page-0001-600x849.jpg 600w, http:\/\/740jw955i52c.brive.org\/wp-content\/uploads\/2024\/03\/Service-de-Sante-aux-Etudiants_page-0001-1086x1536.jpg 1086w, http:\/\/740jw955i52c.brive.org\/wp-content\/uploads\/2024\/03\/Service-de-Sante-aux-Etudiants_page-0001-1448x2048.jpg 1448w, http:\/\/740jw955i52c.brive.org\/wp-content\/uploads\/2024\/03\/Service-de-Sante-aux-Etudiants_page-0001-916x1296.jpg 916w, http:\/\/740jw955i52c.brive.org\/wp-content\/uploads\/2024\/03\/Service-de-Sante-aux-Etudiants_page-0001-590x835.jpg 590w, http:\/\/740jw955i52c.brive.org\/wp-content\/uploads\/2024\/03\/Service-de-Sante-aux-Etudiants_page-0001-363x513.jpg 363w, http:\/\/740jw955i52c.brive.org\/wp-content\/uploads\/2024\/03\/Service-de-Sante-aux-Etudiants_page-0001-scaled.jpg 1810w, http:\/\/740jw955i52c.brive.org\/wp-content\/uploads\/2024\/03\/Service-de-Sante-aux-Etudiants_page-0001-200x283@2x.jpg 400w\" sizes=\"(max-width: 200px) 100vw, 200px\" \/><\/a>Service de Sant\u00e9 aux Etudiants <\/strong><\/p>\n<p>Cette antenne bas\u00e9e sur le Campus Universitaire de Brive assure des consultations, des prescriptions et dispense des conseils sur la pr\u00e9vention de la sant\u00e9 sur rendez-vous, un jeudi sur deux. Sont pr\u00e9sents, en alternance chaque semaine, un m\u00e9decin et une infirmi\u00e8re puis une sage-femme (suivi gyn\u00e9cologique, contraception\u2026).<\/p>\n<p>Pour prendre rendez-vous, c\u2019est par ici <a href=\"https:\/\/rdv-sse.unilim.fr\/\">https:\/\/rdv-sse.unilim.fr\/<\/a><\/p>\n<p>Plus d\u2019informations <a href=\"mailto:ssu-brive@unilim.fr\">ssu-brive@unilim.fr<\/a>[\/vc_column_text][\/vc_tta_section][\/vc_tta_accordion][\/vc_column][\/vc_row][vc_row][vc_column][vc_text_separator title=&#8221;Contacts utiles :&#8221;][\/vc_column][\/vc_row][vc_row][vc_column][vc_column_text]<\/p>\n<ul>\n<li>LIBEO, le r\u00e9seau 100% Agglo<\/li>\n<\/ul>\n<p>Place du 14 Juillet \u00e0 Brive<\/p>\n<p>05 55 74 20 13<\/p>\n<p><a href=\"https:\/\/www.libeo-brive.fr\/\">https:\/\/www.libeo-brive.fr\/<\/a><\/p>\n<p>&nbsp;<\/p>\n<ul>\n<li>Le <a href=\"https:\/\/fede-atena.fr\/wp-content\/uploads\/2021\/10\/BRIVE-LA-GAILLARDE-.pdf\">guide des aides sociales r\u00e9alis\u00e9 par l\u2019Association Territoriale des EtudiaNts Aquitains (ATENA).<\/a><\/li>\n<\/ul>\n<p>&nbsp;<\/p>\n<ul>\n<li>A CHACUN SON INFO\u00a0: JEUNES EN NOUVELLE AQUITAINE<\/li>\n<\/ul>\n<p>Pour connaitre les dispositifs r\u00e9gionaux de Nouvelle Aquitaine et aides en mati\u00e8re d\u2019orientation, de formation, de logement, de transports et \u00e0 destination des coll\u00e9giens, lyc\u00e9ens, apprentis, \u00e9tudiants, demandeurs d\u2019emplois et jeunes actifs, c\u2019est <a href=\"https:\/\/jeunes.nouvelle-aquitaine.fr\/\">par ici<\/a>[\/vc_column_text][\/vc_column][\/vc_row]<\/p>\n","protected":false},"excerpt":{"rendered":"<p>[vc_row][vc_column][vc_btn title=&#8221;Retour&#8221; style=&#8221;modern&#8221; shape=&#8221;rounded&#8221; color=&#8221;danger&#8221; link=&#8221;url:http%3A%2F%2F740jw955i52c.brive.org%2Findex.php%2Fmairie%2Fenseignement-superieur-et-formation%2F|||&#8221;][\/vc_column][\/vc_row][vc_row][vc_column][vc_column_text] AIDES AUX ETUDIANTS\u00a0 [\/vc_column_text][vc_column_text] Soutenir votre projet de mobilit\u00e9 en France ou \u00e0 l\u2019\u00e9tranger (stage, \u00e9change universitaire), Vous faciliter l\u2019acc\u00e8s \u00e0 l\u2019enseignement sup\u00e9rieur et &#8230; <\/p>\n","protected":false},"author":1,"featured_media":0,"parent":378,"menu_order":0,"comment_status":"closed","ping_status":"closed","template":"","meta":[],"yoast_head":"<!-- This site is optimized with the Yoast SEO plugin v17.8 - https:\/\/yoast.com\/wordpress\/plugins\/seo\/ -->\n<title>Enseignement Sup\u00e9rieur et Formation - Ville de Brive<\/title>\n<meta name=\"robots\" content=\"index, follow, max-snippet:-1, max-image-preview:large, max-video-preview:-1\" \/>\n<link rel=\"canonical\" href=\"http:\/\/740jw955i52c.brive.org\/index.php\/etudier\/enseignement-superieur-et-formation-2-2-2-2\/\" \/>\n<meta property=\"og:locale\" content=\"fr_FR\" \/>\n<meta property=\"og:type\" content=\"article\" \/>\n<meta property=\"og:title\" content=\"Enseignement Sup\u00e9rieur et Formation - Ville de Brive\" \/>\n<meta property=\"og:description\" content=\"[vc_row][vc_column][vc_btn title=&#8221;Retour&#8221; style=&#8221;modern&#8221; shape=&#8221;rounded&#8221; color=&#8221;danger&#8221; link=&#8221;url:http%3A%2F%2F740jw955i52c.brive.org%2Findex.php%2Fmairie%2Fenseignement-superieur-et-formation%2F|||&#8221;][\/vc_column][\/vc_row][vc_row][vc_column][vc_column_text] AIDES AUX ETUDIANTS\u00a0 [\/vc_column_text][vc_column_text] Soutenir votre projet de mobilit\u00e9 en France ou \u00e0 l\u2019\u00e9tranger (stage, \u00e9change universitaire), Vous faciliter l\u2019acc\u00e8s \u00e0 l\u2019enseignement sup\u00e9rieur et ...\" \/>\n<meta property=\"og:url\" content=\"http:\/\/740jw955i52c.brive.org\/index.php\/etudier\/enseignement-superieur-et-formation-2-2-2-2\/\" \/>\n<meta property=\"og:site_name\" content=\"Ville de Brive\" \/>\n<meta property=\"article:modified_time\" content=\"2024-03-06T14:24:56+00:00\" \/>\n<meta property=\"og:image\" content=\"http:\/\/740jw955i52c.brive.org\/wp-content\/uploads\/2024\/03\/Service-de-Sante-aux-Etudiants_page-0001-200x283.jpg\" \/>\n<meta name=\"twitter:card\" content=\"summary_large_image\" \/>\n<meta name=\"twitter:label1\" content=\"Dur\u00e9e de lecture estim\u00e9e\" \/>\n\t<meta name=\"twitter:data1\" content=\"5 minutes\" \/>\n<script type=\"application\/ld+json\" class=\"yoast-schema-graph\">{\"@context\":\"https:\/\/schema.org\",\"@graph\":[{\"@type\":\"WebSite\",\"@id\":\"http:\/\/740jw955i52c.brive.org\/#website\",\"url\":\"http:\/\/740jw955i52c.brive.org\/\",\"name\":\"Ville de Brive\",\"description\":\"Bienvenue sur le site de la ville de Brive-la-Gaillarde. Vous y trouverez l&#039;actualit\\u00e9 de la commune, des informations pratiques et vos d\\u00e9marches administratives.\",\"potentialAction\":[{\"@type\":\"SearchAction\",\"target\":{\"@type\":\"EntryPoint\",\"urlTemplate\":\"http:\/\/740jw955i52c.brive.org\/?s={search_term_string}\"},\"query-input\":\"required name=search_term_string\"}],\"inLanguage\":\"fr-FR\"},{\"@type\":\"ImageObject\",\"@id\":\"http:\/\/740jw955i52c.brive.org\/index.php\/etudier\/enseignement-superieur-et-formation-2-2-2-2\/#primaryimage\",\"inLanguage\":\"fr-FR\",\"url\":\"http:\/\/740jw955i52c.brive.org\/wp-content\/uploads\/2024\/03\/Service-de-Sante-aux-Etudiants_page-0001-200x283.jpg\",\"contentUrl\":\"http:\/\/740jw955i52c.brive.org\/wp-content\/uploads\/2024\/03\/Service-de-Sante-aux-Etudiants_page-0001-200x283.jpg\"},{\"@type\":\"WebPage\",\"@id\":\"http:\/\/740jw955i52c.brive.org\/index.php\/etudier\/enseignement-superieur-et-formation-2-2-2-2\/#webpage\",\"url\":\"http:\/\/740jw955i52c.brive.org\/index.php\/etudier\/enseignement-superieur-et-formation-2-2-2-2\/\",\"name\":\"Enseignement Sup\\u00e9rieur et Formation - Ville de Brive\",\"isPartOf\":{\"@id\":\"http:\/\/740jw955i52c.brive.org\/#website\"},\"primaryImageOfPage\":{\"@id\":\"http:\/\/740jw955i52c.brive.org\/index.php\/etudier\/enseignement-superieur-et-formation-2-2-2-2\/#primaryimage\"},\"datePublished\":\"2024-03-05T14:43:55+00:00\",\"dateModified\":\"2024-03-06T14:24:56+00:00\",\"breadcrumb\":{\"@id\":\"http:\/\/740jw955i52c.brive.org\/index.php\/etudier\/enseignement-superieur-et-formation-2-2-2-2\/#breadcrumb\"},\"inLanguage\":\"fr-FR\",\"potentialAction\":[{\"@type\":\"ReadAction\",\"target\":[\"http:\/\/740jw955i52c.brive.org\/index.php\/etudier\/enseignement-superieur-et-formation-2-2-2-2\/\"]}]},{\"@type\":\"BreadcrumbList\",\"@id\":\"http:\/\/740jw955i52c.brive.org\/index.php\/etudier\/enseignement-superieur-et-formation-2-2-2-2\/#breadcrumb\",\"itemListElement\":[{\"@type\":\"ListItem\",\"position\":1,\"name\":\"Accueil\",\"item\":\"http:\/\/740jw955i52c.brive.org\/\"},{\"@type\":\"ListItem\",\"position\":2,\"name\":\"\\u00c9tudier\",\"item\":\"http:\/\/740jw955i52c.brive.org\/index.php\/etudier\/\"},{\"@type\":\"ListItem\",\"position\":3,\"name\":\"Enseignement Sup\\u00e9rieur et Formation\"}]}]}<\/script>\n<!-- \/ Yoast SEO plugin. -->","yoast_head_json":{"title":"Enseignement Sup\u00e9rieur et Formation - Ville de Brive","robots":{"index":"index","follow":"follow","max-snippet":"max-snippet:-1","max-image-preview":"max-image-preview:large","max-video-preview":"max-video-preview:-1"},"canonical":"http:\/\/740jw955i52c.brive.org\/index.php\/etudier\/enseignement-superieur-et-formation-2-2-2-2\/","og_locale":"fr_FR","og_type":"article","og_title":"Enseignement Sup\u00e9rieur et Formation - Ville de Brive","og_description":"[vc_row][vc_column][vc_btn title=&#8221;Retour&#8221; style=&#8221;modern&#8221; shape=&#8221;rounded&#8221; color=&#8221;danger&#8221; link=&#8221;url:http%3A%2F%2F740jw955i52c.brive.org%2Findex.php%2Fmairie%2Fenseignement-superieur-et-formation%2F|||&#8221;][\/vc_column][\/vc_row][vc_row][vc_column][vc_column_text] AIDES AUX ETUDIANTS\u00a0 [\/vc_column_text][vc_column_text] Soutenir votre projet de mobilit\u00e9 en France ou \u00e0 l\u2019\u00e9tranger (stage, \u00e9change universitaire), Vous faciliter l\u2019acc\u00e8s \u00e0 l\u2019enseignement sup\u00e9rieur et ...","og_url":"http:\/\/740jw955i52c.brive.org\/index.php\/etudier\/enseignement-superieur-et-formation-2-2-2-2\/","og_site_name":"Ville de Brive","article_modified_time":"2024-03-06T14:24:56+00:00","og_image":[{"url":"http:\/\/740jw955i52c.brive.org\/wp-content\/uploads\/2024\/03\/Service-de-Sante-aux-Etudiants_page-0001-200x283.jpg"}],"twitter_card":"summary_large_image","twitter_misc":{"Dur\u00e9e de lecture estim\u00e9e":"5 minutes"},"schema":{"@context":"https:\/\/schema.org","@graph":[{"@type":"WebSite","@id":"http:\/\/740jw955i52c.brive.org\/#website","url":"http:\/\/740jw955i52c.brive.org\/","name":"Ville de Brive","description":"Bienvenue sur le site de la ville de Brive-la-Gaillarde. Vous y trouverez l&#039;actualit\u00e9 de la commune, des informations pratiques et vos d\u00e9marches administratives.","potentialAction":[{"@type":"SearchAction","target":{"@type":"EntryPoint","urlTemplate":"http:\/\/740jw955i52c.brive.org\/?s={search_term_string}"},"query-input":"required name=search_term_string"}],"inLanguage":"fr-FR"},{"@type":"ImageObject","@id":"http:\/\/740jw955i52c.brive.org\/index.php\/etudier\/enseignement-superieur-et-formation-2-2-2-2\/#primaryimage","inLanguage":"fr-FR","url":"http:\/\/740jw955i52c.brive.org\/wp-content\/uploads\/2024\/03\/Service-de-Sante-aux-Etudiants_page-0001-200x283.jpg","contentUrl":"http:\/\/740jw955i52c.brive.org\/wp-content\/uploads\/2024\/03\/Service-de-Sante-aux-Etudiants_page-0001-200x283.jpg"},{"@type":"WebPage","@id":"http:\/\/740jw955i52c.brive.org\/index.php\/etudier\/enseignement-superieur-et-formation-2-2-2-2\/#webpage","url":"http:\/\/740jw955i52c.brive.org\/index.php\/etudier\/enseignement-superieur-et-formation-2-2-2-2\/","name":"Enseignement Sup\u00e9rieur et Formation - Ville de Brive","isPartOf":{"@id":"http:\/\/740jw955i52c.brive.org\/#website"},"primaryImageOfPage":{"@id":"http:\/\/740jw955i52c.brive.org\/index.php\/etudier\/enseignement-superieur-et-formation-2-2-2-2\/#primaryimage"},"datePublished":"2024-03-05T14:43:55+00:00","dateModified":"2024-03-06T14:24:56+00:00","breadcrumb":{"@id":"http:\/\/740jw955i52c.brive.org\/index.php\/etudier\/enseignement-superieur-et-formation-2-2-2-2\/#breadcrumb"},"inLanguage":"fr-FR","potentialAction":[{"@type":"ReadAction","target":["http:\/\/740jw955i52c.brive.org\/index.php\/etudier\/enseignement-superieur-et-formation-2-2-2-2\/"]}]},{"@type":"BreadcrumbList","@id":"http:\/\/740jw955i52c.brive.org\/index.php\/etudier\/enseignement-superieur-et-formation-2-2-2-2\/#breadcrumb","itemListElement":[{"@type":"ListItem","position":1,"name":"Accueil","item":"http:\/\/740jw955i52c.brive.org\/"},{"@type":"ListItem","position":2,"name":"\u00c9tudier","item":"http:\/\/740jw955i52c.brive.org\/index.php\/etudier\/"},{"@type":"ListItem","position":3,"name":"Enseignement Sup\u00e9rieur et Formation"}]}]}},"_links":{"self":[{"href":"http:\/\/740jw955i52c.brive.org\/index.php\/wp-json\/wp\/v2\/pages\/51926"}],"collection":[{"href":"http:\/\/740jw955i52c.brive.org\/index.php\/wp-json\/wp\/v2\/pages"}],"about":[{"href":"http:\/\/740jw955i52c.brive.org\/index.php\/wp-json\/wp\/v2\/types\/page"}],"author":[{"embeddable":true,"href":"http:\/\/740jw955i52c.brive.org\/index.php\/wp-json\/wp\/v2\/users\/1"}],"replies":[{"embeddable":true,"href":"http:\/\/740jw955i52c.brive.org\/index.php\/wp-json\/wp\/v2\/comments?post=51926"}],"version-history":[{"count":8,"href":"http:\/\/740jw955i52c.brive.org\/index.php\/wp-json\/wp\/v2\/pages\/51926\/revisions"}],"predecessor-version":[{"id":51969,"href":"http:\/\/740jw955i52c.brive.org\/index.php\/wp-json\/wp\/v2\/pages\/51926\/revisions\/51969"}],"up":[{"embeddable":true,"href":"http:\/\/740jw955i52c.brive.org\/index.php\/wp-json\/wp\/v2\/pages\/378"}],"wp:attachment":[{"href":"http:\/\/740jw955i52c.brive.org\/index.php\/wp-json\/wp\/v2\/media?parent=51926"}],"curies":[{"name":"wp","href":"https:\/\/api.w.org\/{rel}","templated":true}]}}