{"id":51916,"date":"2024-03-05T15:13:56","date_gmt":"2024-03-05T14:13:56","guid":{"rendered":"http:\/\/740jw955i52c.brive.org\/?page_id=51916"},"modified":"2024-03-06T15:21:29","modified_gmt":"2024-03-06T14:21:29","slug":"enseignement-superieur-et-formation-2","status":"publish","type":"page","link":"http:\/\/740jw955i52c.brive.org\/index.php\/etudier\/enseignement-superieur-et-formation-2\/","title":{"rendered":"Enseignement Sup\u00e9rieur et Formation"},"content":{"rendered":"<p>[vc_row][vc_column][vc_btn title=&#8221;Retour&#8221; style=&#8221;modern&#8221; shape=&#8221;rounded&#8221; color=&#8221;danger&#8221; link=&#8221;url:http%3A%2F%2F740jw955i52c.brive.org%2Findex.php%2Fmairie%2Fenseignement-superieur-et-formation%2F|||&#8221;][\/vc_column][\/vc_row][vc_row][vc_column][vc_column_text]<\/p>\n<h1><strong>SE LOGER<\/strong> :<\/h1>\n<p>[\/vc_column_text][vc_tta_accordion][vc_tta_section title=&#8221;Le Crous&#8221; tab_id=&#8221;1709646030873-172338b4-5973&#8243;][vc_column_text]Situ\u00e9e \u00e0 proximit\u00e9 imm\u00e9diate du Campus Universitaire de Brive (IUT, Facult\u00e9s des sciences et de droit, du P\u00f4le Formation Sant\u00e9\u2026), la r\u00e9sidence universitaire dispose de 166 logements (dont 110 studettes de 18m\u00b2, 14 T1 de 21 m\u00b2, 39 T1 de 24 m\u00b2 dont un am\u00e9nag\u00e9 PMR et 3 T1bis de 31 m\u00b2 dont un am\u00e9nag\u00e9 PMR) ainsi qu\u2019un logement collectif de 4 chambres.<br \/>\nSont compris dans le loyer\u00a0: l\u2019eau, le wifi, le parking.<\/p>\n<p>Les logements sont conventionn\u00e9s avec APL (Allocation Personnalis\u00e9e au Logement) via la CAF.<\/p>\n<p>Pour en savoir, <a href=\"https:\/\/www.crous-limoges.fr\/logement\/residence-brive\/\">cliquez ici.<\/a><\/p>\n<p>RESIDENCE UNIVERSITAIRE &#8211; 21 rue Andr\u00e9 DEVAUD 19100-BRIVE \u2013 05 55 87 07 17[\/vc_column_text][\/vc_tta_section][vc_tta_section title=&#8221;Service Habitat Jeunes&#8221; tab_id=&#8221;1709646030891-54904ac8-0b79&#8243;][vc_column_text]Le <strong>Service Habitat Jeunes<\/strong> a pour missions d\u2019<strong>accueillir des jeunes de 16 \u00e0 30 ans<\/strong> ayant un projet d\u2019insertion professionnelle (CDI, CDD, int\u00e9rim, apprenti, stagiaire de la formation professionnelle, \u00e9tudiant, scolaire, contrat d\u2019engagement jeune), de leur permettre d\u2019acc\u00e9der \u00e0 l\u2019autonomie par un accompagnement dans la vie quotidienne, la mobilit\u00e9, l\u2019emploi, la formation, la sant\u00e9, la culture et les loisirs. En terme de capacit\u00e9 d\u2019accueil, la r\u00e9sidence dispose de 64 chambres individuelles meubl\u00e9es de 11 m\u00b2 et 10 logements suppl\u00e9mentaires ext\u00e9rieurs sont en sous-location.<\/p>\n<p>Pour en savoir plus, <a href=\"http:\/\/740jw955i52c.brive.org\/index.php\/habitat-jeunes\/\">cliquez ici<\/a> ou t\u00e9l\u00e9chargez <a href=\"http:\/\/740jw955i52c.brive.org\/wp-content\/uploads\/2024\/02\/Livret-daccueil.pdf\">le livret d\u2019accueil<\/a>.<\/p>\n<p>SERVICE HABITAT JEUNES \u2013 32 rue Cl\u00e9ment Ader 19100 BRIVE \u2013 05 55 17 40 00<\/p>\n<p>[\/vc_column_text][\/vc_tta_section][vc_tta_section title=&#8221;Bailleurs publics&#8221; tab_id=&#8221;1709646115361-93942560-448a&#8221;][vc_column_text]Polygone \u2013 66 avenue Abb\u00e9 Jean Alvitre 19100 BRIVE \u2013 05 55 86 25 69<\/p>\n<p>Brive Habitat \u2013 49 rue Poncelet 19100 BRIVE \u2013 05 55 87 98 50<\/p>\n<p>Noalis \u2013 2 rue S\u00e9g\u00e9ral Verninac 19100 BRIVE \u2013 05 16 42 35 00<\/p>\n<p>Corr\u00e8ze Habitat &#8211; Agence de Brive &#8211; Le Jardanel Route de la Rochette 19270 DONZENAC \u2013 05 55 29 55 30<\/p>\n<p>Pour d\u00e9poser ou suivre sa demande, <a href=\"https:\/\/www.demande-logement-social.gouv.fr\/index\">cliquez ici<\/a><\/p>\n<p>[\/vc_column_text][\/vc_tta_section][\/vc_tta_accordion][\/vc_column][\/vc_row]<\/p>\n","protected":false},"excerpt":{"rendered":"<p>[vc_row][vc_column][vc_btn title=&#8221;Retour&#8221; style=&#8221;modern&#8221; shape=&#8221;rounded&#8221; color=&#8221;danger&#8221; link=&#8221;url:http%3A%2F%2F740jw955i52c.brive.org%2Findex.php%2Fmairie%2Fenseignement-superieur-et-formation%2F|||&#8221;][\/vc_column][\/vc_row][vc_row][vc_column][vc_column_text] SE LOGER : [\/vc_column_text][vc_tta_accordion][vc_tta_section title=&#8221;Le Crous&#8221; tab_id=&#8221;1709646030873-172338b4-5973&#8243;][vc_column_text]Situ\u00e9e \u00e0 proximit\u00e9 imm\u00e9diate du Campus Universitaire de Brive (IUT, Facult\u00e9s des sciences et de droit, du P\u00f4le &#8230; <\/p>\n","protected":false},"author":1,"featured_media":0,"parent":378,"menu_order":0,"comment_status":"closed","ping_status":"closed","template":"","meta":[],"yoast_head":"<!-- This site is optimized with the Yoast SEO plugin v17.8 - https:\/\/yoast.com\/wordpress\/plugins\/seo\/ -->\n<title>Enseignement Sup\u00e9rieur et Formation - Ville de Brive<\/title>\n<meta name=\"robots\" content=\"index, follow, max-snippet:-1, max-image-preview:large, max-video-preview:-1\" \/>\n<link rel=\"canonical\" href=\"http:\/\/740jw955i52c.brive.org\/index.php\/etudier\/enseignement-superieur-et-formation-2\/\" \/>\n<meta property=\"og:locale\" content=\"fr_FR\" \/>\n<meta property=\"og:type\" content=\"article\" \/>\n<meta property=\"og:title\" content=\"Enseignement Sup\u00e9rieur et Formation - Ville de Brive\" \/>\n<meta property=\"og:description\" content=\"[vc_row][vc_column][vc_btn title=&#8221;Retour&#8221; style=&#8221;modern&#8221; shape=&#8221;rounded&#8221; color=&#8221;danger&#8221; link=&#8221;url:http%3A%2F%2F740jw955i52c.brive.org%2Findex.php%2Fmairie%2Fenseignement-superieur-et-formation%2F|||&#8221;][\/vc_column][\/vc_row][vc_row][vc_column][vc_column_text] SE LOGER : [\/vc_column_text][vc_tta_accordion][vc_tta_section title=&#8221;Le Crous&#8221; tab_id=&#8221;1709646030873-172338b4-5973&#8243;][vc_column_text]Situ\u00e9e \u00e0 proximit\u00e9 imm\u00e9diate du Campus Universitaire de Brive (IUT, Facult\u00e9s des sciences et de droit, du P\u00f4le ...\" \/>\n<meta property=\"og:url\" content=\"http:\/\/740jw955i52c.brive.org\/index.php\/etudier\/enseignement-superieur-et-formation-2\/\" \/>\n<meta property=\"og:site_name\" content=\"Ville de Brive\" \/>\n<meta property=\"article:modified_time\" content=\"2024-03-06T14:21:29+00:00\" \/>\n<meta name=\"twitter:card\" content=\"summary_large_image\" \/>\n<meta name=\"twitter:label1\" content=\"Dur\u00e9e de lecture estim\u00e9e\" \/>\n\t<meta name=\"twitter:data1\" content=\"2 minutes\" \/>\n<script type=\"application\/ld+json\" class=\"yoast-schema-graph\">{\"@context\":\"https:\/\/schema.org\",\"@graph\":[{\"@type\":\"WebSite\",\"@id\":\"http:\/\/740jw955i52c.brive.org\/#website\",\"url\":\"http:\/\/740jw955i52c.brive.org\/\",\"name\":\"Ville de Brive\",\"description\":\"Bienvenue sur le site de la ville de Brive-la-Gaillarde. Vous y trouverez l&#039;actualit\\u00e9 de la commune, des informations pratiques et vos d\\u00e9marches administratives.\",\"potentialAction\":[{\"@type\":\"SearchAction\",\"target\":{\"@type\":\"EntryPoint\",\"urlTemplate\":\"http:\/\/740jw955i52c.brive.org\/?s={search_term_string}\"},\"query-input\":\"required name=search_term_string\"}],\"inLanguage\":\"fr-FR\"},{\"@type\":\"WebPage\",\"@id\":\"http:\/\/740jw955i52c.brive.org\/index.php\/etudier\/enseignement-superieur-et-formation-2\/#webpage\",\"url\":\"http:\/\/740jw955i52c.brive.org\/index.php\/etudier\/enseignement-superieur-et-formation-2\/\",\"name\":\"Enseignement Sup\\u00e9rieur et Formation - Ville de Brive\",\"isPartOf\":{\"@id\":\"http:\/\/740jw955i52c.brive.org\/#website\"},\"datePublished\":\"2024-03-05T14:13:56+00:00\",\"dateModified\":\"2024-03-06T14:21:29+00:00\",\"breadcrumb\":{\"@id\":\"http:\/\/740jw955i52c.brive.org\/index.php\/etudier\/enseignement-superieur-et-formation-2\/#breadcrumb\"},\"inLanguage\":\"fr-FR\",\"potentialAction\":[{\"@type\":\"ReadAction\",\"target\":[\"http:\/\/740jw955i52c.brive.org\/index.php\/etudier\/enseignement-superieur-et-formation-2\/\"]}]},{\"@type\":\"BreadcrumbList\",\"@id\":\"http:\/\/740jw955i52c.brive.org\/index.php\/etudier\/enseignement-superieur-et-formation-2\/#breadcrumb\",\"itemListElement\":[{\"@type\":\"ListItem\",\"position\":1,\"name\":\"Accueil\",\"item\":\"http:\/\/740jw955i52c.brive.org\/\"},{\"@type\":\"ListItem\",\"position\":2,\"name\":\"\\u00c9tudier\",\"item\":\"http:\/\/740jw955i52c.brive.org\/index.php\/etudier\/\"},{\"@type\":\"ListItem\",\"position\":3,\"name\":\"Enseignement Sup\\u00e9rieur et Formation\"}]}]}<\/script>\n<!-- \/ Yoast SEO plugin. -->","yoast_head_json":{"title":"Enseignement Sup\u00e9rieur et Formation - Ville de Brive","robots":{"index":"index","follow":"follow","max-snippet":"max-snippet:-1","max-image-preview":"max-image-preview:large","max-video-preview":"max-video-preview:-1"},"canonical":"http:\/\/740jw955i52c.brive.org\/index.php\/etudier\/enseignement-superieur-et-formation-2\/","og_locale":"fr_FR","og_type":"article","og_title":"Enseignement Sup\u00e9rieur et Formation - Ville de Brive","og_description":"[vc_row][vc_column][vc_btn title=&#8221;Retour&#8221; style=&#8221;modern&#8221; shape=&#8221;rounded&#8221; color=&#8221;danger&#8221; link=&#8221;url:http%3A%2F%2F740jw955i52c.brive.org%2Findex.php%2Fmairie%2Fenseignement-superieur-et-formation%2F|||&#8221;][\/vc_column][\/vc_row][vc_row][vc_column][vc_column_text] SE LOGER : [\/vc_column_text][vc_tta_accordion][vc_tta_section title=&#8221;Le Crous&#8221; tab_id=&#8221;1709646030873-172338b4-5973&#8243;][vc_column_text]Situ\u00e9e \u00e0 proximit\u00e9 imm\u00e9diate du Campus Universitaire de Brive (IUT, Facult\u00e9s des sciences et de droit, du P\u00f4le ...","og_url":"http:\/\/740jw955i52c.brive.org\/index.php\/etudier\/enseignement-superieur-et-formation-2\/","og_site_name":"Ville de Brive","article_modified_time":"2024-03-06T14:21:29+00:00","twitter_card":"summary_large_image","twitter_misc":{"Dur\u00e9e de lecture estim\u00e9e":"2 minutes"},"schema":{"@context":"https:\/\/schema.org","@graph":[{"@type":"WebSite","@id":"http:\/\/740jw955i52c.brive.org\/#website","url":"http:\/\/740jw955i52c.brive.org\/","name":"Ville de Brive","description":"Bienvenue sur le site de la ville de Brive-la-Gaillarde. Vous y trouverez l&#039;actualit\u00e9 de la commune, des informations pratiques et vos d\u00e9marches administratives.","potentialAction":[{"@type":"SearchAction","target":{"@type":"EntryPoint","urlTemplate":"http:\/\/740jw955i52c.brive.org\/?s={search_term_string}"},"query-input":"required name=search_term_string"}],"inLanguage":"fr-FR"},{"@type":"WebPage","@id":"http:\/\/740jw955i52c.brive.org\/index.php\/etudier\/enseignement-superieur-et-formation-2\/#webpage","url":"http:\/\/740jw955i52c.brive.org\/index.php\/etudier\/enseignement-superieur-et-formation-2\/","name":"Enseignement Sup\u00e9rieur et Formation - Ville de Brive","isPartOf":{"@id":"http:\/\/740jw955i52c.brive.org\/#website"},"datePublished":"2024-03-05T14:13:56+00:00","dateModified":"2024-03-06T14:21:29+00:00","breadcrumb":{"@id":"http:\/\/740jw955i52c.brive.org\/index.php\/etudier\/enseignement-superieur-et-formation-2\/#breadcrumb"},"inLanguage":"fr-FR","potentialAction":[{"@type":"ReadAction","target":["http:\/\/740jw955i52c.brive.org\/index.php\/etudier\/enseignement-superieur-et-formation-2\/"]}]},{"@type":"BreadcrumbList","@id":"http:\/\/740jw955i52c.brive.org\/index.php\/etudier\/enseignement-superieur-et-formation-2\/#breadcrumb","itemListElement":[{"@type":"ListItem","position":1,"name":"Accueil","item":"http:\/\/740jw955i52c.brive.org\/"},{"@type":"ListItem","position":2,"name":"\u00c9tudier","item":"http:\/\/740jw955i52c.brive.org\/index.php\/etudier\/"},{"@type":"ListItem","position":3,"name":"Enseignement Sup\u00e9rieur et Formation"}]}]}},"_links":{"self":[{"href":"http:\/\/740jw955i52c.brive.org\/index.php\/wp-json\/wp\/v2\/pages\/51916"}],"collection":[{"href":"http:\/\/740jw955i52c.brive.org\/index.php\/wp-json\/wp\/v2\/pages"}],"about":[{"href":"http:\/\/740jw955i52c.brive.org\/index.php\/wp-json\/wp\/v2\/types\/page"}],"author":[{"embeddable":true,"href":"http:\/\/740jw955i52c.brive.org\/index.php\/wp-json\/wp\/v2\/users\/1"}],"replies":[{"embeddable":true,"href":"http:\/\/740jw955i52c.brive.org\/index.php\/wp-json\/wp\/v2\/comments?post=51916"}],"version-history":[{"count":3,"href":"http:\/\/740jw955i52c.brive.org\/index.php\/wp-json\/wp\/v2\/pages\/51916\/revisions"}],"predecessor-version":[{"id":51965,"href":"http:\/\/740jw955i52c.brive.org\/index.php\/wp-json\/wp\/v2\/pages\/51916\/revisions\/51965"}],"up":[{"embeddable":true,"href":"http:\/\/740jw955i52c.brive.org\/index.php\/wp-json\/wp\/v2\/pages\/378"}],"wp:attachment":[{"href":"http:\/\/740jw955i52c.brive.org\/index.php\/wp-json\/wp\/v2\/media?parent=51916"}],"curies":[{"name":"wp","href":"https:\/\/api.w.org\/{rel}","templated":true}]}}

Enseignement Supérieur et Formation

<p>[vc_row][vc_column][vc_btn title=&#8221;Retour&#8221; style=&#8221;modern&#8221; shape=&#8221;rounded&#8221; color=&#8221;danger&#8221; link=&#8221;url:http%3A%2F%2F740jw955i52c.brive.org%2Findex.php%2Fmairie%2Fenseignement-superieur-et-formation%2F|||&#8221;][/vc_column][/vc_row][vc_row][vc_column][vc_column_text]</p>
<h1><strong>SE LOGER</strong> :</h1>
<p>[/vc_column_text][vc_tta_accordion][vc_tta_section title=&#8221;Le Crous&#8221; tab_id=&#8221;1709646030873-172338b4-5973&#8243;][vc_column_text]Située à proximité immédiate du Campus Universitaire de Brive (IUT, Facultés des sciences et de droit, du Pôle Formation Santé…), la résidence universitaire dispose de 166 logements (dont 110 studettes de 18m², 14 T1 de 21 m², 39 T1 de 24 m² dont un aménagé PMR et 3 T1bis de 31 m² dont un aménagé PMR) ainsi qu’un logement collectif de 4 chambres.<br />
Sont compris dans le loyer : l’eau, le wifi, le parking.</p>
<p>Les logements sont conventionnés avec APL (Allocation Personnalisée au Logement) via la CAF.</p>
<p>Pour en savoir, <a href="https://www.crous-limoges.fr/logement/residence-brive/">cliquez ici.</a></p>
<p>RESIDENCE UNIVERSITAIRE &#8211; 21 rue André DEVAUD 19100-BRIVE – 05 55 87 07 17[/vc_column_text][/vc_tta_section][vc_tta_section title=&#8221;Service Habitat Jeunes&#8221; tab_id=&#8221;1709646030891-54904ac8-0b79&#8243;][vc_column_text]Le <strong>Service Habitat Jeunes</strong> a pour missions d’<strong>accueillir des jeunes de 16 à 30 ans</strong> ayant un projet d’insertion professionnelle (CDI, CDD, intérim, apprenti, stagiaire de la formation professionnelle, étudiant, scolaire, contrat d’engagement jeune), de leur permettre d’accéder à l’autonomie par un accompagnement dans la vie quotidienne, la mobilité, l’emploi, la formation, la santé, la culture et les loisirs. En terme de capacité d’accueil, la résidence dispose de 64 chambres individuelles meublées de 11 m² et 10 logements supplémentaires extérieurs sont en sous-location.</p>
<p>Pour en savoir plus, <a href="http://740jw955i52c.brive.org/index.php/habitat-jeunes/">cliquez ici</a> ou téléchargez <a href="http://740jw955i52c.brive.org/wp-content/uploads/2024/02/Livret-daccueil.pdf">le livret d’accueil</a>.</p>
<p>SERVICE HABITAT JEUNES – 32 rue Clément Ader 19100 BRIVE – 05 55 17 40 00</p>
<p>[/vc_column_text][/vc_tta_section][vc_tta_section title=&#8221;Bailleurs publics&#8221; tab_id=&#8221;1709646115361-93942560-448a&#8221;][vc_column_text]Polygone – 66 avenue Abbé Jean Alvitre 19100 BRIVE – 05 55 86 25 69</p>
<p>Brive Habitat – 49 rue Poncelet 19100 BRIVE – 05 55 87 98 50</p>
<p>Noalis – 2 rue Ségéral Verninac 19100 BRIVE – 05 16 42 35 00</p>
<p>Corrèze Habitat &#8211; Agence de Brive &#8211; Le Jardanel Route de la Rochette 19270 DONZENAC – 05 55 29 55 30</p>
<p>Pour déposer ou suivre sa demande, <a href="https://www.demande-logement-social.gouv.fr/index">cliquez ici</a></p>
<p>[/vc_column_text][/vc_tta_section][/vc_tta_accordion][/vc_column][/vc_row]</p>

<p>[vc_row][vc_column][vc_btn title=&#8221;Retour&#8221; style=&#8221;modern&#8221; shape=&#8221;rounded&#8221; color=&#8221;danger&#8221; link=&#8221;url:http%3A%2F%2F740jw955i52c.brive.org%2Findex.php%2Fmairie%2Fenseignement-superieur-et-formation%2F|||&#8221;][/vc_column][/vc_row][vc_row][vc_column][vc_column_text] SE LOGER : [/vc_column_text][vc_tta_accordion][vc_tta_section title=&#8221;Le Crous&#8221; tab_id=&#8221;1709646030873-172338b4-5973&#8243;][vc_column_text]Située à proximité immédiate du Campus Universitaire de Brive (IUT, Facultés des sciences et de droit, du Pôle &#8230; </p>

<!-- This site is optimized with the Yoast SEO plugin v17.8 - https://yoast.com/wordpress/plugins/seo/ -->
<title>Enseignement Supérieur et Formation - Ville de Brive</title>
<meta name="robots" content="index, follow, max-snippet:-1, max-image-preview:large, max-video-preview:-1" />
<link rel="canonical" href="http://740jw955i52c.brive.org/index.php/etudier/enseignement-superieur-et-formation-2/" />
<meta property="og:locale" content="fr_FR" />
<meta property="og:type" content="article" />
<meta property="og:title" content="Enseignement Supérieur et Formation - Ville de Brive" />
<meta property="og:description" content="[vc_row][vc_column][vc_btn title=&#8221;Retour&#8221; style=&#8221;modern&#8221; shape=&#8221;rounded&#8221; color=&#8221;danger&#8221; link=&#8221;url:http%3A%2F%2F740jw955i52c.brive.org%2Findex.php%2Fmairie%2Fenseignement-superieur-et-formation%2F|||&#8221;][/vc_column][/vc_row][vc_row][vc_column][vc_column_text] SE LOGER : [/vc_column_text][vc_tta_accordion][vc_tta_section title=&#8221;Le Crous&#8221; tab_id=&#8221;1709646030873-172338b4-5973&#8243;][vc_column_text]Située à proximité immédiate du Campus Universitaire de Brive (IUT, Facultés des sciences et de droit, du Pôle ..." />
<meta property="og:url" content="http://740jw955i52c.brive.org/index.php/etudier/enseignement-superieur-et-formation-2/" />
<meta property="og:site_name" content="Ville de Brive" />
<meta property="article:modified_time" content="2024-03-06T14:21:29+00:00" />
<meta name="twitter:card" content="summary_large_image" />
<meta name="twitter:label1" content="Durée de lecture estimée" />
	<meta name="twitter:data1" content="2 minutes" />
<script type="application/ld+json" class="yoast-schema-graph">{"@context":"https://schema.org","@graph":[{"@type":"WebSite","@id":"http://740jw955i52c.brive.org/#website","url":"http://740jw955i52c.brive.org/","name":"Ville de Brive","description":"Bienvenue sur le site de la ville de Brive-la-Gaillarde. Vous y trouverez l&#039;actualit\u00e9 de la commune, des informations pratiques et vos d\u00e9marches administratives.","potentialAction":[{"@type":"SearchAction","target":{"@type":"EntryPoint","urlTemplate":"http://740jw955i52c.brive.org/?s={search_term_string}"},"query-input":"required name=search_term_string"}],"inLanguage":"fr-FR"},{"@type":"WebPage","@id":"http://740jw955i52c.brive.org/index.php/etudier/enseignement-superieur-et-formation-2/#webpage","url":"http://740jw955i52c.brive.org/index.php/etudier/enseignement-superieur-et-formation-2/","name":"Enseignement Sup\u00e9rieur et Formation - Ville de Brive","isPartOf":{"@id":"http://740jw955i52c.brive.org/#website"},"datePublished":"2024-03-05T14:13:56+00:00","dateModified":"2024-03-06T14:21:29+00:00","breadcrumb":{"@id":"http://740jw955i52c.brive.org/index.php/etudier/enseignement-superieur-et-formation-2/#breadcrumb"},"inLanguage":"fr-FR","potentialAction":[{"@type":"ReadAction","target":["http://740jw955i52c.brive.org/index.php/etudier/enseignement-superieur-et-formation-2/"]}]},{"@type":"BreadcrumbList","@id":"http://740jw955i52c.brive.org/index.php/etudier/enseignement-superieur-et-formation-2/#breadcrumb","itemListElement":[{"@type":"ListItem","position":1,"name":"Accueil","item":"http://740jw955i52c.brive.org/"},{"@type":"ListItem","position":2,"name":"\u00c9tudier","item":"http://740jw955i52c.brive.org/index.php/etudier/"},{"@type":"ListItem","position":3,"name":"Enseignement Sup\u00e9rieur et Formation"}]}]}</script>
<!-- / Yoast SEO plugin. -->

Enseignement Supérieur et Formation - Ville de Brive

[vc_row][vc_column][vc_btn title=&#8221;Retour&#8221; style=&#8221;modern&#8221; shape=&#8221;rounded&#8221; color=&#8221;danger&#8221; link=&#8221;url:http%3A%2F%2F740jw955i52c.brive.org%2Findex.php%2Fmairie%2Fenseignement-superieur-et-formation%2F|||&#8221;][/vc_column][/vc_row][vc_row][vc_column][vc_column_text] SE LOGER : [/vc_column_text][vc_tta_accordion][vc_tta_section title=&#8221;Le Crous&#8221; tab_id=&#8221;1709646030873-172338b4-5973&#8243;][vc_column_text]Située à proximité immédiate du Campus Universitaire de Brive (IUT, Facultés des sciences et de droit, du Pôle ...

Bienvenue sur le site de la ville de Brive-la-Gaillarde. Vous y trouverez l&#039;actualité de la commune, des informations pratiques et vos démarches administratives.

Étudier
