{"id":51773,"date":"2024-02-14T14:22:50","date_gmt":"2024-02-14T13:22:50","guid":{"rendered":"http:\/\/740jw955i52c.brive.org\/?page_id=51773"},"modified":"2024-03-25T11:17:44","modified_gmt":"2024-03-25T10:17:44","slug":"plan-local-urbanisme-plu","status":"publish","type":"page","link":"http:\/\/740jw955i52c.brive.org\/index.php\/plan-local-urbanisme-plu\/","title":{"rendered":"Plan Local d&#8217;Urbanisme (PLU)"},"content":{"rendered":"<p>[vc_row][vc_column][vc_text_separator title=&#8221;Le Plan Local d&#8217;Urbanisme (PLU) en vigueur&#8221; color=&#8221;blue&#8221; style=&#8221;dotted&#8221; border_width=&#8221;6&#8243;][vc_column_text]Approuv\u00e9 par le conseil municipal, le <strong>Plan Local d&#8217;Urbanisme (PLU)<\/strong> est un document de planification communal qui permet le d\u00e9veloppement durable du territoire. La r\u00e9vision g\u00e9n\u00e9rale de celui-ci a \u00e9t\u00e9 prescrite le 29 septembre 2021.[\/vc_column_text][vc_empty_space][vc_tta_accordion style=&#8221;outline&#8221; color=&#8221;sky&#8221; active_section=&#8221;10&#8243;][vc_tta_section title=&#8221;R\u00e8glement&#8221; tab_id=&#8221;1707916767014-a6838e1a-3898&#8243;][vc_column_text]\u25b6 <a href=\"http:\/\/740jw955i52c.brive.org\/wp-content\/uploads\/2024\/03\/ENV_9723_FIC_19082.pdf\" target=\"_blank\" rel=\"noopener\">R\u00e8glement<\/a><\/p>\n<p>[\/vc_column_text][\/vc_tta_section][vc_tta_section title=&#8221;Zonage&#8221; tab_id=&#8221;1707916767023-23f8a617-ea13&#8243;][vc_column_text]\u25b6 <a href=\"http:\/\/740jw955i52c.brive.org\/wp-content\/uploads\/2024\/03\/ENV_9723_FIC_19083.pdf\" target=\"_blank\" rel=\"noopener\">Zonage<\/a>[\/vc_column_text][\/vc_tta_section][vc_tta_section title=&#8221;Orientation d&#8217;am\u00e9nagement et de programmation&#8221; tab_id=&#8221;1707916790941-0f0952c4-61e9&#8243;][vc_column_text]\u25b6 <a href=\"http:\/\/740jw955i52c.brive.org\/wp-content\/uploads\/2024\/03\/ENV_9723_FIC_19084.pdf\" target=\"_blank\" rel=\"noopener\">Orientation d&#8217;Am\u00e9nagement<\/a><\/p>\n<p>[\/vc_column_text][\/vc_tta_section][vc_tta_section title=&#8221;Projet d&#8217;am\u00e9nagement et de d\u00e9veloppement durable&#8221; tab_id=&#8221;1707916816892-430b9a1e-d0b9&#8243;][vc_column_text]\u25b6 <a href=\"http:\/\/740jw955i52c.brive.org\/wp-content\/uploads\/2019\/01\/PADD.pdf\" target=\"_blank\" rel=\"noopener\">Projet d&#8217;Am\u00e9nagement et de D\u00e9veloppement Durables<\/a>[\/vc_column_text][\/vc_tta_section][vc_tta_section title=&#8221;Rapport de pr\u00e9sentation&#8221; tab_id=&#8221;1707916837258-70504a18-fa2d&#8221;][vc_column_text]<\/p>\n<ul>\n<li><a href=\"http:\/\/740jw955i52c.brive.org\/wp-content\/uploads\/2019\/01\/6-Rapport-presentation.pdf\" target=\"_blank\" rel=\"noopener\">Rapport pr\u00e9sentation<\/a><\/li>\n<li><a href=\"http:\/\/740jw955i52c.brive.org\/wp-content\/uploads\/2019\/01\/Pr\u00e9sentation-r\u00e9vision-2017-I.pdf\" target=\"_blank\" rel=\"noopener\">Pr\u00e9sentation r\u00e9vision 2017-I<\/a><\/li>\n<li><a href=\"http:\/\/740jw955i52c.brive.org\/wp-content\/uploads\/2019\/01\/Pr\u00e9sentation-r\u00e9vision-2017-II.pdf\" target=\"_blank\" rel=\"noopener\">Pr\u00e9sentation r\u00e9vision 2017-II<\/a><\/li>\n<\/ul>\n<p>[\/vc_column_text][\/vc_tta_section][vc_tta_section title=&#8221;Annexes&#8221; tab_id=&#8221;1707916855042-ab13f58b-ecd9&#8243;][vc_row_inner][vc_column_inner][vc_column_text]\u25b6 <a href=\"http:\/\/740jw955i52c.brive.org\/Docs\/PLU\/annexes-a-jour-mars-2024_2024-03-07_0922.zip\" target=\"_blank\" rel=\"noopener\">Documents \u00e0 t\u00e9l\u00e9charger<\/a>[\/vc_column_text][\/vc_column_inner][\/vc_row_inner][\/vc_tta_section][vc_tta_section title=&#8221;D\u00e9lib\u00e9rations&#8221; tab_id=&#8221;1707916866274-ffe916fd-b38c&#8221;][vc_column_text]<\/p>\n<ul>\n<li><a href=\"http:\/\/740jw955i52c.brive.org\/wp-content\/uploads\/2019\/01\/1-Deliberation-prescription-1.pdf\" target=\"_blank\" rel=\"noopener\">D\u00e9lib\u00e9ration prescription<\/a><\/li>\n<li><a href=\"http:\/\/740jw955i52c.brive.org\/wp-content\/uploads\/2019\/01\/2-Deliberation-arret-1.pdf\" target=\"_blank\" rel=\"noopener\">D\u00e9liberation arr\u00eat<\/a><\/li>\n<li><a href=\"http:\/\/740jw955i52c.brive.org\/wp-content\/uploads\/2019\/01\/3-Deliberation-approbation-1.pdf\" target=\"_blank\" rel=\"noopener\">D\u00e9lib\u00e9ration approbation<\/a><\/li>\n<li><a href=\"http:\/\/740jw955i52c.brive.org\/wp-content\/uploads\/2024\/03\/Delib-prescription-Revision-Generale-290921.pdf\">D\u00e9lib prescription R\u00e9vision G\u00e9n\u00e9rale 290921<\/a><\/li>\n<li><a href=\"http:\/\/740jw955i52c.brive.org\/wp-content\/uploads\/2024\/03\/Procedures-intermediaires.pdf\">Proc\u00e9dures interm\u00e9diaires<\/a><\/li>\n<\/ul>\n<p>[\/vc_column_text][\/vc_tta_section][\/vc_tta_accordion][vc_row_inner][vc_column_inner][\/vc_column_inner][\/vc_row_inner][\/vc_column][\/vc_row][vc_row][vc_column][vc_text_separator title=&#8221;Les proc\u00e9dures en cours&#8221; color=&#8221;blue&#8221; style=&#8221;dotted&#8221; border_width=&#8221;6&#8243;][vc_row_inner][vc_column_inner width=&#8221;1\/2&#8243;][vc_btn title=&#8221;\u25b6 Enqu\u00eate publique et concertation&#8221; style=&#8221;outline&#8221; color=&#8221;primary&#8221; size=&#8221;lg&#8221; align=&#8221;left&#8221; button_block=&#8221;true&#8221; link=&#8221;url:http%3A%2F%2F740jw955i52c.brive.org%2Findex.php%2Fenquete-publique-et-concertation%2F%20|||&#8221;][\/vc_column_inner][vc_column_inner width=&#8221;1\/2&#8243;][\/vc_column_inner][\/vc_row_inner][\/vc_column][\/vc_row][vc_row][vc_column][vc_text_separator title=&#8221;La R\u00e9vision G\u00e9n\u00e9rale du PLU&#8221; color=&#8221;blue&#8221; style=&#8221;dotted&#8221; border_width=&#8221;6&#8243;][vc_row_inner][vc_column_inner width=&#8221;1\/2&#8243;][vc_btn title=&#8221;\u25b6 Revision g\u00e9n\u00e9rale du PLU&#8221; style=&#8221;outline&#8221; color=&#8221;primary&#8221; size=&#8221;lg&#8221; link=&#8221;url:http%3A%2F%2F740jw955i52c.brive.org%2Findex.php%2Frevision-generale-du-plu%2F|||&#8221;][\/vc_column_inner][vc_column_inner width=&#8221;1\/2&#8243;][\/vc_column_inner][\/vc_row_inner][\/vc_column][\/vc_row]<\/p>\n","protected":false},"excerpt":{"rendered":"<p>[vc_row][vc_column][vc_text_separator title=&#8221;Le Plan Local d&#8217;Urbanisme (PLU) en vigueur&#8221; color=&#8221;blue&#8221; style=&#8221;dotted&#8221; border_width=&#8221;6&#8243;][vc_column_text]Approuv\u00e9 par le conseil municipal, le Plan Local d&#8217;Urbanisme (PLU) est un document de planification communal qui permet le d\u00e9veloppement &#8230; <\/p>\n","protected":false},"author":1,"featured_media":0,"parent":0,"menu_order":0,"comment_status":"closed","ping_status":"closed","template":"","meta":[],"yoast_head":"<!-- This site is optimized with the Yoast SEO plugin v17.8 - https:\/\/yoast.com\/wordpress\/plugins\/seo\/ -->\n<title>Plan Local d&#039;Urbanisme (PLU) - Ville de Brive<\/title>\n<meta name=\"robots\" content=\"index, follow, max-snippet:-1, max-image-preview:large, max-video-preview:-1\" \/>\n<link rel=\"canonical\" href=\"http:\/\/740jw955i52c.brive.org\/index.php\/plan-local-urbanisme-plu\/\" \/>\n<meta property=\"og:locale\" content=\"fr_FR\" \/>\n<meta property=\"og:type\" content=\"article\" \/>\n<meta property=\"og:title\" content=\"Plan Local d&#039;Urbanisme (PLU) - Ville de Brive\" \/>\n<meta property=\"og:description\" content=\"[vc_row][vc_column][vc_text_separator title=&#8221;Le Plan Local d&#8217;Urbanisme (PLU) en vigueur&#8221; color=&#8221;blue&#8221; style=&#8221;dotted&#8221; border_width=&#8221;6&#8243;][vc_column_text]Approuv\u00e9 par le conseil municipal, le Plan Local d&#8217;Urbanisme (PLU) est un document de planification communal qui permet le d\u00e9veloppement ...\" \/>\n<meta property=\"og:url\" content=\"http:\/\/740jw955i52c.brive.org\/index.php\/plan-local-urbanisme-plu\/\" \/>\n<meta property=\"og:site_name\" content=\"Ville de Brive\" \/>\n<meta property=\"article:modified_time\" content=\"2024-03-25T10:17:44+00:00\" \/>\n<meta name=\"twitter:card\" content=\"summary_large_image\" \/>\n<meta name=\"twitter:label1\" content=\"Dur\u00e9e de lecture estim\u00e9e\" \/>\n\t<meta name=\"twitter:data1\" content=\"2 minutes\" \/>\n<script type=\"application\/ld+json\" class=\"yoast-schema-graph\">{\"@context\":\"https:\/\/schema.org\",\"@graph\":[{\"@type\":\"WebSite\",\"@id\":\"http:\/\/740jw955i52c.brive.org\/#website\",\"url\":\"http:\/\/740jw955i52c.brive.org\/\",\"name\":\"Ville de Brive\",\"description\":\"Bienvenue sur le site de la ville de Brive-la-Gaillarde. Vous y trouverez l&#039;actualit\\u00e9 de la commune, des informations pratiques et vos d\\u00e9marches administratives.\",\"potentialAction\":[{\"@type\":\"SearchAction\",\"target\":{\"@type\":\"EntryPoint\",\"urlTemplate\":\"http:\/\/740jw955i52c.brive.org\/?s={search_term_string}\"},\"query-input\":\"required name=search_term_string\"}],\"inLanguage\":\"fr-FR\"},{\"@type\":\"WebPage\",\"@id\":\"http:\/\/740jw955i52c.brive.org\/index.php\/plan-local-urbanisme-plu\/#webpage\",\"url\":\"http:\/\/740jw955i52c.brive.org\/index.php\/plan-local-urbanisme-plu\/\",\"name\":\"Plan Local d'Urbanisme (PLU) - Ville de Brive\",\"isPartOf\":{\"@id\":\"http:\/\/740jw955i52c.brive.org\/#website\"},\"datePublished\":\"2024-02-14T13:22:50+00:00\",\"dateModified\":\"2024-03-25T10:17:44+00:00\",\"breadcrumb\":{\"@id\":\"http:\/\/740jw955i52c.brive.org\/index.php\/plan-local-urbanisme-plu\/#breadcrumb\"},\"inLanguage\":\"fr-FR\",\"potentialAction\":[{\"@type\":\"ReadAction\",\"target\":[\"http:\/\/740jw955i52c.brive.org\/index.php\/plan-local-urbanisme-plu\/\"]}]},{\"@type\":\"BreadcrumbList\",\"@id\":\"http:\/\/740jw955i52c.brive.org\/index.php\/plan-local-urbanisme-plu\/#breadcrumb\",\"itemListElement\":[{\"@type\":\"ListItem\",\"position\":1,\"name\":\"Accueil\",\"item\":\"http:\/\/740jw955i52c.brive.org\/\"},{\"@type\":\"ListItem\",\"position\":2,\"name\":\"Plan Local d&#8217;Urbanisme (PLU)\"}]}]}<\/script>\n<!-- \/ Yoast SEO plugin. -->","yoast_head_json":{"title":"Plan Local d'Urbanisme (PLU) - Ville de Brive","robots":{"index":"index","follow":"follow","max-snippet":"max-snippet:-1","max-image-preview":"max-image-preview:large","max-video-preview":"max-video-preview:-1"},"canonical":"http:\/\/740jw955i52c.brive.org\/index.php\/plan-local-urbanisme-plu\/","og_locale":"fr_FR","og_type":"article","og_title":"Plan Local d'Urbanisme (PLU) - Ville de Brive","og_description":"[vc_row][vc_column][vc_text_separator title=&#8221;Le Plan Local d&#8217;Urbanisme (PLU) en vigueur&#8221; color=&#8221;blue&#8221; style=&#8221;dotted&#8221; border_width=&#8221;6&#8243;][vc_column_text]Approuv\u00e9 par le conseil municipal, le Plan Local d&#8217;Urbanisme (PLU) est un document de planification communal qui permet le d\u00e9veloppement ...","og_url":"http:\/\/740jw955i52c.brive.org\/index.php\/plan-local-urbanisme-plu\/","og_site_name":"Ville de Brive","article_modified_time":"2024-03-25T10:17:44+00:00","twitter_card":"summary_large_image","twitter_misc":{"Dur\u00e9e de lecture estim\u00e9e":"2 minutes"},"schema":{"@context":"https:\/\/schema.org","@graph":[{"@type":"WebSite","@id":"http:\/\/740jw955i52c.brive.org\/#website","url":"http:\/\/740jw955i52c.brive.org\/","name":"Ville de Brive","description":"Bienvenue sur le site de la ville de Brive-la-Gaillarde. Vous y trouverez l&#039;actualit\u00e9 de la commune, des informations pratiques et vos d\u00e9marches administratives.","potentialAction":[{"@type":"SearchAction","target":{"@type":"EntryPoint","urlTemplate":"http:\/\/740jw955i52c.brive.org\/?s={search_term_string}"},"query-input":"required name=search_term_string"}],"inLanguage":"fr-FR"},{"@type":"WebPage","@id":"http:\/\/740jw955i52c.brive.org\/index.php\/plan-local-urbanisme-plu\/#webpage","url":"http:\/\/740jw955i52c.brive.org\/index.php\/plan-local-urbanisme-plu\/","name":"Plan Local d'Urbanisme (PLU) - Ville de Brive","isPartOf":{"@id":"http:\/\/740jw955i52c.brive.org\/#website"},"datePublished":"2024-02-14T13:22:50+00:00","dateModified":"2024-03-25T10:17:44+00:00","breadcrumb":{"@id":"http:\/\/740jw955i52c.brive.org\/index.php\/plan-local-urbanisme-plu\/#breadcrumb"},"inLanguage":"fr-FR","potentialAction":[{"@type":"ReadAction","target":["http:\/\/740jw955i52c.brive.org\/index.php\/plan-local-urbanisme-plu\/"]}]},{"@type":"BreadcrumbList","@id":"http:\/\/740jw955i52c.brive.org\/index.php\/plan-local-urbanisme-plu\/#breadcrumb","itemListElement":[{"@type":"ListItem","position":1,"name":"Accueil","item":"http:\/\/740jw955i52c.brive.org\/"},{"@type":"ListItem","position":2,"name":"Plan Local d&#8217;Urbanisme (PLU)"}]}]}},"_links":{"self":[{"href":"http:\/\/740jw955i52c.brive.org\/index.php\/wp-json\/wp\/v2\/pages\/51773"}],"collection":[{"href":"http:\/\/740jw955i52c.brive.org\/index.php\/wp-json\/wp\/v2\/pages"}],"about":[{"href":"http:\/\/740jw955i52c.brive.org\/index.php\/wp-json\/wp\/v2\/types\/page"}],"author":[{"embeddable":true,"href":"http:\/\/740jw955i52c.brive.org\/index.php\/wp-json\/wp\/v2\/users\/1"}],"replies":[{"embeddable":true,"href":"http:\/\/740jw955i52c.brive.org\/index.php\/wp-json\/wp\/v2\/comments?post=51773"}],"version-history":[{"count":24,"href":"http:\/\/740jw955i52c.brive.org\/index.php\/wp-json\/wp\/v2\/pages\/51773\/revisions"}],"predecessor-version":[{"id":52156,"href":"http:\/\/740jw955i52c.brive.org\/index.php\/wp-json\/wp\/v2\/pages\/51773\/revisions\/52156"}],"wp:attachment":[{"href":"http:\/\/740jw955i52c.brive.org\/index.php\/wp-json\/wp\/v2\/media?parent=51773"}],"curies":[{"name":"wp","href":"https:\/\/api.w.org\/{rel}","templated":true}]}}

<p>[vc_row][vc_column][vc_text_separator title=&#8221;Le Plan Local d&#8217;Urbanisme (PLU) en vigueur&#8221; color=&#8221;blue&#8221; style=&#8221;dotted&#8221; border_width=&#8221;6&#8243;][vc_column_text]Approuvé par le conseil municipal, le <strong>Plan Local d&#8217;Urbanisme (PLU)</strong> est un document de planification communal qui permet le développement durable du territoire. La révision générale de celui-ci a été prescrite le 29 septembre 2021.[/vc_column_text][vc_empty_space][vc_tta_accordion style=&#8221;outline&#8221; color=&#8221;sky&#8221; active_section=&#8221;10&#8243;][vc_tta_section title=&#8221;Règlement&#8221; tab_id=&#8221;1707916767014-a6838e1a-3898&#8243;][vc_column_text]▶ <a href="http://740jw955i52c.brive.org/wp-content/uploads/2024/03/ENV_9723_FIC_19082.pdf" target="_blank" rel="noopener">Règlement</a></p>
<p>[/vc_column_text][/vc_tta_section][vc_tta_section title=&#8221;Zonage&#8221; tab_id=&#8221;1707916767023-23f8a617-ea13&#8243;][vc_column_text]▶ <a href="http://740jw955i52c.brive.org/wp-content/uploads/2024/03/ENV_9723_FIC_19083.pdf" target="_blank" rel="noopener">Zonage</a>[/vc_column_text][/vc_tta_section][vc_tta_section title=&#8221;Orientation d&#8217;aménagement et de programmation&#8221; tab_id=&#8221;1707916790941-0f0952c4-61e9&#8243;][vc_column_text]▶ <a href="http://740jw955i52c.brive.org/wp-content/uploads/2024/03/ENV_9723_FIC_19084.pdf" target="_blank" rel="noopener">Orientation d&#8217;Aménagement</a></p>
<p>[/vc_column_text][/vc_tta_section][vc_tta_section title=&#8221;Projet d&#8217;aménagement et de développement durable&#8221; tab_id=&#8221;1707916816892-430b9a1e-d0b9&#8243;][vc_column_text]▶ <a href="http://740jw955i52c.brive.org/wp-content/uploads/2019/01/PADD.pdf" target="_blank" rel="noopener">Projet d&#8217;Aménagement et de Développement Durables</a>[/vc_column_text][/vc_tta_section][vc_tta_section title=&#8221;Rapport de présentation&#8221; tab_id=&#8221;1707916837258-70504a18-fa2d&#8221;][vc_column_text]</p>
<ul>
<li><a href="http://740jw955i52c.brive.org/wp-content/uploads/2019/01/6-Rapport-presentation.pdf" target="_blank" rel="noopener">Rapport présentation</a></li>
<li><a href="http://740jw955i52c.brive.org/wp-content/uploads/2019/01/Présentation-révision-2017-I.pdf" target="_blank" rel="noopener">Présentation révision 2017-I</a></li>
<li><a href="http://740jw955i52c.brive.org/wp-content/uploads/2019/01/Présentation-révision-2017-II.pdf" target="_blank" rel="noopener">Présentation révision 2017-II</a></li>
</ul>
<p>[/vc_column_text][/vc_tta_section][vc_tta_section title=&#8221;Annexes&#8221; tab_id=&#8221;1707916855042-ab13f58b-ecd9&#8243;][vc_row_inner][vc_column_inner][vc_column_text]▶ <a href="http://740jw955i52c.brive.org/Docs/PLU/annexes-a-jour-mars-2024_2024-03-07_0922.zip" target="_blank" rel="noopener">Documents à télécharger</a>[/vc_column_text][/vc_column_inner][/vc_row_inner][/vc_tta_section][vc_tta_section title=&#8221;Délibérations&#8221; tab_id=&#8221;1707916866274-ffe916fd-b38c&#8221;][vc_column_text]</p>
<ul>
<li><a href="http://740jw955i52c.brive.org/wp-content/uploads/2019/01/1-Deliberation-prescription-1.pdf" target="_blank" rel="noopener">Délibération prescription</a></li>
<li><a href="http://740jw955i52c.brive.org/wp-content/uploads/2019/01/2-Deliberation-arret-1.pdf" target="_blank" rel="noopener">Déliberation arrêt</a></li>
<li><a href="http://740jw955i52c.brive.org/wp-content/uploads/2019/01/3-Deliberation-approbation-1.pdf" target="_blank" rel="noopener">Délibération approbation</a></li>
<li><a href="http://740jw955i52c.brive.org/wp-content/uploads/2024/03/Delib-prescription-Revision-Generale-290921.pdf">Délib prescription Révision Générale 290921</a></li>
<li><a href="http://740jw955i52c.brive.org/wp-content/uploads/2024/03/Procedures-intermediaires.pdf">Procédures intermédiaires</a></li>
</ul>
<p>[/vc_column_text][/vc_tta_section][/vc_tta_accordion][vc_row_inner][vc_column_inner][/vc_column_inner][/vc_row_inner][/vc_column][/vc_row][vc_row][vc_column][vc_text_separator title=&#8221;Les procédures en cours&#8221; color=&#8221;blue&#8221; style=&#8221;dotted&#8221; border_width=&#8221;6&#8243;][vc_row_inner][vc_column_inner width=&#8221;1/2&#8243;][vc_btn title=&#8221;▶ Enquête publique et concertation&#8221; style=&#8221;outline&#8221; color=&#8221;primary&#8221; size=&#8221;lg&#8221; align=&#8221;left&#8221; button_block=&#8221;true&#8221; link=&#8221;url:http%3A%2F%2F740jw955i52c.brive.org%2Findex.php%2Fenquete-publique-et-concertation%2F%20|||&#8221;][/vc_column_inner][vc_column_inner width=&#8221;1/2&#8243;][/vc_column_inner][/vc_row_inner][/vc_column][/vc_row][vc_row][vc_column][vc_text_separator title=&#8221;La Révision Générale du PLU&#8221; color=&#8221;blue&#8221; style=&#8221;dotted&#8221; border_width=&#8221;6&#8243;][vc_row_inner][vc_column_inner width=&#8221;1/2&#8243;][vc_btn title=&#8221;▶ Revision générale du PLU&#8221; style=&#8221;outline&#8221; color=&#8221;primary&#8221; size=&#8221;lg&#8221; link=&#8221;url:http%3A%2F%2F740jw955i52c.brive.org%2Findex.php%2Frevision-generale-du-plu%2F|||&#8221;][/vc_column_inner][vc_column_inner width=&#8221;1/2&#8243;][/vc_column_inner][/vc_row_inner][/vc_column][/vc_row]</p>

<p>[vc_row][vc_column][vc_text_separator title=&#8221;Le Plan Local d&#8217;Urbanisme (PLU) en vigueur&#8221; color=&#8221;blue&#8221; style=&#8221;dotted&#8221; border_width=&#8221;6&#8243;][vc_column_text]Approuvé par le conseil municipal, le Plan Local d&#8217;Urbanisme (PLU) est un document de planification communal qui permet le développement &#8230; </p>

<!-- This site is optimized with the Yoast SEO plugin v17.8 - https://yoast.com/wordpress/plugins/seo/ -->
<title>Plan Local d&#039;Urbanisme (PLU) - Ville de Brive</title>
<meta name="robots" content="index, follow, max-snippet:-1, max-image-preview:large, max-video-preview:-1" />
<link rel="canonical" href="http://740jw955i52c.brive.org/index.php/plan-local-urbanisme-plu/" />
<meta property="og:locale" content="fr_FR" />
<meta property="og:type" content="article" />
<meta property="og:title" content="Plan Local d&#039;Urbanisme (PLU) - Ville de Brive" />
<meta property="og:description" content="[vc_row][vc_column][vc_text_separator title=&#8221;Le Plan Local d&#8217;Urbanisme (PLU) en vigueur&#8221; color=&#8221;blue&#8221; style=&#8221;dotted&#8221; border_width=&#8221;6&#8243;][vc_column_text]Approuvé par le conseil municipal, le Plan Local d&#8217;Urbanisme (PLU) est un document de planification communal qui permet le développement ..." />
<meta property="og:url" content="http://740jw955i52c.brive.org/index.php/plan-local-urbanisme-plu/" />
<meta property="og:site_name" content="Ville de Brive" />
<meta property="article:modified_time" content="2024-03-25T10:17:44+00:00" />
<meta name="twitter:card" content="summary_large_image" />
<meta name="twitter:label1" content="Durée de lecture estimée" />
	<meta name="twitter:data1" content="2 minutes" />
<script type="application/ld+json" class="yoast-schema-graph">{"@context":"https://schema.org","@graph":[{"@type":"WebSite","@id":"http://740jw955i52c.brive.org/#website","url":"http://740jw955i52c.brive.org/","name":"Ville de Brive","description":"Bienvenue sur le site de la ville de Brive-la-Gaillarde. Vous y trouverez l&#039;actualit\u00e9 de la commune, des informations pratiques et vos d\u00e9marches administratives.","potentialAction":[{"@type":"SearchAction","target":{"@type":"EntryPoint","urlTemplate":"http://740jw955i52c.brive.org/?s={search_term_string}"},"query-input":"required name=search_term_string"}],"inLanguage":"fr-FR"},{"@type":"WebPage","@id":"http://740jw955i52c.brive.org/index.php/plan-local-urbanisme-plu/#webpage","url":"http://740jw955i52c.brive.org/index.php/plan-local-urbanisme-plu/","name":"Plan Local d'Urbanisme (PLU) - Ville de Brive","isPartOf":{"@id":"http://740jw955i52c.brive.org/#website"},"datePublished":"2024-02-14T13:22:50+00:00","dateModified":"2024-03-25T10:17:44+00:00","breadcrumb":{"@id":"http://740jw955i52c.brive.org/index.php/plan-local-urbanisme-plu/#breadcrumb"},"inLanguage":"fr-FR","potentialAction":[{"@type":"ReadAction","target":["http://740jw955i52c.brive.org/index.php/plan-local-urbanisme-plu/"]}]},{"@type":"BreadcrumbList","@id":"http://740jw955i52c.brive.org/index.php/plan-local-urbanisme-plu/#breadcrumb","itemListElement":[{"@type":"ListItem","position":1,"name":"Accueil","item":"http://740jw955i52c.brive.org/"},{"@type":"ListItem","position":2,"name":"Plan Local d&#8217;Urbanisme (PLU)"}]}]}</script>
<!-- / Yoast SEO plugin. -->

[vc_row][vc_column][vc_text_separator title=&#8221;Le Plan Local d&#8217;Urbanisme (PLU) en vigueur&#8221; color=&#8221;blue&#8221; style=&#8221;dotted&#8221; border_width=&#8221;6&#8243;][vc_column_text]Approuvé par le conseil municipal, le Plan Local d&#8217;Urbanisme (PLU) est un document de planification communal qui permet le développement ...

Bienvenue sur le site de la ville de Brive-la-Gaillarde. Vous y trouverez l&#039;actualité de la commune, des informations pratiques et vos démarches administratives.
