{"id":471,"date":"2015-10-06T09:12:54","date_gmt":"2015-10-06T07:12:54","guid":{"rendered":"http:\/\/740jw955i52c.brive.org?page_id=471"},"modified":"2024-09-27T16:20:52","modified_gmt":"2024-09-27T14:20:52","slug":"services-a-la-personne","status":"publish","type":"page","link":"http:\/\/740jw955i52c.brive.org\/index.php\/social\/services-a-la-personne\/","title":{"rendered":"Services \u00e0 la personne"},"content":{"rendered":"<p>[vc_row css=&#8221;.vc_custom_1486738155597{background-color: #f9f9f9 !important;}&#8221;][vc_column][\/vc_column][\/vc_row][vc_row css=&#8221;.vc_custom_1486738155597{background-color: #f9f9f9 !important;}&#8221;][vc_column width=&#8221;1\/2&#8243;][vc_btn title=&#8221;Service Habitat Jeunes&#8221; style=&#8221;custom&#8221; custom_background=&#8221;#5aa1e3&#8243; custom_text=&#8221;#ffffff&#8221; align=&#8221;center&#8221; button_block=&#8221;true&#8221; link=&#8221;url:http%3A%2F%2F740jw955i52c.brive.org%2Findex.php%2Faccueil%2Fjeunes%2Fhabitat-jeunes%2F|title:Service%20Habitat%20Jeunes|&#8221;][\/vc_column][vc_column width=&#8221;1\/2&#8243;][vc_btn title=&#8221;Le CLIC &#8211; Centre Local d\u2019Information et de Coordination&#8221; style=&#8221;custom&#8221; custom_background=&#8221;#5aa1e3&#8243; custom_text=&#8221;#ffffff&#8221; align=&#8221;center&#8221; button_block=&#8221;true&#8221; link=&#8221;url:http%3A%2F%2F740jw955i52c.brive.org%2Findex.php%2Fle-clic%2F|||&#8221;][\/vc_column][\/vc_row][vc_row css=&#8221;.vc_custom_1488383671041{background-color: #f7f7f7 !important;}&#8221;][vc_column][vc_row_inner][vc_column_inner width=&#8221;1\/2&#8243;][vc_btn title=&#8221;R\u00e9sidences autonomie&#8221; style=&#8221;custom&#8221; custom_background=&#8221;#5aa1e3&#8243; custom_text=&#8221;#ffffff&#8221; align=&#8221;center&#8221; button_block=&#8221;true&#8221; link=&#8221;url:http%3A%2F%2F740jw955i52c.brive.org%2Findex.php%2Faccueil%2Fseniors%2Fresidences-autonomie%2F|title:R%C3%A9sidences%20autonomie|&#8221;][\/vc_column_inner][vc_column_inner width=&#8221;1\/2&#8243;][vc_btn title=&#8221;Les services aux S\u00e9niors&#8221; style=&#8221;custom&#8221; custom_background=&#8221;#5aa1e3&#8243; custom_text=&#8221;#ffffff&#8221; align=&#8221;center&#8221; button_block=&#8221;true&#8221; link=&#8221;url:http%3A%2F%2F740jw955i52c.brive.org%2Findex.php%2Fsocial%2Fservices-aux-seniors%2F|title:Social||&#8221;][\/vc_column_inner][\/vc_row_inner][\/vc_column][\/vc_row][vc_row css=&#8221;.vc_custom_1486738178600{background-color: #f9f9f9 !important;}&#8221;][vc_column width=&#8221;2\/3&#8243;]<div class=\"uxb-exte\"><h3 class=\"   has-line   uxb-heading\">Accompagnement social<\/h3><\/div>[vc_accordion active_tab=&#8221;false&#8221; collapsible=&#8221;yes&#8221; use_as=&#8221;toggle&#8221; active_section=&#8221;1&#8243; expanded=&#8221;false&#8221;][vc_accordion_tab title=&#8221;Public jeune&#8221;][vc_column_text]<strong>Le CCAS accompagne le public jeune<\/strong><\/p>\n<p>Est consid\u00e9r\u00e9 comme public jeune toute personne \u00e2g\u00e9e de 18 \u00e0 24 ans, non pris en charge par les parents, n&#8217;ayant pas d&#8217;enfant \u00e0 charge et ne b\u00e9n\u00e9ficiant pas d&#8217;un contrat jeune majeur.[\/vc_column_text][\/vc_accordion_tab][vc_accordion_tab title=&#8221;Personnes retrait\u00e9es et\/ou handicap\u00e9es&#8221;][vc_column_text]En lien avec le CLIC, les travailleurs sociaux\u00a0 m\u00e8nent\u00a0:<\/p>\n<p>Une mission d\u2019accompagnement des personnes en difficult\u00e9 visant \u00e0 les aider \u00e0 retrouver ou d\u00e9velopper leur autonomie de vie\u00a0:<\/p>\n<ul>\n<li>Aide administrative, juridique, au logement et \u00e0 la gestion des affaires courantes<\/li>\n<li>Information et acc\u00e8s aux droits<\/li>\n<li>Constitution des dossiers \u00e0 caract\u00e8re social (Aides Financi\u00e8res)<\/li>\n<li>Accompagnement Educatif Budg\u00e9taire<\/li>\n<\/ul>\n<p>Une mission de rep\u00e9rage et d\u2019\u00e9valuation en mati\u00e8re de protection des personnes vuln\u00e9rables[\/vc_column_text][\/vc_accordion_tab][\/vc_accordion][\/vc_column][vc_column width=&#8221;1\/3&#8243;][vc_column_text]<br \/>\n[\/vc_column_text][\/vc_column][\/vc_row][vc_row css=&#8221;.vc_custom_1488383689054{background-color: #f7f7f7 !important;border-radius: 1px !important;}&#8221;][vc_column]<div class=\"uxb-exte\"><h3 class=\"   has-line   uxb-heading\">Epicerie Sociale et Solidaire<\/h3><\/div>[vc_column_text]L\u2019Epicerie Sociale et Solidaire est un outil p\u00e9dagogique permettant \u00e0 des <strong>personnes en difficult\u00e9s de financer un projet<\/strong>, <strong>en \u00e9conomisant sur le budget alimentaire<\/strong>.<br \/>\nLes prix des produits sont fix\u00e9s entre 30 \u00e0 50% de ceux du march\u00e9.<\/p>\n<p>Chaque personne b\u00e9n\u00e9ficie d&#8217;un montant maximum de d\u00e9penses autoris\u00e9es par mois en fonction de la composition de sa famille.[\/vc_column_text][vc_column_text]<a href=\"http:\/\/740jw955i52c.brive.org\/wp-content\/uploads\/2024\/09\/Logo-Cofinancement-Europeen.png\"><img decoding=\"async\" loading=\"lazy\" class=\"aligncenter size-full wp-image-53579\" src=\"http:\/\/740jw955i52c.brive.org\/wp-content\/uploads\/2024\/09\/Logo-Cofinancement-Europeen.png\" alt=\"\" width=\"490\" height=\"91\" srcset=\"http:\/\/740jw955i52c.brive.org\/wp-content\/uploads\/2024\/09\/Logo-Cofinancement-Europeen.png 490w, http:\/\/740jw955i52c.brive.org\/wp-content\/uploads\/2024\/09\/Logo-Cofinancement-Europeen-300x56.png 300w, http:\/\/740jw955i52c.brive.org\/wp-content\/uploads\/2024\/09\/Logo-Cofinancement-Europeen-200x37.png 200w, http:\/\/740jw955i52c.brive.org\/wp-content\/uploads\/2024\/09\/Logo-Cofinancement-Europeen-363x67.png 363w, http:\/\/740jw955i52c.brive.org\/wp-content\/uploads\/2024\/09\/Logo-Cofinancement-Europeen-200x37@2x.png 400w\" sizes=\"(max-width: 490px) 100vw, 490px\" \/><\/a>[\/vc_column_text][vc_tta_accordion style=&#8221;modern&#8221; c_icon=&#8221;&#8221; active_section=&#8221;&#8221; collapsible_all=&#8221;true&#8221;][vc_tta_section i_icon_fontawesome=&#8221;fa fa-camera-retro&#8221; add_icon=&#8221;true&#8221; tab_id=&#8221;1487083128974-aabbfe48-70e0&#8243; title=&#8221;Visitez l&#8217;\u00e9picerie sociale et solidaire&#8221;][vc_gallery type=&#8221;flexslider_slide&#8221; interval=&#8221;5&#8243; images=&#8221;12372,12373,12374,12375,12376,12377,12378,12379,12380,12381&#8243; img_size=&#8221;full&#8221; grid_style=&#8221;circle&#8221; show_bullets=&#8221;true&#8221;][\/vc_tta_section][\/vc_tta_accordion][vc_accordion active_tab=&#8221;false&#8221; collapsible=&#8221;yes&#8221; use_as=&#8221;toggle&#8221; active_section=&#8221;1&#8243; expanded=&#8221;false&#8221;][vc_accordion_tab title=&#8221;Conditions d\u2019acc\u00e8s et modalit\u00e9s :&#8221;][vc_column_text]L&#8217;acc\u00e8s \u00e0 l&#8217;\u00e9picerie sociale est soumis \u00e0 l&#8217;\u00e9laboration d&#8217;un projet concret d\u00e9fini avec le travailleur social.<\/p>\n<p>La dur\u00e9e d\u2019acc\u00e8s \u00e0 l\u2019\u00e9picerie est r\u00e9alis\u00e9e pour une dur\u00e9e de 3 \u00e0 6 mois. Elle peut \u00eatre renouvel\u00e9e en fonction de la situation de l\u2019int\u00e9ress\u00e9 et de l\u2019\u00e9tat d\u2019avancement du projet.<\/p>\n<p>L\u2019acc\u00e8s est valid\u00e9 par la commission permanente du CCAS.[\/vc_column_text][\/vc_accordion_tab][\/vc_accordion][vc_tta_accordion c_icon=&#8221;&#8221; active_section=&#8221;&#8221; collapsible_all=&#8221;true&#8221;][vc_tta_section tab_id=&#8221;1486738921350-b0bb9a8b-79c7&#8243; title=&#8221;Ateliers&#8221;][vc_column_text]Des ateliers sont propos\u00e9s aux personnes : accompagnement diff\u00e9renci\u00e9 de celui r\u00e9alis\u00e9 par les travailleurs sociaux, dans une dynamique de projet, d\u2019espace de communication, d\u2019\u00e9changes et de partage.<\/p>\n<ul>\n<li><span style=\"text-decoration: underline\"><strong>Atelier Cuisine<\/strong><\/span><\/li>\n<\/ul>\n<p>Pr\u00e9par\u00e9 et anim\u00e9 par des travailleurs sociaux du CCAS, cet atelier se veut un lieu de partage des cultures et savoirs\u2013faire et un apprentissage des techniques culinaires simples pour cuisiner \u00e9quilibr\u00e9 \u00e0 moindre co\u00fbt.<\/p>\n<p>2 groupes sont \u00e9tablis et 10 \u00e0 12 s\u00e9ances par an sont r\u00e9alis\u00e9es, avec une moyenne de 8 \u00e0 12 participants par s\u00e9ance. L\u2019atelier est compos\u00e9 d\u2019une majorit\u00e9 de femmes, issues d\u2019horizons tr\u00e8s diff\u00e9rents.<\/p>\n<ul>\n<li><span style=\"text-decoration: underline\"><strong>Atelier Pass coiffure<\/strong><\/span><\/li>\n<\/ul>\n<p>Anim\u00e9 par un agent qualifi\u00e9 dans la coiffure, cet atelier permet aux personnes en difficult\u00e9s sociales de prendre soin d\u2019elles-m\u00eames et d\u2019acc\u00e9der \u00e0 des prestations coiffure \u00e0 co\u00fbt r\u00e9duit.<\/p>\n<ul>\n<li><span style=\"text-decoration: underline\"><strong>Atelier Lire et \u00e9crire<\/strong><\/span><\/li>\n<\/ul>\n<p>Dispens\u00e9 par\u00a0l&#8217;INSUP \u00e0 raison d\u2019une fois par semaine, cet atelier vise une meilleure compr\u00e9hension de la langue fran\u00e7aise \u00e0 l\u2019\u00e9crit et \u00e0 l\u2019oral, une plus grande ma\u00eetrise des d\u00e9marches administratives et quotidiennes.[\/vc_column_text][\/vc_tta_section][\/vc_tta_accordion][vc_tta_accordion c_icon=&#8221;&#8221; active_section=&#8221;&#8221; collapsible_all=&#8221;true&#8221;][vc_tta_section tab_id=&#8221;1486740148074-e80df322-eab4&#8243; title=&#8221;Chantier d\u2019insertion&#8221;][vc_row_inner][vc_column_inner width=&#8221;2\/3&#8243;][vc_column_text]<\/p>\n<p>L\u2019\u00e9picerie, c\u2019est \u00e9galement une passerelle vers l\u2019emploi \u00e0 travers un chantier d\u2019insertion. Outre le responsable de la structure et son adjointe, l\u2019\u00e9picerie emploie un agent contractuel et six personnes dans le cadre de contrats aid\u00e9s. Ces personnes se forment aux m\u00e9tiers de la vente, de magasinier, de l\u2019accueil ou encore de l\u2019entretien des locaux. Elles sont accompagn\u00e9es pour l\u2019acquisition de ces comp\u00e9tences par un encadrant technique mais \u00e9galement par un encadrant socioprofessionnel, travailleur social du CCAS, qui est charg\u00e9 de lever les freins \u00e0 leur insertion et de construire avec eux un projet pour un retour durable vers l\u2019emploi.<\/p>\n<p>[\/vc_column_text][\/vc_column_inner][vc_column_inner width=&#8221;1\/3&#8243;][vc_images_carousel images=&#8221;24621,24629,24261&#8243; img_size=&#8221;full&#8221; onclick=&#8221;link_no&#8221; speed=&#8221;3000&#8243; autoplay=&#8221;yes&#8221; hide_prev_next_buttons=&#8221;yes&#8221; wrap=&#8221;yes&#8221;][\/vc_column_inner][\/vc_row_inner][\/vc_tta_section][\/vc_tta_accordion][vc_separator color=&#8221;white&#8221;][\/vc_column][\/vc_row][vc_row css=&#8221;.vc_custom_1486738223527{background-color: #f9f9f9 !important;}&#8221;][vc_column width=&#8221;2\/3&#8243;]<div class=\"uxb-exte\"><h3 class=\"   has-line   uxb-heading\">Centre d\u2019H\u00e9bergement et de R\u00e9insertion Sociale<\/h3><\/div>[vc_accordion active_tab=&#8221;false&#8221; collapsible=&#8221;yes&#8221; use_as=&#8221;toggle&#8221; active_section=&#8221;1&#8243; expanded=&#8221;false&#8221;][vc_accordion_tab title=&#8221;Le CHRS Bernard PATIER&#8221;][vc_column_text]Le CHRS B.Patier a pour mission d\u2019une part l\u2019h\u00e9bergement en appartement (23 places sur 12 logements r\u00e9partis dans la cit\u00e9) pour une dur\u00e9e de 6 mois renouvelables, et, d\u2019autre part, l\u2019accompagnement socio-\u00e9ducatif des personnes accueillies en vue de favoriser leur insertion ou r\u00e9insertion sociale et professionnelle.<\/p>\n<p>Le service s\u2019adresse\u00a0\u00e0 des personnes connaissant de graves difficult\u00e9s \u00e9conomiques, familiales, de sant\u00e9 ou d\u2019insertion.<\/p>\n<p>Les orientations vers ce dispositif doivent \u00eatre \u00e9tablies via le SIAO (Service Int\u00e9gr\u00e9 d\u2019Accueil et d\u2019Orientation).[\/vc_column_text][\/vc_accordion_tab][\/vc_accordion][\/vc_column][vc_column width=&#8221;1\/3&#8243;][vc_gallery type=&#8221;flexslider_slide&#8221; interval=&#8221;5&#8243; images=&#8221;12413,12415&#8243; img_size=&#8221;full&#8221; grid_style=&#8221;circle&#8221; show_bullets=&#8221;true&#8221;][\/vc_column][\/vc_row][vc_row css=&#8221;.vc_custom_1488383713463{background-color: #f7f7f7 !important;}&#8221;][vc_column width=&#8221;2\/3&#8243;]<div class=\"uxb-exte\"><h3 class=\"   has-line   uxb-heading\">Pr\u00e9carit\u00e9 Solidarit\u00e9 Plurielles<\/h3><\/div>[vc_accordion active_tab=&#8221;false&#8221; collapsible=&#8221;yes&#8221; use_as=&#8221;toggle&#8221; active_section=&#8221;1&#8243; expanded=&#8221;false&#8221;][vc_accordion_tab title=&#8221;M\u00e9diation de rue&#8221;][vc_column_text]Le service s\u2019adresse aux personnes sans domicile, en errance, en situation de marginalit\u00e9.\u00a0 Ses missions consistent \u00e0 aller \u00e0 leur rencontre dans la rue, \u00e0 cr\u00e9er du lien pour pouvoir ensuite les accompagner et coordonner leur prise en charge par les diff\u00e9rents acteurs associatifs ou institutionnels luttant contre l\u2019exclusion sociale.<\/p>\n<p>Le service assure \u00e9galement un r\u00f4le de m\u00e9diation aupr\u00e8s des commer\u00e7ants et des usagers de l\u2019espace public.[\/vc_column_text][\/vc_accordion_tab][vc_accordion_tab title=&#8221;Demande de r\u00e9gularisation&#8221;][vc_column_text]<\/p>\n<p>Le service r\u00e9alise un accompagnement physique des personnes qui ne maitrisent ni la langue ni les codes et proc\u00e9dures. C\u2019est un accompagnement global : administratif et juridique pour r\u00e9gulariser la situation des personnes, social et m\u00e9dical (volet\u00a0 h\u00e9bergement, moyens de subsistance, couverture sant\u00e9), socio culturel pour favoriser l\u2019int\u00e9gration des personnes, (initiation au fran\u00e7ais\u2026) mais \u00e9galement \u00e9ducatif (suivi de la scolarit\u00e9 avec le dispositif \u00ab r\u00e9ussite \u00e9ducative \u00bb et les m\u00e9diatrices scolaires\u2026) ou encore professionnel (promesse d\u2019embauche).<\/p>\n<p>[\/vc_column_text][\/vc_accordion_tab][\/vc_accordion][\/vc_column][vc_column width=&#8221;1\/3&#8243;][vc_gallery type=&#8221;flexslider_slide&#8221; interval=&#8221;5&#8243; images=&#8221;12420,12417&#8243; img_size=&#8221;full&#8221; grid_style=&#8221;circle&#8221; show_bullets=&#8221;true&#8221;][\/vc_column][\/vc_row][vc_row][vc_column width=&#8221;1\/2&#8243;][vc_btn title=&#8221;Retour Social&#8221; style=&#8221;classic&#8221; shape=&#8221;rounded&#8221; size=&#8221;sm&#8221; align=&#8221;left&#8221; link=&#8221;url:http%3A%2F%2F740jw955i52c.brive.org%2Findex.php%2Fsocial%2F|title:Social|&#8221;][\/vc_column][vc_column width=&#8221;1\/2&#8243;][vc_btn title=&#8221;Retour S\u00e9niors&#8221; style=&#8221;classic&#8221; shape=&#8221;rounded&#8221; size=&#8221;sm&#8221; align=&#8221;right&#8221; link=&#8221;url:http%3A%2F%2F740jw955i52c.brive.org%2Findex.php%2Faccueil%2Fhabiter%2Fvous-etes%2Fseniors%2F|title:S%C3%A9niors|&#8221;][\/vc_column][\/vc_row]<\/p>\n","protected":false},"excerpt":{"rendered":"<p>[vc_row css=&#8221;.vc_custom_1486738155597{background-color: #f9f9f9 !important;}&#8221;][vc_column][\/vc_column][\/vc_row][vc_row css=&#8221;.vc_custom_1486738155597{background-color: #f9f9f9 !important;}&#8221;][vc_column width=&#8221;1\/2&#8243;][vc_btn title=&#8221;Service Habitat Jeunes&#8221; style=&#8221;custom&#8221; custom_background=&#8221;#5aa1e3&#8243; custom_text=&#8221;#ffffff&#8221; align=&#8221;center&#8221; button_block=&#8221;true&#8221; link=&#8221;url:http%3A%2F%2F740jw955i52c.brive.org%2Findex.php%2Faccueil%2Fjeunes%2Fhabitat-jeunes%2F|title:Service%20Habitat%20Jeunes|&#8221;][\/vc_column][vc_column width=&#8221;1\/2&#8243;][vc_btn title=&#8221;Le CLIC &#8211; Centre Local d\u2019Information et de Coordination&#8221; style=&#8221;custom&#8221; custom_background=&#8221;#5aa1e3&#8243; custom_text=&#8221;#ffffff&#8221; &#8230; <\/p>\n","protected":false},"author":3,"featured_media":0,"parent":6026,"menu_order":0,"comment_status":"closed","ping_status":"closed","template":"","meta":[],"yoast_head":"<!-- This site is optimized with the Yoast SEO plugin v17.8 - https:\/\/yoast.com\/wordpress\/plugins\/seo\/ -->\n<title>Services \u00e0 la personne - Ville de Brive<\/title>\n<meta name=\"robots\" content=\"index, follow, max-snippet:-1, max-image-preview:large, max-video-preview:-1\" \/>\n<link rel=\"canonical\" href=\"http:\/\/740jw955i52c.brive.org\/index.php\/social\/services-a-la-personne\/\" \/>\n<meta property=\"og:locale\" content=\"fr_FR\" \/>\n<meta property=\"og:type\" content=\"article\" \/>\n<meta property=\"og:title\" content=\"Services \u00e0 la personne - Ville de Brive\" \/>\n<meta property=\"og:description\" content=\"[vc_row css=&#8221;.vc_custom_1486738155597{background-color: #f9f9f9 !important;}&#8221;][vc_column][\/vc_column][\/vc_row][vc_row css=&#8221;.vc_custom_1486738155597{background-color: #f9f9f9 !important;}&#8221;][vc_column width=&#8221;1\/2&#8243;][vc_btn title=&#8221;Service Habitat Jeunes&#8221; style=&#8221;custom&#8221; custom_background=&#8221;#5aa1e3&#8243; custom_text=&#8221;#ffffff&#8221; align=&#8221;center&#8221; button_block=&#8221;true&#8221; link=&#8221;url:http%3A%2F%2F740jw955i52c.brive.org%2Findex.php%2Faccueil%2Fjeunes%2Fhabitat-jeunes%2F|title:Service%20Habitat%20Jeunes|&#8221;][\/vc_column][vc_column width=&#8221;1\/2&#8243;][vc_btn title=&#8221;Le CLIC &#8211; Centre Local d\u2019Information et de Coordination&#8221; style=&#8221;custom&#8221; custom_background=&#8221;#5aa1e3&#8243; custom_text=&#8221;#ffffff&#8221; ...\" \/>\n<meta property=\"og:url\" content=\"http:\/\/740jw955i52c.brive.org\/index.php\/social\/services-a-la-personne\/\" \/>\n<meta property=\"og:site_name\" content=\"Ville de Brive\" \/>\n<meta property=\"article:modified_time\" content=\"2024-09-27T14:20:52+00:00\" \/>\n<meta property=\"og:image\" content=\"http:\/\/740jw955i52c.brive.org\/wp-content\/uploads\/2024\/09\/Logo-Cofinancement-Europeen.png\" \/>\n<meta name=\"twitter:card\" content=\"summary_large_image\" \/>\n<meta name=\"twitter:label1\" content=\"Dur\u00e9e de lecture estim\u00e9e\" \/>\n\t<meta name=\"twitter:data1\" content=\"8 minutes\" \/>\n<script type=\"application\/ld+json\" class=\"yoast-schema-graph\">{\"@context\":\"https:\/\/schema.org\",\"@graph\":[{\"@type\":\"WebSite\",\"@id\":\"http:\/\/740jw955i52c.brive.org\/#website\",\"url\":\"http:\/\/740jw955i52c.brive.org\/\",\"name\":\"Ville de Brive\",\"description\":\"Bienvenue sur le site de la ville de Brive-la-Gaillarde. Vous y trouverez l&#039;actualit\\u00e9 de la commune, des informations pratiques et vos d\\u00e9marches administratives.\",\"potentialAction\":[{\"@type\":\"SearchAction\",\"target\":{\"@type\":\"EntryPoint\",\"urlTemplate\":\"http:\/\/740jw955i52c.brive.org\/?s={search_term_string}\"},\"query-input\":\"required name=search_term_string\"}],\"inLanguage\":\"fr-FR\"},{\"@type\":\"ImageObject\",\"@id\":\"http:\/\/740jw955i52c.brive.org\/index.php\/social\/services-a-la-personne\/#primaryimage\",\"inLanguage\":\"fr-FR\",\"url\":\"http:\/\/740jw955i52c.brive.org\/wp-content\/uploads\/2024\/09\/Logo-Cofinancement-Europeen.png\",\"contentUrl\":\"http:\/\/740jw955i52c.brive.org\/wp-content\/uploads\/2024\/09\/Logo-Cofinancement-Europeen.png\",\"width\":490,\"height\":91},{\"@type\":\"WebPage\",\"@id\":\"http:\/\/740jw955i52c.brive.org\/index.php\/social\/services-a-la-personne\/#webpage\",\"url\":\"http:\/\/740jw955i52c.brive.org\/index.php\/social\/services-a-la-personne\/\",\"name\":\"Services \\u00e0 la personne - Ville de Brive\",\"isPartOf\":{\"@id\":\"http:\/\/740jw955i52c.brive.org\/#website\"},\"primaryImageOfPage\":{\"@id\":\"http:\/\/740jw955i52c.brive.org\/index.php\/social\/services-a-la-personne\/#primaryimage\"},\"datePublished\":\"2015-10-06T07:12:54+00:00\",\"dateModified\":\"2024-09-27T14:20:52+00:00\",\"breadcrumb\":{\"@id\":\"http:\/\/740jw955i52c.brive.org\/index.php\/social\/services-a-la-personne\/#breadcrumb\"},\"inLanguage\":\"fr-FR\",\"potentialAction\":[{\"@type\":\"ReadAction\",\"target\":[\"http:\/\/740jw955i52c.brive.org\/index.php\/social\/services-a-la-personne\/\"]}]},{\"@type\":\"BreadcrumbList\",\"@id\":\"http:\/\/740jw955i52c.brive.org\/index.php\/social\/services-a-la-personne\/#breadcrumb\",\"itemListElement\":[{\"@type\":\"ListItem\",\"position\":1,\"name\":\"Accueil\",\"item\":\"http:\/\/740jw955i52c.brive.org\/\"},{\"@type\":\"ListItem\",\"position\":2,\"name\":\"Social\",\"item\":\"http:\/\/740jw955i52c.brive.org\/index.php\/social\/\"},{\"@type\":\"ListItem\",\"position\":3,\"name\":\"Services \\u00e0 la personne\"}]}]}<\/script>\n<!-- \/ Yoast SEO plugin. -->","yoast_head_json":{"title":"Services \u00e0 la personne - Ville de Brive","robots":{"index":"index","follow":"follow","max-snippet":"max-snippet:-1","max-image-preview":"max-image-preview:large","max-video-preview":"max-video-preview:-1"},"canonical":"http:\/\/740jw955i52c.brive.org\/index.php\/social\/services-a-la-personne\/","og_locale":"fr_FR","og_type":"article","og_title":"Services \u00e0 la personne - Ville de Brive","og_description":"[vc_row css=&#8221;.vc_custom_1486738155597{background-color: #f9f9f9 !important;}&#8221;][vc_column][\/vc_column][\/vc_row][vc_row css=&#8221;.vc_custom_1486738155597{background-color: #f9f9f9 !important;}&#8221;][vc_column width=&#8221;1\/2&#8243;][vc_btn title=&#8221;Service Habitat Jeunes&#8221; style=&#8221;custom&#8221; custom_background=&#8221;#5aa1e3&#8243; custom_text=&#8221;#ffffff&#8221; align=&#8221;center&#8221; button_block=&#8221;true&#8221; link=&#8221;url:http%3A%2F%2F740jw955i52c.brive.org%2Findex.php%2Faccueil%2Fjeunes%2Fhabitat-jeunes%2F|title:Service%20Habitat%20Jeunes|&#8221;][\/vc_column][vc_column width=&#8221;1\/2&#8243;][vc_btn title=&#8221;Le CLIC &#8211; Centre Local d\u2019Information et de Coordination&#8221; style=&#8221;custom&#8221; custom_background=&#8221;#5aa1e3&#8243; custom_text=&#8221;#ffffff&#8221; ...","og_url":"http:\/\/740jw955i52c.brive.org\/index.php\/social\/services-a-la-personne\/","og_site_name":"Ville de Brive","article_modified_time":"2024-09-27T14:20:52+00:00","og_image":[{"url":"http:\/\/740jw955i52c.brive.org\/wp-content\/uploads\/2024\/09\/Logo-Cofinancement-Europeen.png"}],"twitter_card":"summary_large_image","twitter_misc":{"Dur\u00e9e de lecture estim\u00e9e":"8 minutes"},"schema":{"@context":"https:\/\/schema.org","@graph":[{"@type":"WebSite","@id":"http:\/\/740jw955i52c.brive.org\/#website","url":"http:\/\/740jw955i52c.brive.org\/","name":"Ville de Brive","description":"Bienvenue sur le site de la ville de Brive-la-Gaillarde. Vous y trouverez l&#039;actualit\u00e9 de la commune, des informations pratiques et vos d\u00e9marches administratives.","potentialAction":[{"@type":"SearchAction","target":{"@type":"EntryPoint","urlTemplate":"http:\/\/740jw955i52c.brive.org\/?s={search_term_string}"},"query-input":"required name=search_term_string"}],"inLanguage":"fr-FR"},{"@type":"ImageObject","@id":"http:\/\/740jw955i52c.brive.org\/index.php\/social\/services-a-la-personne\/#primaryimage","inLanguage":"fr-FR","url":"http:\/\/740jw955i52c.brive.org\/wp-content\/uploads\/2024\/09\/Logo-Cofinancement-Europeen.png","contentUrl":"http:\/\/740jw955i52c.brive.org\/wp-content\/uploads\/2024\/09\/Logo-Cofinancement-Europeen.png","width":490,"height":91},{"@type":"WebPage","@id":"http:\/\/740jw955i52c.brive.org\/index.php\/social\/services-a-la-personne\/#webpage","url":"http:\/\/740jw955i52c.brive.org\/index.php\/social\/services-a-la-personne\/","name":"Services \u00e0 la personne - Ville de Brive","isPartOf":{"@id":"http:\/\/740jw955i52c.brive.org\/#website"},"primaryImageOfPage":{"@id":"http:\/\/740jw955i52c.brive.org\/index.php\/social\/services-a-la-personne\/#primaryimage"},"datePublished":"2015-10-06T07:12:54+00:00","dateModified":"2024-09-27T14:20:52+00:00","breadcrumb":{"@id":"http:\/\/740jw955i52c.brive.org\/index.php\/social\/services-a-la-personne\/#breadcrumb"},"inLanguage":"fr-FR","potentialAction":[{"@type":"ReadAction","target":["http:\/\/740jw955i52c.brive.org\/index.php\/social\/services-a-la-personne\/"]}]},{"@type":"BreadcrumbList","@id":"http:\/\/740jw955i52c.brive.org\/index.php\/social\/services-a-la-personne\/#breadcrumb","itemListElement":[{"@type":"ListItem","position":1,"name":"Accueil","item":"http:\/\/740jw955i52c.brive.org\/"},{"@type":"ListItem","position":2,"name":"Social","item":"http:\/\/740jw955i52c.brive.org\/index.php\/social\/"},{"@type":"ListItem","position":3,"name":"Services \u00e0 la personne"}]}]}},"_links":{"self":[{"href":"http:\/\/740jw955i52c.brive.org\/index.php\/wp-json\/wp\/v2\/pages\/471"}],"collection":[{"href":"http:\/\/740jw955i52c.brive.org\/index.php\/wp-json\/wp\/v2\/pages"}],"about":[{"href":"http:\/\/740jw955i52c.brive.org\/index.php\/wp-json\/wp\/v2\/types\/page"}],"author":[{"embeddable":true,"href":"http:\/\/740jw955i52c.brive.org\/index.php\/wp-json\/wp\/v2\/users\/3"}],"replies":[{"embeddable":true,"href":"http:\/\/740jw955i52c.brive.org\/index.php\/wp-json\/wp\/v2\/comments?post=471"}],"version-history":[{"count":162,"href":"http:\/\/740jw955i52c.brive.org\/index.php\/wp-json\/wp\/v2\/pages\/471\/revisions"}],"predecessor-version":[{"id":53580,"href":"http:\/\/740jw955i52c.brive.org\/index.php\/wp-json\/wp\/v2\/pages\/471\/revisions\/53580"}],"up":[{"embeddable":true,"href":"http:\/\/740jw955i52c.brive.org\/index.php\/wp-json\/wp\/v2\/pages\/6026"}],"wp:attachment":[{"href":"http:\/\/740jw955i52c.brive.org\/index.php\/wp-json\/wp\/v2\/media?parent=471"}],"curies":[{"name":"wp","href":"https:\/\/api.w.org\/{rel}","templated":true}]}}