{"id":46225,"date":"2022-04-07T11:21:06","date_gmt":"2022-04-07T09:21:06","guid":{"rendered":"http:\/\/740jw955i52c.brive.org\/?page_id=46225"},"modified":"2024-01-15T16:24:20","modified_gmt":"2024-01-15T15:24:20","slug":"attractivite-medicale","status":"publish","type":"page","link":"http:\/\/740jw955i52c.brive.org\/index.php\/attractivite-medicale\/","title":{"rendered":"jadopteundoc.com"},"content":{"rendered":"<p>[vc_row][vc_column][vc_row_inner][vc_column_inner width=&#8221;1\/2&#8243;][vc_raw_html]JTNDaWZyYW1lJTIwd2lkdGglM0QlMjI0NDAlMjIlMjBoZWlnaHQlM0QlMjI0NDAlMjIlMjBzcmMlM0QlMjJodHRwcyUzQSUyRiUyRnd3dy55b3V0dWJlLmNvbSUyRmVtYmVkJTJGYXd1Zm5BSmZzMlElMjIlMjB0aXRsZSUzRCUyMllvdVR1YmUlMjB2aWRlbyUyMHBsYXllciUyMiUyMGZyYW1lYm9yZGVyJTNEJTIyMCUyMiUyMGFsbG93JTNEJTIyYWNjZWxlcm9tZXRlciUzQiUyMGF1dG9wbGF5JTNCJTIwY2xpcGJvYXJkLXdyaXRlJTNCJTIwZW5jcnlwdGVkLW1lZGlhJTNCJTIwZ3lyb3Njb3BlJTNCJTIwcGljdHVyZS1pbi1waWN0dXJlJTIyJTIwYWxsb3dmdWxsc2NyZWVuJTNFJTNDJTJGaWZyYW1lJTNF[\/vc_raw_html][\/vc_column_inner][vc_column_inner width=&#8221;1\/2&#8243;][vc_raw_html]JTNDaWZyYW1lJTIwd2lkdGglM0QlMjI0NDAlMjIlMjBoZWlnaHQlM0QlMjI0NDAlMjIlMjBzcmMlM0QlMjJodHRwcyUzQSUyRiUyRnd3dy55b3V0dWJlLmNvbSUyRmVtYmVkJTJGLU04bS1CWGdWQ2MlMjIlMjB0aXRsZSUzRCUyMllvdVR1YmUlMjB2aWRlbyUyMHBsYXllciUyMiUyMGZyYW1lYm9yZGVyJTNEJTIyMCUyMiUyMGFsbG93JTNEJTIyYWNjZWxlcm9tZXRlciUzQiUyMGF1dG9wbGF5JTNCJTIwY2xpcGJvYXJkLXdyaXRlJTNCJTIwZW5jcnlwdGVkLW1lZGlhJTNCJTIwZ3lyb3Njb3BlJTNCJTIwcGljdHVyZS1pbi1waWN0dXJlJTIyJTIwYWxsb3dmdWxsc2NyZWVuJTNFJTNDJTJGaWZyYW1lJTNF[\/vc_raw_html][\/vc_column_inner][\/vc_row_inner][vc_column_text]<\/p>\n<h1>Futur(e) m\u00e9decin \u00e0 Brive, on prend soin de vous !<\/h1>\n<p>[\/vc_column_text][vc_column_text]\u00c0 partir de votre 5e ann\u00e9e, la Ville de Brive vous soutient pour terminer votre formation.<\/p>\n<p><span style=\"color: #000000\"><strong>Contact :<\/strong> <\/span><a href=\"mailto:santecontact@brive.fr\">santecontact@brive.fr<\/a>[\/vc_column_text][vc_row_inner][vc_column_inner width=&#8221;1\/2&#8243;][vc_single_image image=&#8221;46255&#8243;][\/vc_column_inner][vc_column_inner width=&#8221;1\/2&#8243;][vc_column_text]Pour tout savoir sur <strong>nos aides pour votre installation<\/strong>, et votre environnement de travail (professionnels et \u00e9quipements de sant\u00e9, localisation et qualit\u00e9 de vie)&#8230;[\/vc_column_text][vc_btn title=&#8221;T\u00e9l\u00e9chargez notre d\u00e9pliant ! \u25b6&#8221; style=&#8221;custom&#8221; custom_background=&#8221;#99cccc&#8221; custom_text=&#8221;#ffffff&#8221; shape=&#8221;rounded&#8221; size=&#8221;lg&#8221; i_icon_fontawesome=&#8221;fa fa-file-pdf-o&#8221; css_animation=&#8221;bounceIn&#8221; add_icon=&#8221;true&#8221; link=&#8221;url:http%3A%2F%2F740jw955i52c.brive.org%2Fwp-content%2Fuploads%2F2022%2F04%2FJ-adopte-un-doc-com-Attractivite-medicale-Ville-de-Brive_compressed.pdf||target:%20_blank|&#8221;][\/vc_column_inner][\/vc_row_inner][vc_tta_accordion style=&#8221;flat&#8221; color=&#8221;white&#8221; c_icon=&#8221;triangle&#8221; active_section=&#8221;0&#8243;][vc_tta_section title=&#8221;Futur(e) m\u00e9decin \u00e0 Brive, on prend soin de vous !&#8221; tab_id=&#8221;1705331536508-33cc859f-ddfe&#8221;][vc_column_text]\u00c0 partir de votre <strong>5e ann\u00e9e<\/strong>, la Ville de Brive vous soutient pour terminer votre formation.<\/p>\n<p><strong>Contact :<\/strong>\u00a0<a href=\"mailto:santecontact@brive.fr\"><strong>santecontact@brive.fr<\/strong><\/a><\/p>\n<p>&nbsp;<\/p>\n<p><strong>Bourse compl\u00e8te d\u2019engagement :<\/strong><\/p>\n<p><em>Pour un exercice en m\u00e9decine de ville \u00e0 temps complet (salari\u00e9 ou lib\u00e9ral)<\/em><\/p>\n<ul>\n<li><strong>12 000 \u20ac<\/strong>par ann\u00e9e universitaire pour une installation de 6 ans minimum sur la ville.<\/li>\n<li><strong>6 000 \u20ac<\/strong>\u00a0par ann\u00e9e universitaire pour une installation de 3 ans minimum sur la ville.<\/li>\n<\/ul>\n<p>&nbsp;<\/p>\n<p><strong>Demi-bourse d\u2019engagement :<\/strong><\/p>\n<p><em>Pour un exercice en m\u00e9decine de ville \u00e0 mi-temps (salari\u00e9 ou lib\u00e9ral)<\/em><\/p>\n<ul>\n<li><strong>6 000 \u20ac<\/strong>par ann\u00e9e universitaire pour une installation de 6 ans minimum sur la ville.<\/li>\n<li><strong>3 000 \u20ac<\/strong>\u00a0par ann\u00e9e universitaire pour une installation de 3 ans minimum sur la ville.<\/li>\n<\/ul>\n<p>*Ces aides sont cumulables avec les aides existantes.[\/vc_column_text][\/vc_tta_section][vc_tta_section title=&#8221;Futur(e) dentiste \u00e0 Brive, on prend soin de vous &#8230;\u00e9galement !&#8221; tab_id=&#8221;1705331536535-23593e5d-04e9&#8243;][vc_column_text]\u00c0 partir de votre <strong>4e ann\u00e9e<\/strong>, la Ville de Brive vous soutient pour terminer votre formation.<\/p>\n<p><strong>Contact :<\/strong>\u00a0<a href=\"mailto:santecontact@brive.fr\"><strong>santecontact@brive.fr<\/strong><\/a><\/p>\n<p>&nbsp;<\/p>\n<p><strong>Bourse d\u2019engagement :<\/strong><\/p>\n<p><em>Pour un exercice en cabinet \u00e0 temps complet (salari\u00e9 ou lib\u00e9ral)<\/em><\/p>\n<ul>\n<li><strong>12 000 \u20ac<\/strong>par ann\u00e9e universitaire pour une installation de 6 ans minimum sur la ville.<\/li>\n<li><strong>6 000 \u20ac<\/strong>\u00a0par ann\u00e9e universitaire pour une installation de 3 ans minimum sur la ville.<\/li>\n<\/ul>\n<p>[\/vc_column_text][\/vc_tta_section][vc_tta_section title=&#8221;Futur(e) IPA \u00e0 Brive, votre implantation compte aussi&#8230;&#8221; tab_id=&#8221;1705331665291-18422f38-b6f4&#8243;][vc_column_text]<strong>Contact :<\/strong>\u00a0<a href=\"mailto:santecontact@brive.fr\"><strong>santecontact@brive.fr<\/strong><\/a><\/p>\n<p><strong>Bourse d\u2019engagement :<\/strong><\/p>\n<p>Dans une logique de compl\u00e9mentarit\u00e9 avec les m\u00e9decins<\/p>\n<ul>\n<li>Attribution d\u2019une bourse visant \u00e0 compenser la perte de revenus des IDE entrant en formation \u00e0<strong> 50% de la perte de salaire \u00e0 concurrence de 20.000\u20ac\/ an <\/strong>pour un engagement de 5 ans minimum sur la ville<\/li>\n<\/ul>\n<p>[\/vc_column_text][\/vc_tta_section][\/vc_tta_accordion][vc_row_inner][vc_column_inner width=&#8221;1\/2&#8243;][vc_cta h2=&#8221;Professionnels et \u00e9quipements de sant\u00e9&#8221; h4=&#8221;Votre environnement de travail&#8230;&#8221; style=&#8221;custom&#8221; css=&#8221;.vc_custom_1649336291477{border-radius: 2px !important;}&#8221; custom_text=&#8221;#669999&#8243;]<\/p>\n<ul>\n<li><strong>49<\/strong> m\u00e9decins g\u00e9n\u00e9ralistes<\/li>\n<li><strong>6<\/strong> labos<\/li>\n<li><strong>112<\/strong> m\u00e9decins sp\u00e9cialistes<\/li>\n<li><strong>39<\/strong> chirurgiens dentiste<\/li>\n<li><strong>22<\/strong> pharmacies<\/li>\n<li><strong>139<\/strong> infirmiers<\/li>\n<li><strong>1<\/strong> centre hospitalier<\/li>\n<li><strong>2e<\/strong> pole de sant\u00e9 du Limousin<\/li>\n<li><strong>1<\/strong> centre g\u00e9riatrie g\u00e9rontologie<\/li>\n<li><strong>2<\/strong> cliniques<\/li>\n<li><strong>1<\/strong> centre de m\u00e9decine nucl\u00e9aire<\/li>\n<li><strong>1<\/strong> maternit\u00e9<\/li>\n<li><strong>1<\/strong> p\u00f4le sant\u00e9 au Campus<\/li>\n<li><strong>3<\/strong> plateaux techniques<\/li>\n<\/ul>\n<p>[\/vc_cta][\/vc_column_inner][vc_column_inner width=&#8221;1\/2&#8243;][vc_cta h2=&#8221;Nos aides pour votre installation&#8221; style=&#8221;custom&#8221; custom_background=&#8221;#ffffff&#8221; custom_text=&#8221;#dd3333&#8243;]\u25b6 <strong>Futur(e) m\u00e9decin<br \/>\n<\/strong><\/p>\n<p><strong>\u25b6 Futur(e) dentiste<\/strong><\/p>\n<p><strong>\u25b6 Futur(e) IPA (Infirmier en Pratique Avanc\u00e9e)<\/strong><\/p>\n<p><strong>La Ville de Brive t\u2019accompagne :<\/strong><\/p>\n<p><strong>Pour une installation <\/strong><\/p>\n<ul>\n<li>Une avance remboursable \u00e0 taux z\u00e9ro pour acqu\u00e9rir des locaux, du mat\u00e9riel ou r\u00e9aliser des travaux (50 000 \u20ac, remboursable sur 5 ans).<\/li>\n<li>Dans les d\u00e9marches : logement, moyen de garde, loisirs\u2026<\/li>\n<\/ul>\n<p><strong>Pour un stage<\/strong><\/p>\n<ul>\n<li>Dans les d\u00e9marches : logement, loisirs\u2026<\/li>\n<\/ul>\n<p>[\/vc_cta][\/vc_column_inner][\/vc_row_inner][\/vc_column][\/vc_row][vc_row][vc_column][vc_video link=&#8221;https:\/\/youtu.be\/r-QjCo-goN0&#8243;][\/vc_column][\/vc_row][vc_row][vc_column][vc_cta h2=&#8221;Brive et son territoire&#8221; style=&#8221;custom&#8221; custom_background=&#8221;#ffffff&#8221; custom_text=&#8221;#dd3333&#8243;]Au croisement de deux autoroutes qui mettent Brive \u00e0 port\u00e9e de Bordeaux, Toulouse, Lyon et Paris, <strong>notre ville \u00e0 tout pour vous s\u00e9duire<\/strong>.<\/p>\n<p>Les <strong>concerts<\/strong> et le <strong>sport<\/strong> y sont roi, la <strong>nature<\/strong> omnipr\u00e9sente.<\/p>\n<p>Sur son Agglo, vous rencontrerez <strong>des villages pittoresques<\/strong> comme Saint-Robert ou fortifi\u00e9s comme Turenne o\u00f9 l&#8217;\u00e2me des troubadours plane encore sur les ruelles et les places.<\/p>\n<p>\u00c0 Brive, vous \u00eates au sud de la Corr\u00e8ze o\u00f9 la <strong>douceur du climat<\/strong> s\u2019accorde \u00e0 la douceur des paysages.<\/p>\n<p>Il n\u2019y a que de <strong>bons moments<\/strong> qui vous y attendent, on y cultive l\u2019<strong>art de vivre<\/strong>, les nourritures terrestres et celles de l\u2019esprit.<\/p>\n<p>\u25b6 <a href=\"https:\/\/www.brive.life\/\" target=\"_blank\" rel=\"noopener\">www.brive.life<\/a><\/p>\n<p>\u25b6 <a href=\"https:\/\/www.brive-tourisme.com\/\" target=\"_blank\" rel=\"noopener\">www.brive-tourisme.com<\/a>[\/vc_cta][vc_column_text]<strong>S&#8217;installer \u00e0 Brive<\/strong>, c&#8217;est conjuguer carri\u00e8re professionnelle et vie personnelle ! Conquis ou encore \u00e0 convaincre ? Des questions ?[\/vc_column_text][vc_btn title=&#8221;T\u00e9l\u00e9chargez notre d\u00e9pliant ! \u25b6&#8221; style=&#8221;custom&#8221; custom_background=&#8221;#99cccc&#8221; custom_text=&#8221;#ffffff&#8221; shape=&#8221;rounded&#8221; size=&#8221;lg&#8221; i_icon_fontawesome=&#8221;fa fa-file-pdf-o&#8221; css_animation=&#8221;bounceIn&#8221; add_icon=&#8221;true&#8221; link=&#8221;url:http%3A%2F%2F740jw955i52c.brive.org%2Fwp-content%2Fuploads%2F2022%2F04%2FJ-adopte-un-doc-com-Attractivite-medicale-Ville-de-Brive_compressed.pdf||target:%20_blank|&#8221;][\/vc_column][\/vc_row]<\/p>\n","protected":false},"excerpt":{"rendered":"<p>[vc_row][vc_column][vc_row_inner][vc_column_inner width=&#8221;1\/2&#8243;][vc_raw_html]JTNDaWZyYW1lJTIwd2lkdGglM0QlMjI0NDAlMjIlMjBoZWlnaHQlM0QlMjI0NDAlMjIlMjBzcmMlM0QlMjJodHRwcyUzQSUyRiUyRnd3dy55b3V0dWJlLmNvbSUyRmVtYmVkJTJGYXd1Zm5BSmZzMlElMjIlMjB0aXRsZSUzRCUyMllvdVR1YmUlMjB2aWRlbyUyMHBsYXllciUyMiUyMGZyYW1lYm9yZGVyJTNEJTIyMCUyMiUyMGFsbG93JTNEJTIyYWNjZWxlcm9tZXRlciUzQiUyMGF1dG9wbGF5JTNCJTIwY2xpcGJvYXJkLXdyaXRlJTNCJTIwZW5jcnlwdGVkLW1lZGlhJTNCJTIwZ3lyb3Njb3BlJTNCJTIwcGljdHVyZS1pbi1waWN0dXJlJTIyJTIwYWxsb3dmdWxsc2NyZWVuJTNFJTNDJTJGaWZyYW1lJTNF[\/vc_raw_html][\/vc_column_inner][vc_column_inner width=&#8221;1\/2&#8243;][vc_raw_html]JTNDaWZyYW1lJTIwd2lkdGglM0QlMjI0NDAlMjIlMjBoZWlnaHQlM0QlMjI0NDAlMjIlMjBzcmMlM0QlMjJodHRwcyUzQSUyRiUyRnd3dy55b3V0dWJlLmNvbSUyRmVtYmVkJTJGLU04bS1CWGdWQ2MlMjIlMjB0aXRsZSUzRCUyMllvdVR1YmUlMjB2aWRlbyUyMHBsYXllciUyMiUyMGZyYW1lYm9yZGVyJTNEJTIyMCUyMiUyMGFsbG93JTNEJTIyYWNjZWxlcm9tZXRlciUzQiUyMGF1dG9wbGF5JTNCJTIwY2xpcGJvYXJkLXdyaXRlJTNCJTIwZW5jcnlwdGVkLW1lZGlhJTNCJTIwZ3lyb3Njb3BlJTNCJTIwcGljdHVyZS1pbi1waWN0dXJlJTIyJTIwYWxsb3dmdWxsc2NyZWVuJTNFJTNDJTJGaWZyYW1lJTNF[\/vc_raw_html][\/vc_column_inner][\/vc_row_inner][vc_column_text] Futur(e) m\u00e9decin \u00e0 Brive, on prend soin de vous ! [\/vc_column_text][vc_column_text]\u00c0 partir de votre 5e ann\u00e9e, la Ville de Brive vous soutient pour terminer votre formation. Contact &#8230; <\/p>\n","protected":false},"author":1,"featured_media":0,"parent":0,"menu_order":0,"comment_status":"closed","ping_status":"closed","template":"","meta":[],"yoast_head":"<!-- This site is optimized with the Yoast SEO plugin v17.8 - https:\/\/yoast.com\/wordpress\/plugins\/seo\/ -->\n<title>jadopteundoc.com - Ville de Brive<\/title>\n<meta name=\"robots\" content=\"index, follow, max-snippet:-1, max-image-preview:large, max-video-preview:-1\" \/>\n<link rel=\"canonical\" href=\"http:\/\/740jw955i52c.brive.org\/index.php\/attractivite-medicale\/\" \/>\n<meta property=\"og:locale\" content=\"fr_FR\" \/>\n<meta property=\"og:type\" content=\"article\" \/>\n<meta property=\"og:title\" content=\"jadopteundoc.com - Ville de Brive\" \/>\n<meta property=\"og:description\" content=\"[vc_row][vc_column][vc_row_inner][vc_column_inner width=&#8221;1\/2&#8243;][vc_raw_html]JTNDaWZyYW1lJTIwd2lkdGglM0QlMjI0NDAlMjIlMjBoZWlnaHQlM0QlMjI0NDAlMjIlMjBzcmMlM0QlMjJodHRwcyUzQSUyRiUyRnd3dy55b3V0dWJlLmNvbSUyRmVtYmVkJTJGYXd1Zm5BSmZzMlElMjIlMjB0aXRsZSUzRCUyMllvdVR1YmUlMjB2aWRlbyUyMHBsYXllciUyMiUyMGZyYW1lYm9yZGVyJTNEJTIyMCUyMiUyMGFsbG93JTNEJTIyYWNjZWxlcm9tZXRlciUzQiUyMGF1dG9wbGF5JTNCJTIwY2xpcGJvYXJkLXdyaXRlJTNCJTIwZW5jcnlwdGVkLW1lZGlhJTNCJTIwZ3lyb3Njb3BlJTNCJTIwcGljdHVyZS1pbi1waWN0dXJlJTIyJTIwYWxsb3dmdWxsc2NyZWVuJTNFJTNDJTJGaWZyYW1lJTNF[\/vc_raw_html][\/vc_column_inner][vc_column_inner width=&#8221;1\/2&#8243;][vc_raw_html]JTNDaWZyYW1lJTIwd2lkdGglM0QlMjI0NDAlMjIlMjBoZWlnaHQlM0QlMjI0NDAlMjIlMjBzcmMlM0QlMjJodHRwcyUzQSUyRiUyRnd3dy55b3V0dWJlLmNvbSUyRmVtYmVkJTJGLU04bS1CWGdWQ2MlMjIlMjB0aXRsZSUzRCUyMllvdVR1YmUlMjB2aWRlbyUyMHBsYXllciUyMiUyMGZyYW1lYm9yZGVyJTNEJTIyMCUyMiUyMGFsbG93JTNEJTIyYWNjZWxlcm9tZXRlciUzQiUyMGF1dG9wbGF5JTNCJTIwY2xpcGJvYXJkLXdyaXRlJTNCJTIwZW5jcnlwdGVkLW1lZGlhJTNCJTIwZ3lyb3Njb3BlJTNCJTIwcGljdHVyZS1pbi1waWN0dXJlJTIyJTIwYWxsb3dmdWxsc2NyZWVuJTNFJTNDJTJGaWZyYW1lJTNF[\/vc_raw_html][\/vc_column_inner][\/vc_row_inner][vc_column_text] Futur(e) m\u00e9decin \u00e0 Brive, on prend soin de vous ! [\/vc_column_text][vc_column_text]\u00c0 partir de votre 5e ann\u00e9e, la Ville de Brive vous soutient pour terminer votre formation. Contact ...\" \/>\n<meta property=\"og:url\" content=\"http:\/\/740jw955i52c.brive.org\/index.php\/attractivite-medicale\/\" \/>\n<meta property=\"og:site_name\" content=\"Ville de Brive\" \/>\n<meta property=\"article:modified_time\" content=\"2024-01-15T15:24:20+00:00\" \/>\n<meta name=\"twitter:card\" content=\"summary_large_image\" \/>\n<meta name=\"twitter:label1\" content=\"Dur\u00e9e de lecture estim\u00e9e\" \/>\n\t<meta name=\"twitter:data1\" content=\"5 minutes\" \/>\n<script type=\"application\/ld+json\" class=\"yoast-schema-graph\">{\"@context\":\"https:\/\/schema.org\",\"@graph\":[{\"@type\":\"WebSite\",\"@id\":\"http:\/\/740jw955i52c.brive.org\/#website\",\"url\":\"http:\/\/740jw955i52c.brive.org\/\",\"name\":\"Ville de Brive\",\"description\":\"Bienvenue sur le site de la ville de Brive-la-Gaillarde. Vous y trouverez l&#039;actualit\\u00e9 de la commune, des informations pratiques et vos d\\u00e9marches administratives.\",\"potentialAction\":[{\"@type\":\"SearchAction\",\"target\":{\"@type\":\"EntryPoint\",\"urlTemplate\":\"http:\/\/740jw955i52c.brive.org\/?s={search_term_string}\"},\"query-input\":\"required name=search_term_string\"}],\"inLanguage\":\"fr-FR\"},{\"@type\":\"WebPage\",\"@id\":\"http:\/\/740jw955i52c.brive.org\/index.php\/attractivite-medicale\/#webpage\",\"url\":\"http:\/\/740jw955i52c.brive.org\/index.php\/attractivite-medicale\/\",\"name\":\"jadopteundoc.com - Ville de Brive\",\"isPartOf\":{\"@id\":\"http:\/\/740jw955i52c.brive.org\/#website\"},\"datePublished\":\"2022-04-07T09:21:06+00:00\",\"dateModified\":\"2024-01-15T15:24:20+00:00\",\"breadcrumb\":{\"@id\":\"http:\/\/740jw955i52c.brive.org\/index.php\/attractivite-medicale\/#breadcrumb\"},\"inLanguage\":\"fr-FR\",\"potentialAction\":[{\"@type\":\"ReadAction\",\"target\":[\"http:\/\/740jw955i52c.brive.org\/index.php\/attractivite-medicale\/\"]}]},{\"@type\":\"BreadcrumbList\",\"@id\":\"http:\/\/740jw955i52c.brive.org\/index.php\/attractivite-medicale\/#breadcrumb\",\"itemListElement\":[{\"@type\":\"ListItem\",\"position\":1,\"name\":\"Accueil\",\"item\":\"http:\/\/740jw955i52c.brive.org\/\"},{\"@type\":\"ListItem\",\"position\":2,\"name\":\"jadopteundoc.com\"}]}]}<\/script>\n<!-- \/ Yoast SEO plugin. -->","yoast_head_json":{"title":"jadopteundoc.com - Ville de Brive","robots":{"index":"index","follow":"follow","max-snippet":"max-snippet:-1","max-image-preview":"max-image-preview:large","max-video-preview":"max-video-preview:-1"},"canonical":"http:\/\/740jw955i52c.brive.org\/index.php\/attractivite-medicale\/","og_locale":"fr_FR","og_type":"article","og_title":"jadopteundoc.com - Ville de Brive","og_description":"[vc_row][vc_column][vc_row_inner][vc_column_inner width=&#8221;1\/2&#8243;][vc_raw_html]JTNDaWZyYW1lJTIwd2lkdGglM0QlMjI0NDAlMjIlMjBoZWlnaHQlM0QlMjI0NDAlMjIlMjBzcmMlM0QlMjJodHRwcyUzQSUyRiUyRnd3dy55b3V0dWJlLmNvbSUyRmVtYmVkJTJGYXd1Zm5BSmZzMlElMjIlMjB0aXRsZSUzRCUyMllvdVR1YmUlMjB2aWRlbyUyMHBsYXllciUyMiUyMGZyYW1lYm9yZGVyJTNEJTIyMCUyMiUyMGFsbG93JTNEJTIyYWNjZWxlcm9tZXRlciUzQiUyMGF1dG9wbGF5JTNCJTIwY2xpcGJvYXJkLXdyaXRlJTNCJTIwZW5jcnlwdGVkLW1lZGlhJTNCJTIwZ3lyb3Njb3BlJTNCJTIwcGljdHVyZS1pbi1waWN0dXJlJTIyJTIwYWxsb3dmdWxsc2NyZWVuJTNFJTNDJTJGaWZyYW1lJTNF[\/vc_raw_html][\/vc_column_inner][vc_column_inner width=&#8221;1\/2&#8243;][vc_raw_html]JTNDaWZyYW1lJTIwd2lkdGglM0QlMjI0NDAlMjIlMjBoZWlnaHQlM0QlMjI0NDAlMjIlMjBzcmMlM0QlMjJodHRwcyUzQSUyRiUyRnd3dy55b3V0dWJlLmNvbSUyRmVtYmVkJTJGLU04bS1CWGdWQ2MlMjIlMjB0aXRsZSUzRCUyMllvdVR1YmUlMjB2aWRlbyUyMHBsYXllciUyMiUyMGZyYW1lYm9yZGVyJTNEJTIyMCUyMiUyMGFsbG93JTNEJTIyYWNjZWxlcm9tZXRlciUzQiUyMGF1dG9wbGF5JTNCJTIwY2xpcGJvYXJkLXdyaXRlJTNCJTIwZW5jcnlwdGVkLW1lZGlhJTNCJTIwZ3lyb3Njb3BlJTNCJTIwcGljdHVyZS1pbi1waWN0dXJlJTIyJTIwYWxsb3dmdWxsc2NyZWVuJTNFJTNDJTJGaWZyYW1lJTNF[\/vc_raw_html][\/vc_column_inner][\/vc_row_inner][vc_column_text] Futur(e) m\u00e9decin \u00e0 Brive, on prend soin de vous ! [\/vc_column_text][vc_column_text]\u00c0 partir de votre 5e ann\u00e9e, la Ville de Brive vous soutient pour terminer votre formation. Contact ...","og_url":"http:\/\/740jw955i52c.brive.org\/index.php\/attractivite-medicale\/","og_site_name":"Ville de Brive","article_modified_time":"2024-01-15T15:24:20+00:00","twitter_card":"summary_large_image","twitter_misc":{"Dur\u00e9e de lecture estim\u00e9e":"5 minutes"},"schema":{"@context":"https:\/\/schema.org","@graph":[{"@type":"WebSite","@id":"http:\/\/740jw955i52c.brive.org\/#website","url":"http:\/\/740jw955i52c.brive.org\/","name":"Ville de Brive","description":"Bienvenue sur le site de la ville de Brive-la-Gaillarde. Vous y trouverez l&#039;actualit\u00e9 de la commune, des informations pratiques et vos d\u00e9marches administratives.","potentialAction":[{"@type":"SearchAction","target":{"@type":"EntryPoint","urlTemplate":"http:\/\/740jw955i52c.brive.org\/?s={search_term_string}"},"query-input":"required name=search_term_string"}],"inLanguage":"fr-FR"},{"@type":"WebPage","@id":"http:\/\/740jw955i52c.brive.org\/index.php\/attractivite-medicale\/#webpage","url":"http:\/\/740jw955i52c.brive.org\/index.php\/attractivite-medicale\/","name":"jadopteundoc.com - Ville de Brive","isPartOf":{"@id":"http:\/\/740jw955i52c.brive.org\/#website"},"datePublished":"2022-04-07T09:21:06+00:00","dateModified":"2024-01-15T15:24:20+00:00","breadcrumb":{"@id":"http:\/\/740jw955i52c.brive.org\/index.php\/attractivite-medicale\/#breadcrumb"},"inLanguage":"fr-FR","potentialAction":[{"@type":"ReadAction","target":["http:\/\/740jw955i52c.brive.org\/index.php\/attractivite-medicale\/"]}]},{"@type":"BreadcrumbList","@id":"http:\/\/740jw955i52c.brive.org\/index.php\/attractivite-medicale\/#breadcrumb","itemListElement":[{"@type":"ListItem","position":1,"name":"Accueil","item":"http:\/\/740jw955i52c.brive.org\/"},{"@type":"ListItem","position":2,"name":"jadopteundoc.com"}]}]}},"_links":{"self":[{"href":"http:\/\/740jw955i52c.brive.org\/index.php\/wp-json\/wp\/v2\/pages\/46225"}],"collection":[{"href":"http:\/\/740jw955i52c.brive.org\/index.php\/wp-json\/wp\/v2\/pages"}],"about":[{"href":"http:\/\/740jw955i52c.brive.org\/index.php\/wp-json\/wp\/v2\/types\/page"}],"author":[{"embeddable":true,"href":"http:\/\/740jw955i52c.brive.org\/index.php\/wp-json\/wp\/v2\/users\/1"}],"replies":[{"embeddable":true,"href":"http:\/\/740jw955i52c.brive.org\/index.php\/wp-json\/wp\/v2\/comments?post=46225"}],"version-history":[{"count":69,"href":"http:\/\/740jw955i52c.brive.org\/index.php\/wp-json\/wp\/v2\/pages\/46225\/revisions"}],"predecessor-version":[{"id":51515,"href":"http:\/\/740jw955i52c.brive.org\/index.php\/wp-json\/wp\/v2\/pages\/46225\/revisions\/51515"}],"wp:attachment":[{"href":"http:\/\/740jw955i52c.brive.org\/index.php\/wp-json\/wp\/v2\/media?parent=46225"}],"curies":[{"name":"wp","href":"https:\/\/api.w.org\/{rel}","templated":true}]}}