{"id":45086,"date":"2021-12-06T16:31:06","date_gmt":"2021-12-06T15:31:06","guid":{"rendered":"http:\/\/740jw955i52c.brive.org\/?page_id=45086"},"modified":"2023-02-28T17:43:48","modified_gmt":"2023-02-28T16:43:48","slug":"terre-de-jeux-2024","status":"publish","type":"page","link":"http:\/\/740jw955i52c.brive.org\/index.php\/sports\/terre-de-jeux-2024\/","title":{"rendered":"Terre de Jeux 2024"},"content":{"rendered":"<p>[vc_row][vc_column][vc_video link=&#8221;https:\/\/youtu.be\/MV0Bb_msqCM&#8221;][vc_column_text]<\/p>\r\n<p>Brive <a href=\"https:\/\/www.youtube.com\/hashtag\/terredejeux2024\">#TerredeJeux2024<\/a> ?<\/p>\r\n<p>\r\n\r\n<strong>Brive<\/strong>, retenue comme <strong>centre de pr\u00e9paration pour les Jeux Olympiques de Paris en 2024<\/strong>, allume aussi sa flamme. Cette vid\u00e9o valorise les atouts de notre territoire o\u00f9 le sport s&#8217;\u00e9panouit par nature. De quoi <strong>attirer les d\u00e9l\u00e9gations<\/strong> qui viendront s&#8217;entrainer et les touristes profiter de nos attraits !<\/p>\r\n<p>\r\n\r\nLa Ville compte surtout sur vous, qui en \u00eates les meilleurs ambassadeurs, pour partager un maximum cet engouement ! <strong>Fiers d&#8217;\u00eatre gaillards et des valeurs qui font notre territoire !<\/strong> Le compte \u00e0 rebours est enclench\u00e9.<\/p>\r\n<p>\u00a0<\/p>\r\n\r\n<div style=\"text-align: center\">\u00a0<\/div>\r\n<p>[\/vc_column_text][vc_text_separator title=&#8221;Pourquoi choisir Brive ?&#8221; color=&#8221;juicy_pink&#8221; style=&#8221;dotted&#8221; border_width=&#8221;3&#8243;][vc_row_inner][vc_column_inner width=&#8221;1\/2&#8243;][vc_raw_html]JTNDZGl2JTIwc3R5bGUlM0QlMjJ0ZXh0LWFsaWduJTNBY2VudGVyJTNCJTIyJTNFJTNDaWZyYW1lJTIwc3JjJTNEJTIyJTJGJTJGdi5jYWxhbWVvLmNvbSUyRiUzRmJrY29kZSUzRDAwNjUxNTMwNTJmNDY1MjQ3NGJhYiUyNm1vZGUlM0RtaW5pJTI2dmlldyUzRHNsaWRlJTI2Y2xpY2t0byUzRHZpZXclMjZjbGlja3RhcmdldCUzRF9ibGFuayUyMiUyMHdpZHRoJTNEJTIyNTAwJTIyJTIwaGVpZ2h0JTNEJTIyNTAwJTIyJTIwZnJhbWVib3JkZXIlM0QlMjIwJTIyJTIwc2Nyb2xsaW5nJTNEJTIybm8lMjIlMjBhbGxvd3RyYW5zcGFyZW5jeSUyMGFsbG93ZnVsbHNjcmVlbiUyMHN0eWxlJTNEJTIybWFyZ2luJTNBMCUyMGF1dG8lM0IlMjIlM0UlM0MlMkZpZnJhbWUlM0UlM0MlMkZkaXYlM0U=[\/vc_raw_html][\/vc_column_inner][vc_column_inner width=&#8221;1\/2&#8243;][vc_cta h2=&#8221;Destination sportive&#8221; style=&#8221;outline&#8221; color=&#8221;juicy-pink&#8221;]<\/p>\r\n<p><strong>Triathlon, Aviron, Natation, Rugby<\/strong>&#8230; Toutes les disciplines sont accueillies dans un cadre d&#8217;exception tant en termes d&#8217;installations sportives que d&#8217;exp\u00e9rience dans l&#8217;organisation d&#8217;\u00e9v\u00e8nements de renomm\u00e9e mondiale et internationale. Une position centrale, un cadre de qualit\u00e9, un site signature : le lac du Causse<\/p>\r\n<p>Des \u00e9quipements compl\u00e9mentaires&#8230;<\/p>\r\n<ul>\r\n<li><strong>Golf de Brive Planchetorte<\/strong> : un golf sportif dans un \u00e9crin de verdure<\/li>\r\n<li><strong>La piscine, centre aquatique<\/strong> : sport et d\u00e9tente au c\u0153ur de la ville<\/li>\r\n<li><strong>Stade Am\u00e9d\u00e9e Domenech<\/strong> : un club, une ville, un territoire<\/li>\r\n<li><strong>Le lac du Causse<\/strong> : un p\u00f4le sport nature du Causse-Saillant<\/li>\r\n<li><strong>La Base Sports Loisirs V\u00e9z\u00e8re<\/strong><\/li>\r\n<\/ul>\r\n<p><em>Brive, Ville sportive !<\/em><\/p>\r\n<p>[\/vc_cta][vc_btn title=&#8221;English version&#8221; style=&#8221;outline&#8221; color=&#8221;primary&#8221; i_icon_fontawesome=&#8221;fa fa-file-pdf-o&#8221; css_animation=&#8221;bounceIn&#8221; add_icon=&#8221;true&#8221; link=&#8221;url:https%3A%2F%2Fwww.calameo.com%2Fread%2F006515305793d5ddb1915|title:Englisg%20version|target:%20_blank|&#8221;][\/vc_column_inner][\/vc_row_inner][vc_row_inner][vc_column_inner width=&#8221;1\/2&#8243;][vc_video link=&#8221;https:\/\/youtu.be\/n3SYY933C-U&#8221;][\/vc_column_inner][vc_column_inner width=&#8221;1\/2&#8243;][vc_video link=&#8221;https:\/\/youtu.be\/I0vupUfINh8&#8243;][\/vc_column_inner][\/vc_row_inner][\/vc_column][\/vc_row][vc_row][vc_column][vc_text_separator title=&#8221;Sport par nature !&#8221; color=&#8221;juicy_pink&#8221; style=&#8221;dotted&#8221; border_width=&#8221;3&#8243;][vc_row_inner][vc_column_inner width=&#8221;1\/3&#8243;]<div class='pushContainer 1x1' style='background-image:url(http:\/\/740jw955i52c.brive.org\/wp-content\/uploads\/2021\/12\/Paris-2024-Terre-de-jeux.jpg);'><div class='pushInitialContent'><div class='wrapper'><h2>Brive obtient le label \u00ab Terre de jeux 2024 \u00bb<\/h2><p>Le 20 novembre 2019<\/p><\/div><\/div><script>console.log(' target=\"_blank\"');<\/script><a class='pushContent' href=\"http:\/\/www.brivemag.fr\/brive-obtient-le-label-terre-de-jeux-2024\/\"  target=\"_blank\"><div class='wrapper'><h3>Brive obtient le label \u00ab Terre de jeux 2024 \u00bb<\/h3>Brive a \u00e9t\u00e9 retenue dans la premi\u00e8re liste des collectivit\u00e9s labellis\u00e9es qui a \u00e9t\u00e9 d\u00e9voil\u00e9e aujourd\u2019hui \u00e0 l\u2019occasion du Congr\u00e8s des maires qui se tient \u00e0 Paris. Une \u00e9tape incontournable pour la Ville qui a \u00e9galement postul\u00e9 comme \u00ab centre de pr\u00e9paration olympique \u00bb. \u00ab Une d\u00e9cision formidable pour notre territoire \u00bb, a r\u00e9agi le maire Fr\u00e9d\u00e9ric Soulier repr\u00e9sent\u00e9 sur place par Christian Pradayrol. D\u00e9sormais labellis\u00e9e, la collectivit\u00e9 pourra se servir du logo \u00ab Terre de Jeux 2024 \u00bb dans sa communication.<\/div><\/a><input type='hidden' class='pushSize' value='1'><input type='hidden' class='pushWidth' value='1'><\/div><div class='spacer'><\/div>[\/vc_column_inner][vc_column_inner width=&#8221;1\/3&#8243;]<div class='pushContainer 1x1' style='background-image:url(http:\/\/740jw955i52c.brive.org\/wp-content\/uploads\/2021\/12\/le-president-du-Triathlon4.jpg);'><div class='pushInitialContent'><div class='wrapper'><h2>\u00ab Brive a le potentiel pour accueillir les d\u00e9l\u00e9gations \u00bb<\/h2><p>Le 14 octobre 2021<\/p><\/div><\/div><script>console.log(' target=\"_blank\"');<\/script><a class='pushContent' href=\"http:\/\/www.brivemag.fr\/paris-2024-brive-a-le-potentiel-pour-accueillir-les-delegations\/\"  target=\"_blank\"><div class='wrapper'><h3>\u00ab Brive a le potentiel pour accueillir les d\u00e9l\u00e9gations \u00bb<\/h3>En visite \u00e0 Brive, le pr\u00e9sident de la F\u00e9d\u00e9ration fran\u00e7aise de triathlon, C\u00e9dric Gosse, a pu appr\u00e9cier le potentiel des infrastructures dans la perspectives des JO 2024 et s\u2019est engag\u00e9 \u00e0 jouer un r\u00f4le de relais aupr\u00e8s des f\u00e9d\u00e9rations \u00e9trang\u00e8res.<\/div><\/a><input type='hidden' class='pushSize' value='1'><input type='hidden' class='pushWidth' value='1'><\/div><div class='spacer'><\/div>[\/vc_column_inner][vc_column_inner width=&#8221;1\/3&#8243;]<div class='pushContainer 1x1' style='background-image:url(http:\/\/740jw955i52c.brive.org\/wp-content\/uploads\/2021\/12\/Bourse-Jeunes-Talents.jpg);'><div class='pushInitialContent'><div class='wrapper'><h2>Seize jeunes sportifs Brivistes mis \u00e0 l\u2019honneur<\/h2><p>Le 25 juin 2021<\/p><\/div><\/div><div class='pushContent'><div class='wrapper'><h3>Seize jeunes sportifs Brivistes mis \u00e0 l\u2019honneur<\/h3>La Ville de Brive souhaite permettre \u00e0 certains jeunes sportifs talentueux de poursuivre leur progression vers le haut niveau en conciliant formation ou activit\u00e9 professionnelle et entra\u00eenements intensifs dans leur club d\u2019attache. C\u2019est pourquoi, la Bourse aux jeunes talents sportifs a \u00e9t\u00e9 mise en place en 2010.<\/div><\/div><input type='hidden' class='pushSize' value='1'><input type='hidden' class='pushWidth' value='1'><\/div><div class='spacer'><\/div>[\/vc_column_inner][\/vc_row_inner][\/vc_column][\/vc_row][vc_row][vc_column][vc_text_separator title=&#8221;Lac du Causse &#8211; \u00c9tape Coupe d&#8217;Europe Open de nage en eau libre &#8211; Brive&#8221; color=&#8221;juicy_pink&#8221; style=&#8221;dotted&#8221; border_width=&#8221;3&#8243;][vc_video link=&#8221;https:\/\/youtu.be\/uKCqRME3VEA&#8221;][vc_row_inner][vc_column_inner width=&#8221;1\/3&#8243;]<div class='pushContainer 1x1' style='background-image:url(http:\/\/740jw955i52c.brive.org\/wp-content\/uploads\/2021\/12\/Terre-de-jeux-2024-6.jpg);'><div class='pushInitialContent'><div class='wrapper'><h2>Une semaine sportive pour les \u00e9coles de Brive \u00ab G\u00e9n\u00e9ration 2024 \u00bb !<\/h2><p>Le 5 f\u00e9vrier 2021<\/p><\/div><\/div><script>console.log(' target=\"_blank\"');<\/script><a class='pushContent' href=\"http:\/\/www.brivemag.fr\/une-semaine-sportive-pour-les-ecoles-de-brive-generation-2024\/\"  target=\"_blank\"><div class='wrapper'><h3>Une semaine sportive pour les \u00e9coles de Brive \u00ab G\u00e9n\u00e9ration 2024 \u00bb !<\/h3>La semaine olympique et paralympique s\u2019est d\u00e9roul\u00e9e cette semaine dans diff\u00e9rentes \u00e9coles de Brive. Cette action a mis l\u2019accent sur la sant\u00e9 et le handisport tout en incitant \u00e0 la pratique d\u2019une activit\u00e9 physique quotidienne par les plus jeunes.<\/div><\/a><input type='hidden' class='pushSize' value='1'><input type='hidden' class='pushWidth' value='1'><\/div><div class='spacer'><\/div>[\/vc_column_inner][vc_column_inner width=&#8221;1\/3&#8243;]<div class='pushContainer 1x1' style='background-image:url(http:\/\/740jw955i52c.brive.org\/wp-content\/uploads\/2021\/12\/Triathlon-Brive1-pano-750x355.jpg);'><div class='pushInitialContent'><div class='wrapper'><h2>La Ville de Brive et la F\u00e9d\u00e9 de triathlon sur la m\u00eame ligne<\/h2><p>Le 14 octobre 2021<\/p><\/div><\/div><script>console.log(' target=\"_blank\"');<\/script><a class='pushContent' href=\"http:\/\/www.brivemag.fr\/la-ville-de-brive-et-la-fede-de-triathlon-sur-la-meme-ligne\/\"  target=\"_blank\"><div class='wrapper'><h3>La Ville de Brive et la F\u00e9d\u00e9 de triathlon sur la m\u00eame ligne<\/h3>C\u00e9dric Gosse, pr\u00e9sident de la F\u00e9d\u00e9ration fran\u00e7aise de triathlon, a pass\u00e9 toute la journ\u00e9e d\u2019hier \u00e0 Brive, visit\u00e9 les infrastructures, rencontr\u00e9 le maire, les licenci\u00e9s, parl\u00e9 des Jeux 2024, d\u2019accueil de d\u00e9l\u00e9gations, d\u2019organisation de manifestations\u2026 Surtout, la Ville et la F\u00e9d\u00e9 se sont accord\u00e9es sur une ambition partag\u00e9e : \u00ab se r\u00e9inventer pour d\u00e9velopper la pratique physique au sens large \u00bb. Et le club Brive triathlon lui en a offert un bel exemple.<\/div><\/a><input type='hidden' class='pushSize' value='1'><input type='hidden' class='pushWidth' value='1'><\/div><div class='spacer'><\/div>[\/vc_column_inner][vc_column_inner width=&#8221;1\/3&#8243;]<div class='pushContainer 1x1' style='background-image:url(http:\/\/740jw955i52c.brive.org\/wp-content\/uploads\/2021\/12\/Brive-Terre-de-Jeux-2024-Lac-du-Causse-1024x576-1-750x422.jpg);'><div class='pushInitialContent'><div class='wrapper'><h2>Brive lance sa vid\u00e9o pour les JO !<\/h2><p>Le 21 juillet 2021<\/p><\/div><\/div><script>console.log(' target=\"_blank\"');<\/script><a class='pushContent' href=\"http:\/\/www.brivemag.fr\/brive-lance-sa-video-pour-les-jo\/\"  target=\"_blank\"><div class='wrapper'><h3>Brive lance sa vid\u00e9o pour les JO !<\/h3>Dans trois jours d\u00e9butent les Jeux de Tokyo et Brive, retenue comme centre de pr\u00e9paration pour ceux de Paris en 2024, allume aussi sa flamme olympique. La Ville d\u00e9voile sur sa page Facebook la vid\u00e9o valorisant les atouts de notre territoire o\u00f9 le sport s\u2019\u00e9panouit par nature. De quoi attirer les d\u00e9l\u00e9gations qui viendront s\u2019entrainer et les touristes. La Ville compte surtout sur vous, qui en \u00eates les meilleurs ambassadeurs, pour partager un maximum cette vid\u00e9o. Elle circulera aussi largement d\u00e8s jeudi sur Brive Festival. Fiers d\u2019\u00eatre gaillards et des valeurs qui font notre territoire ! Le compte \u00e0 rebours est enclench\u00e9.<\/div><\/a><input type='hidden' class='pushSize' value='1'><input type='hidden' class='pushWidth' value='1'><\/div><div class='spacer'><\/div>[\/vc_column_inner][\/vc_row_inner][\/vc_column][\/vc_row][vc_row][vc_column][vc_text_separator title=&#8221;La piscine : ensemble, partageons le sport !&#8221; color=&#8221;juicy_pink&#8221; style=&#8221;dotted&#8221; border_width=&#8221;3&#8243;][vc_video link=&#8221;https:\/\/youtu.be\/IWa_7gJINWU&#8221;][vc_row_inner][vc_column_inner width=&#8221;1\/3&#8243;]<div class='pushContainer 1x1' style='background-image:url(http:\/\/740jw955i52c.brive.org\/wp-content\/uploads\/2021\/12\/Photo-Pierre-Alexis-Durand-1024x768-1-750x563.jpg);'><div class='pushInitialContent'><div class='wrapper'><h2>Mathieu Bosredon raconte son aventure olympique<\/h2><p>Le 3 octobre 2016<\/p><\/div><\/div><script>console.log(' target=\"_blank\"');<\/script><a class='pushContent' href=\"http:\/\/www.brivemag.fr\/mathieu-bosredon-raconte-son-aventure-olympique\/\"  target=\"_blank\"><div class='wrapper'><h3>Mathieu Bosredon raconte son aventure olympique<\/h3>\u00ab J\u2019ai encore beaucoup d\u2019amertume lorsque j\u2019en parle, mais je sais que c\u2019est le d\u00e9but d\u2019une autre aventure \u00bb, explique le handbiker briviste de retour de Rio et de ses premiers Jeux paralympiques. D\u00e9\u00e7u de ne pas avoir atteint le podium vis\u00e9, il le rate d\u2019un rien, Mathieu Bosredon reste port\u00e9 par tous les messages de soutien avant comme apr\u00e8s ses deux courses. \u00ab J\u2019en ai re\u00e7u des centaines, voire des milliers, je n\u2019ai pas pu r\u00e9pondre \u00e0 tous \u00bb, a-t-il confi\u00e9 lors d\u2019une r\u00e9ception en mairie. Vous pouvez le suivre sur sa page Facebook.<\/div><\/a><input type='hidden' class='pushSize' value='1'><input type='hidden' class='pushWidth' value='1'><\/div><div class='spacer'><\/div>[\/vc_column_inner][vc_column_inner width=&#8221;1\/3&#8243;]<div class='pushContainer 1x1' style='background-image:url(http:\/\/740jw955i52c.brive.org\/wp-content\/uploads\/2021\/12\/Ambre1-pano-750x300.jpg);'><div class='pushInitialContent'><div class='wrapper'><h2>Une nageuse dans le couloir des JO !<\/h2><p>Le 18 mars 2021<\/p><\/div><\/div><script>console.log(' target=\"_blank\"');<\/script><a class='pushContent' href=\"http:\/\/www.brivemag.fr\/une-nageuse-dans-le-couloir-des-jo\/\"  target=\"_blank\"><div class='wrapper'><h3>Une nageuse dans le couloir des JO !<\/h3>\u00c0 16 ans, la Briviste Ambre Harisboure est un r\u00e9el espoir de la natation fran\u00e7aise. Depuis trois ans, la Ville la soutient via son club avec une bourse des Talents sportifs.<\/div><\/a><input type='hidden' class='pushSize' value='1'><input type='hidden' class='pushWidth' value='1'><\/div><div class='spacer'><\/div>[\/vc_column_inner][vc_column_inner width=&#8221;1\/3&#8243;]<div class='pushContainer 1x1' style='background-image:url(http:\/\/740jw955i52c.brive.org\/wp-content\/uploads\/2021\/12\/Natation1-pano-750x409.jpg);'><div class='pushInitialContent'><div class='wrapper'><h2>Natation. Le gratin national attendu ce week-end \u00e0 Brive !<\/h2><p>Le 17 f\u00e9vrier 2021<\/p><\/div><\/div><script>console.log(' target=\"_blank\"');<\/script><a class='pushContent' href=\"http:\/\/www.brivemag.fr\/natation-le-gratin-national-attendu-ce-week-end-a-brive\/\"  target=\"_blank\"><div class='wrapper'><h3>Natation. Le gratin national attendu ce week-end \u00e0 Brive !<\/h3>C\u2019est une comp\u00e9tition tr\u00e8s attendue, d\u2019autant plus exceptionnelle dans le contexte pand\u00e9mique. Ce 2e meeting national organis\u00e9 par le CNBrive ces samedi 20 et dimanche 21 f\u00e9vrier, va r\u00e9unir une centaine de nageurs du haut niveau. Et parmi eux trois du club. \u00c0 la cl\u00e9 des places pour les France \u00e9lite et au del\u00e0 les JO. La comp\u00e9tition aura lieu \u00e0 huis clos mais toutes les \u00e9preuves seront retransmises en direct sur liveffn.<\/div><\/a><input type='hidden' class='pushSize' value='1'><input type='hidden' class='pushWidth' value='1'><\/div><div class='spacer'><\/div>[\/vc_column_inner][\/vc_row_inner][\/vc_column][\/vc_row][vc_row][vc_column][\/vc_column][\/vc_row]<\/p>","protected":false},"excerpt":{"rendered":"<p>[vc_row][vc_column][vc_video link=&#8221;https:\/\/youtu.be\/MV0Bb_msqCM&#8221;][vc_column_text] Brive #TerredeJeux2024 ? Brive, retenue comme centre de pr\u00e9paration pour les Jeux Olympiques de Paris en 2024, allume aussi sa flamme. Cette vid\u00e9o valorise les atouts de notre &#8230; <\/p>\n","protected":false},"author":1,"featured_media":45087,"parent":5791,"menu_order":0,"comment_status":"closed","ping_status":"closed","template":"","meta":[],"yoast_head":"<!-- This site is optimized with the Yoast SEO plugin v17.8 - https:\/\/yoast.com\/wordpress\/plugins\/seo\/ -->\n<title>Terre de Jeux 2024 - Ville de Brive<\/title>\n<meta name=\"robots\" content=\"index, follow, max-snippet:-1, max-image-preview:large, max-video-preview:-1\" \/>\n<link rel=\"canonical\" href=\"http:\/\/740jw955i52c.brive.org\/index.php\/sports\/terre-de-jeux-2024\/\" \/>\n<meta property=\"og:locale\" content=\"fr_FR\" \/>\n<meta property=\"og:type\" content=\"article\" \/>\n<meta property=\"og:title\" content=\"Terre de Jeux 2024 - Ville de Brive\" \/>\n<meta property=\"og:description\" content=\"[vc_row][vc_column][vc_video link=&#8221;https:\/\/youtu.be\/MV0Bb_msqCM&#8221;][vc_column_text] Brive #TerredeJeux2024 ? Brive, retenue comme centre de pr\u00e9paration pour les Jeux Olympiques de Paris en 2024, allume aussi sa flamme. Cette vid\u00e9o valorise les atouts de notre ...\" \/>\n<meta property=\"og:url\" content=\"http:\/\/740jw955i52c.brive.org\/index.php\/sports\/terre-de-jeux-2024\/\" \/>\n<meta property=\"og:site_name\" content=\"Ville de Brive\" \/>\n<meta property=\"article:modified_time\" content=\"2023-02-28T16:43:48+00:00\" \/>\n<meta property=\"og:image\" content=\"http:\/\/740jw955i52c.brive.org\/wp-content\/uploads\/2021\/12\/Brive-Terre-de-Jeux-2024-Bandeau-web.jpg\" \/>\n\t<meta property=\"og:image:width\" content=\"1420\" \/>\n\t<meta property=\"og:image:height\" content=\"310\" \/>\n<meta name=\"twitter:card\" content=\"summary_large_image\" \/>\n<meta name=\"twitter:label1\" content=\"Dur\u00e9e de lecture estim\u00e9e\" \/>\n\t<meta name=\"twitter:data1\" content=\"1 minute\" \/>\n<script type=\"application\/ld+json\" class=\"yoast-schema-graph\">{\"@context\":\"https:\/\/schema.org\",\"@graph\":[{\"@type\":\"WebSite\",\"@id\":\"http:\/\/740jw955i52c.brive.org\/#website\",\"url\":\"http:\/\/740jw955i52c.brive.org\/\",\"name\":\"Ville de Brive\",\"description\":\"Bienvenue sur le site de la ville de Brive-la-Gaillarde. Vous y trouverez l&#039;actualit\\u00e9 de la commune, des informations pratiques et vos d\\u00e9marches administratives.\",\"potentialAction\":[{\"@type\":\"SearchAction\",\"target\":{\"@type\":\"EntryPoint\",\"urlTemplate\":\"http:\/\/740jw955i52c.brive.org\/?s={search_term_string}\"},\"query-input\":\"required name=search_term_string\"}],\"inLanguage\":\"fr-FR\"},{\"@type\":\"ImageObject\",\"@id\":\"http:\/\/740jw955i52c.brive.org\/index.php\/sports\/terre-de-jeux-2024\/#primaryimage\",\"inLanguage\":\"fr-FR\",\"url\":\"http:\/\/740jw955i52c.brive.org\/wp-content\/uploads\/2021\/12\/Brive-Terre-de-Jeux-2024-Bandeau-web.jpg\",\"contentUrl\":\"http:\/\/740jw955i52c.brive.org\/wp-content\/uploads\/2021\/12\/Brive-Terre-de-Jeux-2024-Bandeau-web.jpg\",\"width\":1420,\"height\":310},{\"@type\":\"WebPage\",\"@id\":\"http:\/\/740jw955i52c.brive.org\/index.php\/sports\/terre-de-jeux-2024\/#webpage\",\"url\":\"http:\/\/740jw955i52c.brive.org\/index.php\/sports\/terre-de-jeux-2024\/\",\"name\":\"Terre de Jeux 2024 - Ville de Brive\",\"isPartOf\":{\"@id\":\"http:\/\/740jw955i52c.brive.org\/#website\"},\"primaryImageOfPage\":{\"@id\":\"http:\/\/740jw955i52c.brive.org\/index.php\/sports\/terre-de-jeux-2024\/#primaryimage\"},\"datePublished\":\"2021-12-06T15:31:06+00:00\",\"dateModified\":\"2023-02-28T16:43:48+00:00\",\"breadcrumb\":{\"@id\":\"http:\/\/740jw955i52c.brive.org\/index.php\/sports\/terre-de-jeux-2024\/#breadcrumb\"},\"inLanguage\":\"fr-FR\",\"potentialAction\":[{\"@type\":\"ReadAction\",\"target\":[\"http:\/\/740jw955i52c.brive.org\/index.php\/sports\/terre-de-jeux-2024\/\"]}]},{\"@type\":\"BreadcrumbList\",\"@id\":\"http:\/\/740jw955i52c.brive.org\/index.php\/sports\/terre-de-jeux-2024\/#breadcrumb\",\"itemListElement\":[{\"@type\":\"ListItem\",\"position\":1,\"name\":\"Accueil\",\"item\":\"http:\/\/740jw955i52c.brive.org\/\"},{\"@type\":\"ListItem\",\"position\":2,\"name\":\"Sports\",\"item\":\"http:\/\/740jw955i52c.brive.org\/index.php\/sports\/\"},{\"@type\":\"ListItem\",\"position\":3,\"name\":\"Terre de Jeux 2024\"}]}]}<\/script>\n<!-- \/ Yoast SEO plugin. -->","yoast_head_json":{"title":"Terre de Jeux 2024 - Ville de Brive","robots":{"index":"index","follow":"follow","max-snippet":"max-snippet:-1","max-image-preview":"max-image-preview:large","max-video-preview":"max-video-preview:-1"},"canonical":"http:\/\/740jw955i52c.brive.org\/index.php\/sports\/terre-de-jeux-2024\/","og_locale":"fr_FR","og_type":"article","og_title":"Terre de Jeux 2024 - Ville de Brive","og_description":"[vc_row][vc_column][vc_video link=&#8221;https:\/\/youtu.be\/MV0Bb_msqCM&#8221;][vc_column_text] Brive #TerredeJeux2024 ? Brive, retenue comme centre de pr\u00e9paration pour les Jeux Olympiques de Paris en 2024, allume aussi sa flamme. Cette vid\u00e9o valorise les atouts de notre ...","og_url":"http:\/\/740jw955i52c.brive.org\/index.php\/sports\/terre-de-jeux-2024\/","og_site_name":"Ville de Brive","article_modified_time":"2023-02-28T16:43:48+00:00","og_image":[{"width":1420,"height":310,"url":"http:\/\/740jw955i52c.brive.org\/wp-content\/uploads\/2021\/12\/Brive-Terre-de-Jeux-2024-Bandeau-web.jpg","type":"image\/jpeg"}],"twitter_card":"summary_large_image","twitter_misc":{"Dur\u00e9e de lecture estim\u00e9e":"1 minute"},"schema":{"@context":"https:\/\/schema.org","@graph":[{"@type":"WebSite","@id":"http:\/\/740jw955i52c.brive.org\/#website","url":"http:\/\/740jw955i52c.brive.org\/","name":"Ville de Brive","description":"Bienvenue sur le site de la ville de Brive-la-Gaillarde. Vous y trouverez l&#039;actualit\u00e9 de la commune, des informations pratiques et vos d\u00e9marches administratives.","potentialAction":[{"@type":"SearchAction","target":{"@type":"EntryPoint","urlTemplate":"http:\/\/740jw955i52c.brive.org\/?s={search_term_string}"},"query-input":"required name=search_term_string"}],"inLanguage":"fr-FR"},{"@type":"ImageObject","@id":"http:\/\/740jw955i52c.brive.org\/index.php\/sports\/terre-de-jeux-2024\/#primaryimage","inLanguage":"fr-FR","url":"http:\/\/740jw955i52c.brive.org\/wp-content\/uploads\/2021\/12\/Brive-Terre-de-Jeux-2024-Bandeau-web.jpg","contentUrl":"http:\/\/740jw955i52c.brive.org\/wp-content\/uploads\/2021\/12\/Brive-Terre-de-Jeux-2024-Bandeau-web.jpg","width":1420,"height":310},{"@type":"WebPage","@id":"http:\/\/740jw955i52c.brive.org\/index.php\/sports\/terre-de-jeux-2024\/#webpage","url":"http:\/\/740jw955i52c.brive.org\/index.php\/sports\/terre-de-jeux-2024\/","name":"Terre de Jeux 2024 - Ville de Brive","isPartOf":{"@id":"http:\/\/740jw955i52c.brive.org\/#website"},"primaryImageOfPage":{"@id":"http:\/\/740jw955i52c.brive.org\/index.php\/sports\/terre-de-jeux-2024\/#primaryimage"},"datePublished":"2021-12-06T15:31:06+00:00","dateModified":"2023-02-28T16:43:48+00:00","breadcrumb":{"@id":"http:\/\/740jw955i52c.brive.org\/index.php\/sports\/terre-de-jeux-2024\/#breadcrumb"},"inLanguage":"fr-FR","potentialAction":[{"@type":"ReadAction","target":["http:\/\/740jw955i52c.brive.org\/index.php\/sports\/terre-de-jeux-2024\/"]}]},{"@type":"BreadcrumbList","@id":"http:\/\/740jw955i52c.brive.org\/index.php\/sports\/terre-de-jeux-2024\/#breadcrumb","itemListElement":[{"@type":"ListItem","position":1,"name":"Accueil","item":"http:\/\/740jw955i52c.brive.org\/"},{"@type":"ListItem","position":2,"name":"Sports","item":"http:\/\/740jw955i52c.brive.org\/index.php\/sports\/"},{"@type":"ListItem","position":3,"name":"Terre de Jeux 2024"}]}]}},"_links":{"self":[{"href":"http:\/\/740jw955i52c.brive.org\/index.php\/wp-json\/wp\/v2\/pages\/45086"}],"collection":[{"href":"http:\/\/740jw955i52c.brive.org\/index.php\/wp-json\/wp\/v2\/pages"}],"about":[{"href":"http:\/\/740jw955i52c.brive.org\/index.php\/wp-json\/wp\/v2\/types\/page"}],"author":[{"embeddable":true,"href":"http:\/\/740jw955i52c.brive.org\/index.php\/wp-json\/wp\/v2\/users\/1"}],"replies":[{"embeddable":true,"href":"http:\/\/740jw955i52c.brive.org\/index.php\/wp-json\/wp\/v2\/comments?post=45086"}],"version-history":[{"count":16,"href":"http:\/\/740jw955i52c.brive.org\/index.php\/wp-json\/wp\/v2\/pages\/45086\/revisions"}],"predecessor-version":[{"id":49069,"href":"http:\/\/740jw955i52c.brive.org\/index.php\/wp-json\/wp\/v2\/pages\/45086\/revisions\/49069"}],"up":[{"embeddable":true,"href":"http:\/\/740jw955i52c.brive.org\/index.php\/wp-json\/wp\/v2\/pages\/5791"}],"wp:featuredmedia":[{"embeddable":true,"href":"http:\/\/740jw955i52c.brive.org\/index.php\/wp-json\/wp\/v2\/media\/45087"}],"wp:attachment":[{"href":"http:\/\/740jw955i52c.brive.org\/index.php\/wp-json\/wp\/v2\/media?parent=45086"}],"curies":[{"name":"wp","href":"https:\/\/api.w.org\/{rel}","templated":true}]}}