{"id":42113,"date":"2020-11-25T11:23:02","date_gmt":"2020-11-25T10:23:02","guid":{"rendered":"http:\/\/740jw955i52c.brive.org\/?page_id=42113"},"modified":"2025-01-02T14:47:12","modified_gmt":"2025-01-02T13:47:12","slug":"liste-ecologique-et-citoyenne-de-brive","status":"publish","type":"page","link":"http:\/\/740jw955i52c.brive.org\/index.php\/liste-ecologique-et-citoyenne-de-brive\/","title":{"rendered":"Liste \u00e9cologique et citoyenne de Brive"},"content":{"rendered":"<p>[vc_row][vc_column][vc_column_text]<\/p>\n<h2>Janvier 2025<\/h2>\n<h1><strong>2025 : l&#8217;ann\u00e9e de la d\u00e9termination et de la vision politique<\/strong><\/h1>\n<p>L&#8217;ann\u00e9e \u00e9coul\u00e9e a marqu\u00e9 un tournant dans l&#8217;histoire de notre humanit\u00e9 : l&#8217;\u00e9chec collectif \u00e0 maintenir le r\u00e9chauffement sous les 1,5 \u00b0C fix\u00e9 par les Accords de Paris. Cet \u00e9chec, loin d\u2019\u00eatre une fatalit\u00e9, doit \u00eatre un appel \u00e0 l\u2019action, \u00e0 l\u2019unit\u00e9 et \u00e0 la r\u00e9silience.<\/p>\n<p>Ici, dans notre territoire, riche de son bien-vivre, de sa culture et de ses habitant(e)s engag\u00e9(e)s, nous avons encore le pouvoir de changer les choses. Renaturons, cr\u00e9ons enfin (!) une \u00e9conomie verte, renfor\u00e7ons la solidarit\u00e9, privil\u00e9gions des modes de vie humains et respectueux du vivant.<\/p>\n<p>2025 ne sera pas l&#8217;ann\u00e9e du renoncement, mais celle o\u00f9 nous choisirons l&#8217;espoir, l&#8217;action et la justice climatique. Ensemble, nous pouvons montrer que chaque territoire, \u00e0 son \u00e9chelle, peut \u00eatre un mod\u00e8le de transition \u00e9cologique.<\/p>\n<p>\u00c0 toutes et tous, nous vous souhaitons une ann\u00e9e de lucidit\u00e9, de s\u00e9r\u00e9nit\u00e9 et d\u2019engagement collectif. Force et courage.<\/p>\n<p>&#8212;<\/p>\n<p><strong>Chlo\u00e9 Herzhaft, Florian Hurard<\/strong><br \/>\n<strong>Liste \u00e9cologique et citoyenne de Brive.<\/strong>[\/vc_column_text][vc_btn title=&#8221;\u25c0 Retour Conseil Municipal&#8221; style=&#8221;outline&#8221; shape=&#8221;rounded&#8221; color=&#8221;primary&#8221; css_animation=&#8221;bounceIn&#8221; link=&#8221;url:http%3A%2F%2F740jw955i52c.brive.org%2Findex.php%2Fmairie%2Fconseil-municipal%2F|||&#8221;][\/vc_column][\/vc_row]<\/p>\n","protected":false},"excerpt":{"rendered":"<p>[vc_row][vc_column][vc_column_text] Janvier 2025 2025 : l&#8217;ann\u00e9e de la d\u00e9termination et de la vision politique L&#8217;ann\u00e9e \u00e9coul\u00e9e a marqu\u00e9 un tournant dans l&#8217;histoire de notre humanit\u00e9 : l&#8217;\u00e9chec collectif \u00e0 maintenir &#8230; <\/p>\n","protected":false},"author":1,"featured_media":0,"parent":0,"menu_order":0,"comment_status":"closed","ping_status":"closed","template":"","meta":[],"yoast_head":"<!-- This site is optimized with the Yoast SEO plugin v17.8 - https:\/\/yoast.com\/wordpress\/plugins\/seo\/ -->\n<title>Liste \u00e9cologique et citoyenne de Brive - Ville de Brive<\/title>\n<meta name=\"robots\" content=\"index, follow, max-snippet:-1, max-image-preview:large, max-video-preview:-1\" \/>\n<link rel=\"canonical\" href=\"http:\/\/740jw955i52c.brive.org\/index.php\/liste-ecologique-et-citoyenne-de-brive\/\" \/>\n<meta property=\"og:locale\" content=\"fr_FR\" \/>\n<meta property=\"og:type\" content=\"article\" \/>\n<meta property=\"og:title\" content=\"Liste \u00e9cologique et citoyenne de Brive - Ville de Brive\" \/>\n<meta property=\"og:description\" content=\"[vc_row][vc_column][vc_column_text] Janvier 2025 2025 : l&#8217;ann\u00e9e de la d\u00e9termination et de la vision politique L&#8217;ann\u00e9e \u00e9coul\u00e9e a marqu\u00e9 un tournant dans l&#8217;histoire de notre humanit\u00e9 : l&#8217;\u00e9chec collectif \u00e0 maintenir ...\" \/>\n<meta property=\"og:url\" content=\"http:\/\/740jw955i52c.brive.org\/index.php\/liste-ecologique-et-citoyenne-de-brive\/\" \/>\n<meta property=\"og:site_name\" content=\"Ville de Brive\" \/>\n<meta property=\"article:modified_time\" content=\"2025-01-02T13:47:12+00:00\" \/>\n<meta name=\"twitter:card\" content=\"summary_large_image\" \/>\n<meta name=\"twitter:label1\" content=\"Dur\u00e9e de lecture estim\u00e9e\" \/>\n\t<meta name=\"twitter:data1\" content=\"2 minutes\" \/>\n<script type=\"application\/ld+json\" class=\"yoast-schema-graph\">{\"@context\":\"https:\/\/schema.org\",\"@graph\":[{\"@type\":\"WebSite\",\"@id\":\"http:\/\/740jw955i52c.brive.org\/#website\",\"url\":\"http:\/\/740jw955i52c.brive.org\/\",\"name\":\"Ville de Brive\",\"description\":\"Bienvenue sur le site de la ville de Brive-la-Gaillarde. Vous y trouverez l&#039;actualit\\u00e9 de la commune, des informations pratiques et vos d\\u00e9marches administratives.\",\"potentialAction\":[{\"@type\":\"SearchAction\",\"target\":{\"@type\":\"EntryPoint\",\"urlTemplate\":\"http:\/\/740jw955i52c.brive.org\/?s={search_term_string}\"},\"query-input\":\"required name=search_term_string\"}],\"inLanguage\":\"fr-FR\"},{\"@type\":\"WebPage\",\"@id\":\"http:\/\/740jw955i52c.brive.org\/index.php\/liste-ecologique-et-citoyenne-de-brive\/#webpage\",\"url\":\"http:\/\/740jw955i52c.brive.org\/index.php\/liste-ecologique-et-citoyenne-de-brive\/\",\"name\":\"Liste \\u00e9cologique et citoyenne de Brive - Ville de Brive\",\"isPartOf\":{\"@id\":\"http:\/\/740jw955i52c.brive.org\/#website\"},\"datePublished\":\"2020-11-25T10:23:02+00:00\",\"dateModified\":\"2025-01-02T13:47:12+00:00\",\"breadcrumb\":{\"@id\":\"http:\/\/740jw955i52c.brive.org\/index.php\/liste-ecologique-et-citoyenne-de-brive\/#breadcrumb\"},\"inLanguage\":\"fr-FR\",\"potentialAction\":[{\"@type\":\"ReadAction\",\"target\":[\"http:\/\/740jw955i52c.brive.org\/index.php\/liste-ecologique-et-citoyenne-de-brive\/\"]}]},{\"@type\":\"BreadcrumbList\",\"@id\":\"http:\/\/740jw955i52c.brive.org\/index.php\/liste-ecologique-et-citoyenne-de-brive\/#breadcrumb\",\"itemListElement\":[{\"@type\":\"ListItem\",\"position\":1,\"name\":\"Accueil\",\"item\":\"http:\/\/740jw955i52c.brive.org\/\"},{\"@type\":\"ListItem\",\"position\":2,\"name\":\"Liste \\u00e9cologique et citoyenne de Brive\"}]}]}<\/script>\n<!-- \/ Yoast SEO plugin. -->","yoast_head_json":{"title":"Liste \u00e9cologique et citoyenne de Brive - Ville de Brive","robots":{"index":"index","follow":"follow","max-snippet":"max-snippet:-1","max-image-preview":"max-image-preview:large","max-video-preview":"max-video-preview:-1"},"canonical":"http:\/\/740jw955i52c.brive.org\/index.php\/liste-ecologique-et-citoyenne-de-brive\/","og_locale":"fr_FR","og_type":"article","og_title":"Liste \u00e9cologique et citoyenne de Brive - Ville de Brive","og_description":"[vc_row][vc_column][vc_column_text] Janvier 2025 2025 : l&#8217;ann\u00e9e de la d\u00e9termination et de la vision politique L&#8217;ann\u00e9e \u00e9coul\u00e9e a marqu\u00e9 un tournant dans l&#8217;histoire de notre humanit\u00e9 : l&#8217;\u00e9chec collectif \u00e0 maintenir ...","og_url":"http:\/\/740jw955i52c.brive.org\/index.php\/liste-ecologique-et-citoyenne-de-brive\/","og_site_name":"Ville de Brive","article_modified_time":"2025-01-02T13:47:12+00:00","twitter_card":"summary_large_image","twitter_misc":{"Dur\u00e9e de lecture estim\u00e9e":"2 minutes"},"schema":{"@context":"https:\/\/schema.org","@graph":[{"@type":"WebSite","@id":"http:\/\/740jw955i52c.brive.org\/#website","url":"http:\/\/740jw955i52c.brive.org\/","name":"Ville de Brive","description":"Bienvenue sur le site de la ville de Brive-la-Gaillarde. Vous y trouverez l&#039;actualit\u00e9 de la commune, des informations pratiques et vos d\u00e9marches administratives.","potentialAction":[{"@type":"SearchAction","target":{"@type":"EntryPoint","urlTemplate":"http:\/\/740jw955i52c.brive.org\/?s={search_term_string}"},"query-input":"required name=search_term_string"}],"inLanguage":"fr-FR"},{"@type":"WebPage","@id":"http:\/\/740jw955i52c.brive.org\/index.php\/liste-ecologique-et-citoyenne-de-brive\/#webpage","url":"http:\/\/740jw955i52c.brive.org\/index.php\/liste-ecologique-et-citoyenne-de-brive\/","name":"Liste \u00e9cologique et citoyenne de Brive - Ville de Brive","isPartOf":{"@id":"http:\/\/740jw955i52c.brive.org\/#website"},"datePublished":"2020-11-25T10:23:02+00:00","dateModified":"2025-01-02T13:47:12+00:00","breadcrumb":{"@id":"http:\/\/740jw955i52c.brive.org\/index.php\/liste-ecologique-et-citoyenne-de-brive\/#breadcrumb"},"inLanguage":"fr-FR","potentialAction":[{"@type":"ReadAction","target":["http:\/\/740jw955i52c.brive.org\/index.php\/liste-ecologique-et-citoyenne-de-brive\/"]}]},{"@type":"BreadcrumbList","@id":"http:\/\/740jw955i52c.brive.org\/index.php\/liste-ecologique-et-citoyenne-de-brive\/#breadcrumb","itemListElement":[{"@type":"ListItem","position":1,"name":"Accueil","item":"http:\/\/740jw955i52c.brive.org\/"},{"@type":"ListItem","position":2,"name":"Liste \u00e9cologique et citoyenne de Brive"}]}]}},"_links":{"self":[{"href":"http:\/\/740jw955i52c.brive.org\/index.php\/wp-json\/wp\/v2\/pages\/42113"}],"collection":[{"href":"http:\/\/740jw955i52c.brive.org\/index.php\/wp-json\/wp\/v2\/pages"}],"about":[{"href":"http:\/\/740jw955i52c.brive.org\/index.php\/wp-json\/wp\/v2\/types\/page"}],"author":[{"embeddable":true,"href":"http:\/\/740jw955i52c.brive.org\/index.php\/wp-json\/wp\/v2\/users\/1"}],"replies":[{"embeddable":true,"href":"http:\/\/740jw955i52c.brive.org\/index.php\/wp-json\/wp\/v2\/comments?post=42113"}],"version-history":[{"count":64,"href":"http:\/\/740jw955i52c.brive.org\/index.php\/wp-json\/wp\/v2\/pages\/42113\/revisions"}],"predecessor-version":[{"id":54187,"href":"http:\/\/740jw955i52c.brive.org\/index.php\/wp-json\/wp\/v2\/pages\/42113\/revisions\/54187"}],"wp:attachment":[{"href":"http:\/\/740jw955i52c.brive.org\/index.php\/wp-json\/wp\/v2\/media?parent=42113"}],"curies":[{"name":"wp","href":"https:\/\/api.w.org\/{rel}","templated":true}]}}