{"id":42087,"date":"2020-11-25T10:00:07","date_gmt":"2020-11-25T09:00:07","guid":{"rendered":"http:\/\/740jw955i52c.brive.org\/?page_id=42087"},"modified":"2025-01-02T14:42:16","modified_gmt":"2025-01-02T13:42:16","slug":"brive-notre-avenir","status":"publish","type":"page","link":"http:\/\/740jw955i52c.brive.org\/index.php\/brive-notre-avenir\/","title":{"rendered":"Brive notre avenir"},"content":{"rendered":"<p>[vc_row][vc_column][vc_column_text css_animation=&#8221;none&#8221;]<\/p>\n<h2>Janvier 2025<\/h2>\n<h1><strong>Que de temps perdu !<\/strong><\/h1>\n<p>C\u2019est la r\u00e9flexion que nous nous faisons au moment d\u2019aborder la derni\u00e8re ann\u00e9e pleine de ce mandat. Les reculs et les renoncements sont importants. L\u2019habile communication ne suffit plus \u00e0 masquer la r\u00e9alit\u00e9 de l\u2019immobilisme. Vous \u00eates de plus en plus nombreux \u00e0 nous le dire.<\/p>\n<p>Au 1er janvier, les tarifs des bus augmenteront fortement. Le ticket \u00e0 l\u2019unit\u00e9 va passer de 1\u20ac \u00e0 1,20\u20ac (soit 20%), +16% pour le ticket journ\u00e9e (de 3\u20ac \u00e0 3,50\u20ac), +25% pour le ticket 10 voyages de 8 \u00e0 10\u20ac. C\u2019est une forte hausse de vos imp\u00f4ts du quotidien. Nous avons vot\u00e9 contre et cela s\u2019ajoute aux autres hausses pour les cantines, le stationnement et m\u00eames les concessions fun\u00e9raires depuis 2014. Le service ne sera pas vraiment am\u00e9lior\u00e9 dans la partie urbaine. Nous sommes bien loin d\u2019un v\u00e9ritable choc incitatif. La navette gratuite du centre-ville sera consid\u00e9rablement r\u00e9duite. Avec des fr\u00e9quences qui \u00e9taient de 15 minutes en heures pleines et 25 minutes en heures creuses, ce sera 30 minutes dans le nouveau contrat. L\u2019amplitude horaire va passer de 7h15-19h30 \u00e0 9h30-12h20 et 13h30-16h55. M\u00eame le Pr\u00e9sident de Limoges M\u00e9tropole pourtant de la m\u00eame sensibilit\u00e9 que Fr\u00e9d\u00e9ric Soulier a d\u00e9cid\u00e9 d\u2019une exp\u00e9rimentation de la gratuit\u00e9.<\/p>\n<p>De m\u00eame, la majorit\u00e9 propose de supprimer la possibilit\u00e9 de cr\u00e9er une halte ferroviaire \u00e0 l\u2019Ouest en plus de l\u2019abandon de la halte de Malemort. Ces d\u00e9cisions sont regrettables et vont \u00e0 contresens de l\u2019histoire.<\/p>\n<p>L\u00e0 aussi, que de temps perdu ! C\u2019est pareil pour la gestion de l\u2019eau. La d\u00e9l\u00e9gation de service public de l\u2019eau et l\u2019assainissement avait \u00e9t\u00e9 brillamment n\u00e9goci\u00e9e semble-t-il alors qu\u2019elle sert aujourd\u2019hui \u00e0 faire de la tr\u00e9sorerie sur le dos des usagers. C\u2019est vous qui trinquez. Nous d\u00e9fendons une reprise en gestion publique pour une meilleure gestion \u00e9conomique et durable.<\/p>\n<p>Vous pouvez compter sur nous pour porter un autre avenir pour Brive. Cette ann\u00e9e encore, nous nous battrons pour d\u00e9fendre un d\u00e9veloppement durable, solidaire et humain dans un environnement s\u00fbr. Notre engagement est constant pour Brive et son territoire.<\/p>\n<p>Bonne ann\u00e9e et bonne sant\u00e9 \u00e0 toutes et tous !<\/p>\n<p>&#8212;<\/p>\n<p><strong>Paul ROCHE, Catherine GABRIEL, Jean-Yves SOULIER et Martine CONTIE<\/strong><br \/>\n<strong>Groupe Brive notre avenir (PS, PCF) <\/strong><\/p>\n<p>Mail\u00a0: <a href=\"mailto:contact@brivenotreavenir.fr\"><em>contact@brivenotreavenir.fr<\/em><\/a><br \/>\nFacebook\u00a0: <a href=\"https:\/\/www.facebook.com\/brivenotreavenir\">Brive notre avenir<\/a>[\/vc_column_text][vc_btn title=&#8221;\u25c0 Retour Conseil Municipal&#8221; style=&#8221;outline&#8221; shape=&#8221;rounded&#8221; color=&#8221;primary&#8221; css_animation=&#8221;bounceIn&#8221; link=&#8221;url:http%3A%2F%2F740jw955i52c.brive.org%2Findex.php%2Fmairie%2Fconseil-municipal%2F|||&#8221;][\/vc_column][\/vc_row]<\/p>\n","protected":false},"excerpt":{"rendered":"<p>[vc_row][vc_column][vc_column_text css_animation=&#8221;none&#8221;] Janvier 2025 Que de temps perdu ! C\u2019est la r\u00e9flexion que nous nous faisons au moment d\u2019aborder la derni\u00e8re ann\u00e9e pleine de ce mandat. Les reculs et les &#8230; <\/p>\n","protected":false},"author":1,"featured_media":0,"parent":0,"menu_order":0,"comment_status":"closed","ping_status":"closed","template":"","meta":[],"yoast_head":"<!-- This site is optimized with the Yoast SEO plugin v17.8 - https:\/\/yoast.com\/wordpress\/plugins\/seo\/ -->\n<title>Brive notre avenir - Ville de Brive<\/title>\n<meta name=\"robots\" content=\"index, follow, max-snippet:-1, max-image-preview:large, max-video-preview:-1\" \/>\n<link rel=\"canonical\" href=\"http:\/\/740jw955i52c.brive.org\/index.php\/brive-notre-avenir\/\" \/>\n<meta property=\"og:locale\" content=\"fr_FR\" \/>\n<meta property=\"og:type\" content=\"article\" \/>\n<meta property=\"og:title\" content=\"Brive notre avenir - Ville de Brive\" \/>\n<meta property=\"og:description\" content=\"[vc_row][vc_column][vc_column_text css_animation=&#8221;none&#8221;] Janvier 2025 Que de temps perdu ! C\u2019est la r\u00e9flexion que nous nous faisons au moment d\u2019aborder la derni\u00e8re ann\u00e9e pleine de ce mandat. Les reculs et les ...\" \/>\n<meta property=\"og:url\" content=\"http:\/\/740jw955i52c.brive.org\/index.php\/brive-notre-avenir\/\" \/>\n<meta property=\"og:site_name\" content=\"Ville de Brive\" \/>\n<meta property=\"article:modified_time\" content=\"2025-01-02T13:42:16+00:00\" \/>\n<meta name=\"twitter:card\" content=\"summary_large_image\" \/>\n<meta name=\"twitter:label1\" content=\"Dur\u00e9e de lecture estim\u00e9e\" \/>\n\t<meta name=\"twitter:data1\" content=\"4 minutes\" \/>\n<script type=\"application\/ld+json\" class=\"yoast-schema-graph\">{\"@context\":\"https:\/\/schema.org\",\"@graph\":[{\"@type\":\"WebSite\",\"@id\":\"http:\/\/740jw955i52c.brive.org\/#website\",\"url\":\"http:\/\/740jw955i52c.brive.org\/\",\"name\":\"Ville de Brive\",\"description\":\"Bienvenue sur le site de la ville de Brive-la-Gaillarde. Vous y trouverez l&#039;actualit\\u00e9 de la commune, des informations pratiques et vos d\\u00e9marches administratives.\",\"potentialAction\":[{\"@type\":\"SearchAction\",\"target\":{\"@type\":\"EntryPoint\",\"urlTemplate\":\"http:\/\/740jw955i52c.brive.org\/?s={search_term_string}\"},\"query-input\":\"required name=search_term_string\"}],\"inLanguage\":\"fr-FR\"},{\"@type\":\"WebPage\",\"@id\":\"http:\/\/740jw955i52c.brive.org\/index.php\/brive-notre-avenir\/#webpage\",\"url\":\"http:\/\/740jw955i52c.brive.org\/index.php\/brive-notre-avenir\/\",\"name\":\"Brive notre avenir - Ville de Brive\",\"isPartOf\":{\"@id\":\"http:\/\/740jw955i52c.brive.org\/#website\"},\"datePublished\":\"2020-11-25T09:00:07+00:00\",\"dateModified\":\"2025-01-02T13:42:16+00:00\",\"breadcrumb\":{\"@id\":\"http:\/\/740jw955i52c.brive.org\/index.php\/brive-notre-avenir\/#breadcrumb\"},\"inLanguage\":\"fr-FR\",\"potentialAction\":[{\"@type\":\"ReadAction\",\"target\":[\"http:\/\/740jw955i52c.brive.org\/index.php\/brive-notre-avenir\/\"]}]},{\"@type\":\"BreadcrumbList\",\"@id\":\"http:\/\/740jw955i52c.brive.org\/index.php\/brive-notre-avenir\/#breadcrumb\",\"itemListElement\":[{\"@type\":\"ListItem\",\"position\":1,\"name\":\"Accueil\",\"item\":\"http:\/\/740jw955i52c.brive.org\/\"},{\"@type\":\"ListItem\",\"position\":2,\"name\":\"Brive notre avenir\"}]}]}<\/script>\n<!-- \/ Yoast SEO plugin. -->","yoast_head_json":{"title":"Brive notre avenir - Ville de Brive","robots":{"index":"index","follow":"follow","max-snippet":"max-snippet:-1","max-image-preview":"max-image-preview:large","max-video-preview":"max-video-preview:-1"},"canonical":"http:\/\/740jw955i52c.brive.org\/index.php\/brive-notre-avenir\/","og_locale":"fr_FR","og_type":"article","og_title":"Brive notre avenir - Ville de Brive","og_description":"[vc_row][vc_column][vc_column_text css_animation=&#8221;none&#8221;] Janvier 2025 Que de temps perdu ! C\u2019est la r\u00e9flexion que nous nous faisons au moment d\u2019aborder la derni\u00e8re ann\u00e9e pleine de ce mandat. Les reculs et les ...","og_url":"http:\/\/740jw955i52c.brive.org\/index.php\/brive-notre-avenir\/","og_site_name":"Ville de Brive","article_modified_time":"2025-01-02T13:42:16+00:00","twitter_card":"summary_large_image","twitter_misc":{"Dur\u00e9e de lecture estim\u00e9e":"4 minutes"},"schema":{"@context":"https:\/\/schema.org","@graph":[{"@type":"WebSite","@id":"http:\/\/740jw955i52c.brive.org\/#website","url":"http:\/\/740jw955i52c.brive.org\/","name":"Ville de Brive","description":"Bienvenue sur le site de la ville de Brive-la-Gaillarde. Vous y trouverez l&#039;actualit\u00e9 de la commune, des informations pratiques et vos d\u00e9marches administratives.","potentialAction":[{"@type":"SearchAction","target":{"@type":"EntryPoint","urlTemplate":"http:\/\/740jw955i52c.brive.org\/?s={search_term_string}"},"query-input":"required name=search_term_string"}],"inLanguage":"fr-FR"},{"@type":"WebPage","@id":"http:\/\/740jw955i52c.brive.org\/index.php\/brive-notre-avenir\/#webpage","url":"http:\/\/740jw955i52c.brive.org\/index.php\/brive-notre-avenir\/","name":"Brive notre avenir - Ville de Brive","isPartOf":{"@id":"http:\/\/740jw955i52c.brive.org\/#website"},"datePublished":"2020-11-25T09:00:07+00:00","dateModified":"2025-01-02T13:42:16+00:00","breadcrumb":{"@id":"http:\/\/740jw955i52c.brive.org\/index.php\/brive-notre-avenir\/#breadcrumb"},"inLanguage":"fr-FR","potentialAction":[{"@type":"ReadAction","target":["http:\/\/740jw955i52c.brive.org\/index.php\/brive-notre-avenir\/"]}]},{"@type":"BreadcrumbList","@id":"http:\/\/740jw955i52c.brive.org\/index.php\/brive-notre-avenir\/#breadcrumb","itemListElement":[{"@type":"ListItem","position":1,"name":"Accueil","item":"http:\/\/740jw955i52c.brive.org\/"},{"@type":"ListItem","position":2,"name":"Brive notre avenir"}]}]}},"_links":{"self":[{"href":"http:\/\/740jw955i52c.brive.org\/index.php\/wp-json\/wp\/v2\/pages\/42087"}],"collection":[{"href":"http:\/\/740jw955i52c.brive.org\/index.php\/wp-json\/wp\/v2\/pages"}],"about":[{"href":"http:\/\/740jw955i52c.brive.org\/index.php\/wp-json\/wp\/v2\/types\/page"}],"author":[{"embeddable":true,"href":"http:\/\/740jw955i52c.brive.org\/index.php\/wp-json\/wp\/v2\/users\/1"}],"replies":[{"embeddable":true,"href":"http:\/\/740jw955i52c.brive.org\/index.php\/wp-json\/wp\/v2\/comments?post=42087"}],"version-history":[{"count":69,"href":"http:\/\/740jw955i52c.brive.org\/index.php\/wp-json\/wp\/v2\/pages\/42087\/revisions"}],"predecessor-version":[{"id":54185,"href":"http:\/\/740jw955i52c.brive.org\/index.php\/wp-json\/wp\/v2\/pages\/42087\/revisions\/54185"}],"wp:attachment":[{"href":"http:\/\/740jw955i52c.brive.org\/index.php\/wp-json\/wp\/v2\/media?parent=42087"}],"curies":[{"name":"wp","href":"https:\/\/api.w.org\/{rel}","templated":true}]}}

<p>[vc_row][vc_column][vc_column_text css_animation=&#8221;none&#8221;]</p>
<h2>Janvier 2025</h2>
<h1><strong>Que de temps perdu !</strong></h1>
<p>C’est la réflexion que nous nous faisons au moment d’aborder la dernière année pleine de ce mandat. Les reculs et les renoncements sont importants. L’habile communication ne suffit plus à masquer la réalité de l’immobilisme. Vous êtes de plus en plus nombreux à nous le dire.</p>
<p>Au 1er janvier, les tarifs des bus augmenteront fortement. Le ticket à l’unité va passer de 1€ à 1,20€ (soit 20%), +16% pour le ticket journée (de 3€ à 3,50€), +25% pour le ticket 10 voyages de 8 à 10€. C’est une forte hausse de vos impôts du quotidien. Nous avons voté contre et cela s’ajoute aux autres hausses pour les cantines, le stationnement et mêmes les concessions funéraires depuis 2014. Le service ne sera pas vraiment amélioré dans la partie urbaine. Nous sommes bien loin d’un véritable choc incitatif. La navette gratuite du centre-ville sera considérablement réduite. Avec des fréquences qui étaient de 15 minutes en heures pleines et 25 minutes en heures creuses, ce sera 30 minutes dans le nouveau contrat. L’amplitude horaire va passer de 7h15-19h30 à 9h30-12h20 et 13h30-16h55. Même le Président de Limoges Métropole pourtant de la même sensibilité que Frédéric Soulier a décidé d’une expérimentation de la gratuité.</p>
<p>De même, la majorité propose de supprimer la possibilité de créer une halte ferroviaire à l’Ouest en plus de l’abandon de la halte de Malemort. Ces décisions sont regrettables et vont à contresens de l’histoire.</p>
<p>Là aussi, que de temps perdu ! C’est pareil pour la gestion de l’eau. La délégation de service public de l’eau et l’assainissement avait été brillamment négociée semble-t-il alors qu’elle sert aujourd’hui à faire de la trésorerie sur le dos des usagers. C’est vous qui trinquez. Nous défendons une reprise en gestion publique pour une meilleure gestion économique et durable.</p>
<p>Vous pouvez compter sur nous pour porter un autre avenir pour Brive. Cette année encore, nous nous battrons pour défendre un développement durable, solidaire et humain dans un environnement sûr. Notre engagement est constant pour Brive et son territoire.</p>
<p>Bonne année et bonne santé à toutes et tous !</p>
<p>&#8212;</p>
<p><strong>Paul ROCHE, Catherine GABRIEL, Jean-Yves SOULIER et Martine CONTIE</strong><br />
<strong>Groupe Brive notre avenir (PS, PCF) </strong></p>
<p>Mail : <a href="mailto:contact@brivenotreavenir.fr"><em>contact@brivenotreavenir.fr</em></a><br />
Facebook : <a href="https://www.facebook.com/brivenotreavenir">Brive notre avenir</a>[/vc_column_text][vc_btn title=&#8221;◀ Retour Conseil Municipal&#8221; style=&#8221;outline&#8221; shape=&#8221;rounded&#8221; color=&#8221;primary&#8221; css_animation=&#8221;bounceIn&#8221; link=&#8221;url:http%3A%2F%2F740jw955i52c.brive.org%2Findex.php%2Fmairie%2Fconseil-municipal%2F|||&#8221;][/vc_column][/vc_row]</p>

<p>[vc_row][vc_column][vc_column_text css_animation=&#8221;none&#8221;] Janvier 2025 Que de temps perdu ! C’est la réflexion que nous nous faisons au moment d’aborder la dernière année pleine de ce mandat. Les reculs et les &#8230; </p>

<!-- This site is optimized with the Yoast SEO plugin v17.8 - https://yoast.com/wordpress/plugins/seo/ -->
<title>Brive notre avenir - Ville de Brive</title>
<meta name="robots" content="index, follow, max-snippet:-1, max-image-preview:large, max-video-preview:-1" />
<link rel="canonical" href="http://740jw955i52c.brive.org/index.php/brive-notre-avenir/" />
<meta property="og:locale" content="fr_FR" />
<meta property="og:type" content="article" />
<meta property="og:title" content="Brive notre avenir - Ville de Brive" />
<meta property="og:description" content="[vc_row][vc_column][vc_column_text css_animation=&#8221;none&#8221;] Janvier 2025 Que de temps perdu ! C’est la réflexion que nous nous faisons au moment d’aborder la dernière année pleine de ce mandat. Les reculs et les ..." />
<meta property="og:url" content="http://740jw955i52c.brive.org/index.php/brive-notre-avenir/" />
<meta property="og:site_name" content="Ville de Brive" />
<meta property="article:modified_time" content="2025-01-02T13:42:16+00:00" />
<meta name="twitter:card" content="summary_large_image" />
<meta name="twitter:label1" content="Durée de lecture estimée" />
	<meta name="twitter:data1" content="4 minutes" />
<script type="application/ld+json" class="yoast-schema-graph">{"@context":"https://schema.org","@graph":[{"@type":"WebSite","@id":"http://740jw955i52c.brive.org/#website","url":"http://740jw955i52c.brive.org/","name":"Ville de Brive","description":"Bienvenue sur le site de la ville de Brive-la-Gaillarde. Vous y trouverez l&#039;actualit\u00e9 de la commune, des informations pratiques et vos d\u00e9marches administratives.","potentialAction":[{"@type":"SearchAction","target":{"@type":"EntryPoint","urlTemplate":"http://740jw955i52c.brive.org/?s={search_term_string}"},"query-input":"required name=search_term_string"}],"inLanguage":"fr-FR"},{"@type":"WebPage","@id":"http://740jw955i52c.brive.org/index.php/brive-notre-avenir/#webpage","url":"http://740jw955i52c.brive.org/index.php/brive-notre-avenir/","name":"Brive notre avenir - Ville de Brive","isPartOf":{"@id":"http://740jw955i52c.brive.org/#website"},"datePublished":"2020-11-25T09:00:07+00:00","dateModified":"2025-01-02T13:42:16+00:00","breadcrumb":{"@id":"http://740jw955i52c.brive.org/index.php/brive-notre-avenir/#breadcrumb"},"inLanguage":"fr-FR","potentialAction":[{"@type":"ReadAction","target":["http://740jw955i52c.brive.org/index.php/brive-notre-avenir/"]}]},{"@type":"BreadcrumbList","@id":"http://740jw955i52c.brive.org/index.php/brive-notre-avenir/#breadcrumb","itemListElement":[{"@type":"ListItem","position":1,"name":"Accueil","item":"http://740jw955i52c.brive.org/"},{"@type":"ListItem","position":2,"name":"Brive notre avenir"}]}]}</script>
<!-- / Yoast SEO plugin. -->

[vc_row][vc_column][vc_column_text css_animation=&#8221;none&#8221;] Janvier 2025 Que de temps perdu ! C’est la réflexion que nous nous faisons au moment d’aborder la dernière année pleine de ce mandat. Les reculs et les ...

Bienvenue sur le site de la ville de Brive-la-Gaillarde. Vous y trouverez l&#039;actualité de la commune, des informations pratiques et vos démarches administratives.
