{"id":42076,"date":"2020-11-25T09:48:21","date_gmt":"2020-11-25T08:48:21","guid":{"rendered":"http:\/\/740jw955i52c.brive.org\/?page_id=42076"},"modified":"2025-01-02T14:38:59","modified_gmt":"2025-01-02T13:38:59","slug":"un-projet-pour-brive-2","status":"publish","type":"page","link":"http:\/\/740jw955i52c.brive.org\/index.php\/un-projet-pour-brive-2\/","title":{"rendered":"Un projet pour Brive #2"},"content":{"rendered":"<p>[vc_row][vc_column][vc_row_inner][vc_column_inner][vc_column_text]<\/p>\n<h2 style=\"text-align: justify\">Janvier 2025<\/h2>\n<h1><strong>En 2025, Lib\u00e9o change de main<\/strong><\/h1>\n<p>En 2025, l\u2019Agglom\u00e9ration de Brive am\u00e9liore les mobilit\u00e9s dans l\u2019ensemble des communes de l\u2019Agglo. RATP Dev est le nouvel exploitant et sa proposition retenue fait \u00e9voluer en mieux le service.<br \/>\nLes bassins d\u2019emploi de Brive seront desservis plus fr\u00e9quemment, en lien avec les quartiers les plus habit\u00e9s. Une meilleure desserte de l\u2019h\u00f4pital, du parking relais des Trois Provinces, des \u00e9quipements sportifs (patinoire, piscine), des lyc\u00e9es, du quartier Brune et de la gare, avec des horaires plus adapt\u00e9s, autour d\u2019une offre repens\u00e9e.<\/p>\n<p>Aux heures de pointe, les fr\u00e9quences des lignes 1 et 2 resteront inchang\u00e9es, garantissant la qualit\u00e9 de service. Pour chacune de ces deux lignes, la voiture peut \u00eatre stationn\u00e9e au p\u00f4le d\u2019\u00e9changes de Brive Laroche. \u00c0 noter \u00e9galement, une \u00e9volution positive durant les vacances scolaires (hors vacances d\u2019\u00e9t\u00e9), les lignes 1 et 2 conserveront le m\u00eame service que durant l\u2019ensemble de l\u2019ann\u00e9e.<\/p>\n<p>Enfin, le transport \u00e0 la demande franchit une nouvelle \u00e9tape, avec des allers-retours toutes les heures depuis toutes les communes de l\u2019Agglo, et avec une prise en charge \u00e0 domicile !<br \/>\nCette nouvelle dynamique a \u00e9t\u00e9 soutenue et attendue par l\u2019ensemble des communes de l\u2019Agglo, autour de tarifs attractifs et accessibles au plus grand nombre.<br \/>\nEn revanche, que de temps perdu \u00e0 lire la sempiternelle id\u00e9e de la gratuit\u00e9 des transports.<\/p>\n<p>Le co\u00fbt de la gratuit\u00e9 serait \u00e9gal \u00e0 une augmentation des imp\u00f4ts et ferait passer le versement mobilit\u00e9 de 0,9 \u00e0 1,125, soit une hausse de l\u2019imp\u00f4t des entreprises de + 2,1 M\u20ac ! Est-ce bien supportable en ce moment ?<\/p>\n<p>Si l\u2019on veut sauvegarder le service public, il nous faut \u00eatre justes, entre une contribution de l\u2019utilisateur des transports et une part raisonnable du contribuable qui le finance, sans pour autant l\u2019utiliser.<br \/>\nL\u2019ensemble des \u00e9lus de la majorit\u00e9 municipale vous souhaite une bonne ann\u00e9e 2025, \u00e0 vous ainsi qu\u2019\u00e0 tous ceux qui vous sont chers.<\/p>\n<p>Bonne ann\u00e9e 2025 !<\/p>\n<p>&#8212;<\/p>\n<p style=\"text-align: justify\"><strong>Les \u00e9lus de la majorit\u00e9 municipale<\/strong><\/p>\n<p style=\"text-align: justify\"><strong>Contacts :<\/strong><br \/>\n<a href=\"mailto:unprojetpourbrive@gmail.com\">unprojetpourbrive@gmail.com<\/a><br \/>\n<strong>Facebook : <a href=\"https:\/\/www.facebook.com\/unprojetpourbrive\">unprojetpourbrive<\/a><\/strong><br \/>\n<strong>X : <a href=\"https:\/\/twitter.com\/projetpourbrive\">@projetpourbrive<\/a><\/strong><\/p>\n<p>[\/vc_column_text][vc_btn title=&#8221;\u25c0 Retour Conseil Municipal&#8221; style=&#8221;outline&#8221; shape=&#8221;rounded&#8221; color=&#8221;primary&#8221; align=&#8221;left&#8221; css_animation=&#8221;bounceIn&#8221; link=&#8221;url:http%3A%2F%2F740jw955i52c.brive.org%2Findex.php%2Fmairie%2Fconseil-municipal%2F|||&#8221;][\/vc_column_inner][\/vc_row_inner][\/vc_column][\/vc_row]<\/p>\n","protected":false},"excerpt":{"rendered":"<p>[vc_row][vc_column][vc_row_inner][vc_column_inner][vc_column_text] Janvier 2025 En 2025, Lib\u00e9o change de main En 2025, l\u2019Agglom\u00e9ration de Brive am\u00e9liore les mobilit\u00e9s dans l\u2019ensemble des communes de l\u2019Agglo. RATP Dev est le nouvel exploitant et &#8230; <\/p>\n","protected":false},"author":1,"featured_media":0,"parent":0,"menu_order":0,"comment_status":"closed","ping_status":"closed","template":"","meta":[],"yoast_head":"<!-- This site is optimized with the Yoast SEO plugin v17.8 - https:\/\/yoast.com\/wordpress\/plugins\/seo\/ -->\n<title>Un projet pour Brive #2 - Ville de Brive<\/title>\n<meta name=\"robots\" content=\"index, follow, max-snippet:-1, max-image-preview:large, max-video-preview:-1\" \/>\n<link rel=\"canonical\" href=\"http:\/\/740jw955i52c.brive.org\/index.php\/un-projet-pour-brive-2\/\" \/>\n<meta property=\"og:locale\" content=\"fr_FR\" \/>\n<meta property=\"og:type\" content=\"article\" \/>\n<meta property=\"og:title\" content=\"Un projet pour Brive #2 - Ville de Brive\" \/>\n<meta property=\"og:description\" content=\"[vc_row][vc_column][vc_row_inner][vc_column_inner][vc_column_text] Janvier 2025 En 2025, Lib\u00e9o change de main En 2025, l\u2019Agglom\u00e9ration de Brive am\u00e9liore les mobilit\u00e9s dans l\u2019ensemble des communes de l\u2019Agglo. RATP Dev est le nouvel exploitant et ...\" \/>\n<meta property=\"og:url\" content=\"http:\/\/740jw955i52c.brive.org\/index.php\/un-projet-pour-brive-2\/\" \/>\n<meta property=\"og:site_name\" content=\"Ville de Brive\" \/>\n<meta property=\"article:modified_time\" content=\"2025-01-02T13:38:59+00:00\" \/>\n<meta name=\"twitter:card\" content=\"summary_large_image\" \/>\n<meta name=\"twitter:label1\" content=\"Dur\u00e9e de lecture estim\u00e9e\" \/>\n\t<meta name=\"twitter:data1\" content=\"2 minutes\" \/>\n<script type=\"application\/ld+json\" class=\"yoast-schema-graph\">{\"@context\":\"https:\/\/schema.org\",\"@graph\":[{\"@type\":\"WebSite\",\"@id\":\"http:\/\/740jw955i52c.brive.org\/#website\",\"url\":\"http:\/\/740jw955i52c.brive.org\/\",\"name\":\"Ville de Brive\",\"description\":\"Bienvenue sur le site de la ville de Brive-la-Gaillarde. Vous y trouverez l&#039;actualit\\u00e9 de la commune, des informations pratiques et vos d\\u00e9marches administratives.\",\"potentialAction\":[{\"@type\":\"SearchAction\",\"target\":{\"@type\":\"EntryPoint\",\"urlTemplate\":\"http:\/\/740jw955i52c.brive.org\/?s={search_term_string}\"},\"query-input\":\"required name=search_term_string\"}],\"inLanguage\":\"fr-FR\"},{\"@type\":\"WebPage\",\"@id\":\"http:\/\/740jw955i52c.brive.org\/index.php\/un-projet-pour-brive-2\/#webpage\",\"url\":\"http:\/\/740jw955i52c.brive.org\/index.php\/un-projet-pour-brive-2\/\",\"name\":\"Un projet pour Brive #2 - Ville de Brive\",\"isPartOf\":{\"@id\":\"http:\/\/740jw955i52c.brive.org\/#website\"},\"datePublished\":\"2020-11-25T08:48:21+00:00\",\"dateModified\":\"2025-01-02T13:38:59+00:00\",\"breadcrumb\":{\"@id\":\"http:\/\/740jw955i52c.brive.org\/index.php\/un-projet-pour-brive-2\/#breadcrumb\"},\"inLanguage\":\"fr-FR\",\"potentialAction\":[{\"@type\":\"ReadAction\",\"target\":[\"http:\/\/740jw955i52c.brive.org\/index.php\/un-projet-pour-brive-2\/\"]}]},{\"@type\":\"BreadcrumbList\",\"@id\":\"http:\/\/740jw955i52c.brive.org\/index.php\/un-projet-pour-brive-2\/#breadcrumb\",\"itemListElement\":[{\"@type\":\"ListItem\",\"position\":1,\"name\":\"Accueil\",\"item\":\"http:\/\/740jw955i52c.brive.org\/\"},{\"@type\":\"ListItem\",\"position\":2,\"name\":\"Un projet pour Brive #2\"}]}]}<\/script>\n<!-- \/ Yoast SEO plugin. -->","yoast_head_json":{"title":"Un projet pour Brive #2 - Ville de Brive","robots":{"index":"index","follow":"follow","max-snippet":"max-snippet:-1","max-image-preview":"max-image-preview:large","max-video-preview":"max-video-preview:-1"},"canonical":"http:\/\/740jw955i52c.brive.org\/index.php\/un-projet-pour-brive-2\/","og_locale":"fr_FR","og_type":"article","og_title":"Un projet pour Brive #2 - Ville de Brive","og_description":"[vc_row][vc_column][vc_row_inner][vc_column_inner][vc_column_text] Janvier 2025 En 2025, Lib\u00e9o change de main En 2025, l\u2019Agglom\u00e9ration de Brive am\u00e9liore les mobilit\u00e9s dans l\u2019ensemble des communes de l\u2019Agglo. RATP Dev est le nouvel exploitant et ...","og_url":"http:\/\/740jw955i52c.brive.org\/index.php\/un-projet-pour-brive-2\/","og_site_name":"Ville de Brive","article_modified_time":"2025-01-02T13:38:59+00:00","twitter_card":"summary_large_image","twitter_misc":{"Dur\u00e9e de lecture estim\u00e9e":"2 minutes"},"schema":{"@context":"https:\/\/schema.org","@graph":[{"@type":"WebSite","@id":"http:\/\/740jw955i52c.brive.org\/#website","url":"http:\/\/740jw955i52c.brive.org\/","name":"Ville de Brive","description":"Bienvenue sur le site de la ville de Brive-la-Gaillarde. Vous y trouverez l&#039;actualit\u00e9 de la commune, des informations pratiques et vos d\u00e9marches administratives.","potentialAction":[{"@type":"SearchAction","target":{"@type":"EntryPoint","urlTemplate":"http:\/\/740jw955i52c.brive.org\/?s={search_term_string}"},"query-input":"required name=search_term_string"}],"inLanguage":"fr-FR"},{"@type":"WebPage","@id":"http:\/\/740jw955i52c.brive.org\/index.php\/un-projet-pour-brive-2\/#webpage","url":"http:\/\/740jw955i52c.brive.org\/index.php\/un-projet-pour-brive-2\/","name":"Un projet pour Brive #2 - Ville de Brive","isPartOf":{"@id":"http:\/\/740jw955i52c.brive.org\/#website"},"datePublished":"2020-11-25T08:48:21+00:00","dateModified":"2025-01-02T13:38:59+00:00","breadcrumb":{"@id":"http:\/\/740jw955i52c.brive.org\/index.php\/un-projet-pour-brive-2\/#breadcrumb"},"inLanguage":"fr-FR","potentialAction":[{"@type":"ReadAction","target":["http:\/\/740jw955i52c.brive.org\/index.php\/un-projet-pour-brive-2\/"]}]},{"@type":"BreadcrumbList","@id":"http:\/\/740jw955i52c.brive.org\/index.php\/un-projet-pour-brive-2\/#breadcrumb","itemListElement":[{"@type":"ListItem","position":1,"name":"Accueil","item":"http:\/\/740jw955i52c.brive.org\/"},{"@type":"ListItem","position":2,"name":"Un projet pour Brive #2"}]}]}},"_links":{"self":[{"href":"http:\/\/740jw955i52c.brive.org\/index.php\/wp-json\/wp\/v2\/pages\/42076"}],"collection":[{"href":"http:\/\/740jw955i52c.brive.org\/index.php\/wp-json\/wp\/v2\/pages"}],"about":[{"href":"http:\/\/740jw955i52c.brive.org\/index.php\/wp-json\/wp\/v2\/types\/page"}],"author":[{"embeddable":true,"href":"http:\/\/740jw955i52c.brive.org\/index.php\/wp-json\/wp\/v2\/users\/1"}],"replies":[{"embeddable":true,"href":"http:\/\/740jw955i52c.brive.org\/index.php\/wp-json\/wp\/v2\/comments?post=42076"}],"version-history":[{"count":84,"href":"http:\/\/740jw955i52c.brive.org\/index.php\/wp-json\/wp\/v2\/pages\/42076\/revisions"}],"predecessor-version":[{"id":54184,"href":"http:\/\/740jw955i52c.brive.org\/index.php\/wp-json\/wp\/v2\/pages\/42076\/revisions\/54184"}],"wp:attachment":[{"href":"http:\/\/740jw955i52c.brive.org\/index.php\/wp-json\/wp\/v2\/media?parent=42076"}],"curies":[{"name":"wp","href":"https:\/\/api.w.org\/{rel}","templated":true}]}}

<p>[vc_row][vc_column][vc_row_inner][vc_column_inner][vc_column_text]</p>
<h2 style="text-align: justify">Janvier 2025</h2>
<h1><strong>En 2025, Libéo change de main</strong></h1>
<p>En 2025, l’Agglomération de Brive améliore les mobilités dans l’ensemble des communes de l’Agglo. RATP Dev est le nouvel exploitant et sa proposition retenue fait évoluer en mieux le service.<br />
Les bassins d’emploi de Brive seront desservis plus fréquemment, en lien avec les quartiers les plus habités. Une meilleure desserte de l’hôpital, du parking relais des Trois Provinces, des équipements sportifs (patinoire, piscine), des lycées, du quartier Brune et de la gare, avec des horaires plus adaptés, autour d’une offre repensée.</p>
<p>Aux heures de pointe, les fréquences des lignes 1 et 2 resteront inchangées, garantissant la qualité de service. Pour chacune de ces deux lignes, la voiture peut être stationnée au pôle d’échanges de Brive Laroche. À noter également, une évolution positive durant les vacances scolaires (hors vacances d’été), les lignes 1 et 2 conserveront le même service que durant l’ensemble de l’année.</p>
<p>Enfin, le transport à la demande franchit une nouvelle étape, avec des allers-retours toutes les heures depuis toutes les communes de l’Agglo, et avec une prise en charge à domicile !<br />
Cette nouvelle dynamique a été soutenue et attendue par l’ensemble des communes de l’Agglo, autour de tarifs attractifs et accessibles au plus grand nombre.<br />
En revanche, que de temps perdu à lire la sempiternelle idée de la gratuité des transports.</p>
<p>Le coût de la gratuité serait égal à une augmentation des impôts et ferait passer le versement mobilité de 0,9 à 1,125, soit une hausse de l’impôt des entreprises de + 2,1 M€ ! Est-ce bien supportable en ce moment ?</p>
<p>Si l’on veut sauvegarder le service public, il nous faut être justes, entre une contribution de l’utilisateur des transports et une part raisonnable du contribuable qui le finance, sans pour autant l’utiliser.<br />
L’ensemble des élus de la majorité municipale vous souhaite une bonne année 2025, à vous ainsi qu’à tous ceux qui vous sont chers.</p>
<p>Bonne année 2025 !</p>
<p>&#8212;</p>
<p style="text-align: justify"><strong>Les élus de la majorité municipale</strong></p>
<p style="text-align: justify"><strong>Contacts :</strong><br />
<a href="mailto:unprojetpourbrive@gmail.com">unprojetpourbrive@gmail.com</a><br />
<strong>Facebook : <a href="https://www.facebook.com/unprojetpourbrive">unprojetpourbrive</a></strong><br />
<strong>X : <a href="https://twitter.com/projetpourbrive">@projetpourbrive</a></strong></p>
<p>[/vc_column_text][vc_btn title=&#8221;◀ Retour Conseil Municipal&#8221; style=&#8221;outline&#8221; shape=&#8221;rounded&#8221; color=&#8221;primary&#8221; align=&#8221;left&#8221; css_animation=&#8221;bounceIn&#8221; link=&#8221;url:http%3A%2F%2F740jw955i52c.brive.org%2Findex.php%2Fmairie%2Fconseil-municipal%2F|||&#8221;][/vc_column_inner][/vc_row_inner][/vc_column][/vc_row]</p>

<p>[vc_row][vc_column][vc_row_inner][vc_column_inner][vc_column_text] Janvier 2025 En 2025, Libéo change de main En 2025, l’Agglomération de Brive améliore les mobilités dans l’ensemble des communes de l’Agglo. RATP Dev est le nouvel exploitant et &#8230; </p>

<!-- This site is optimized with the Yoast SEO plugin v17.8 - https://yoast.com/wordpress/plugins/seo/ -->
<title>Un projet pour Brive #2 - Ville de Brive</title>
<meta name="robots" content="index, follow, max-snippet:-1, max-image-preview:large, max-video-preview:-1" />
<link rel="canonical" href="http://740jw955i52c.brive.org/index.php/un-projet-pour-brive-2/" />
<meta property="og:locale" content="fr_FR" />
<meta property="og:type" content="article" />
<meta property="og:title" content="Un projet pour Brive #2 - Ville de Brive" />
<meta property="og:description" content="[vc_row][vc_column][vc_row_inner][vc_column_inner][vc_column_text] Janvier 2025 En 2025, Libéo change de main En 2025, l’Agglomération de Brive améliore les mobilités dans l’ensemble des communes de l’Agglo. RATP Dev est le nouvel exploitant et ..." />
<meta property="og:url" content="http://740jw955i52c.brive.org/index.php/un-projet-pour-brive-2/" />
<meta property="og:site_name" content="Ville de Brive" />
<meta property="article:modified_time" content="2025-01-02T13:38:59+00:00" />
<meta name="twitter:card" content="summary_large_image" />
<meta name="twitter:label1" content="Durée de lecture estimée" />
	<meta name="twitter:data1" content="2 minutes" />
<script type="application/ld+json" class="yoast-schema-graph">{"@context":"https://schema.org","@graph":[{"@type":"WebSite","@id":"http://740jw955i52c.brive.org/#website","url":"http://740jw955i52c.brive.org/","name":"Ville de Brive","description":"Bienvenue sur le site de la ville de Brive-la-Gaillarde. Vous y trouverez l&#039;actualit\u00e9 de la commune, des informations pratiques et vos d\u00e9marches administratives.","potentialAction":[{"@type":"SearchAction","target":{"@type":"EntryPoint","urlTemplate":"http://740jw955i52c.brive.org/?s={search_term_string}"},"query-input":"required name=search_term_string"}],"inLanguage":"fr-FR"},{"@type":"WebPage","@id":"http://740jw955i52c.brive.org/index.php/un-projet-pour-brive-2/#webpage","url":"http://740jw955i52c.brive.org/index.php/un-projet-pour-brive-2/","name":"Un projet pour Brive #2 - Ville de Brive","isPartOf":{"@id":"http://740jw955i52c.brive.org/#website"},"datePublished":"2020-11-25T08:48:21+00:00","dateModified":"2025-01-02T13:38:59+00:00","breadcrumb":{"@id":"http://740jw955i52c.brive.org/index.php/un-projet-pour-brive-2/#breadcrumb"},"inLanguage":"fr-FR","potentialAction":[{"@type":"ReadAction","target":["http://740jw955i52c.brive.org/index.php/un-projet-pour-brive-2/"]}]},{"@type":"BreadcrumbList","@id":"http://740jw955i52c.brive.org/index.php/un-projet-pour-brive-2/#breadcrumb","itemListElement":[{"@type":"ListItem","position":1,"name":"Accueil","item":"http://740jw955i52c.brive.org/"},{"@type":"ListItem","position":2,"name":"Un projet pour Brive #2"}]}]}</script>
<!-- / Yoast SEO plugin. -->

[vc_row][vc_column][vc_row_inner][vc_column_inner][vc_column_text] Janvier 2025 En 2025, Libéo change de main En 2025, l’Agglomération de Brive améliore les mobilités dans l’ensemble des communes de l’Agglo. RATP Dev est le nouvel exploitant et ...

Bienvenue sur le site de la ville de Brive-la-Gaillarde. Vous y trouverez l&#039;actualité de la commune, des informations pratiques et vos démarches administratives.
