{"id":416,"date":"2015-10-06T08:40:00","date_gmt":"2015-10-06T06:40:00","guid":{"rendered":"http:\/\/740jw955i52c.brive.org?page_id=416"},"modified":"2018-09-21T10:04:39","modified_gmt":"2018-09-21T08:04:39","slug":"mediatrice-scolaire","status":"publish","type":"page","link":"http:\/\/740jw955i52c.brive.org\/index.php\/mediatrice-scolaire\/","title":{"rendered":"M\u00e9diatrice scolaire"},"content":{"rendered":"<p>[vc_row css=&#8221;.vc_custom_1487776877907{background-color: #f7f7f7 !important;}&#8221;][vc_column width=&#8221;2\/3&#8243;][vc_column_text]<\/p>\n<p style=\"text-align: justify\">Les <strong>\u00e9coles maternelles<\/strong> et les <strong>\u00e9coles \u00e9l\u00e9mentaires publiques<\/strong>\u00a0sont r\u00e9parties en deux zones g\u00e9ographiques :<br \/>\n<strong>Brive Nord<\/strong> et <strong>Brive Sud<\/strong>.<br \/>\nCes deux zones sont plac\u00e9es sous la direction d&#8217;une inspectrice de l&#8217;Education Nationale.<\/p>\n<p style=\"text-align: justify\"><strong>Deux m\u00e9diatrices scolaires<\/strong>, qui d\u00e9pendent du service Education, <strong>exercent dans les \u00e9coles \u00e9l\u00e9mentaires<br \/>\net maternelles des R\u00e9seaux d&#8217;Education Prioritaire de Brive.<\/strong><\/p>\n<p style=\"text-align: justify\"><strong><br \/>\nMissions et objectifs :<\/strong><\/p>\n<ul>\n<li style=\"text-align: justify\">soutenir les adultes dans leur r\u00f4le de parents<\/li>\n<li style=\"text-align: justify\">favoriser les relations Parents\/Ecole<\/li>\n<li style=\"text-align: justify\">impliquer les familles dans des actions en dehors de l&#8217;Ecole et en partenariat avec d&#8217;autres acteurs<\/li>\n<li style=\"text-align: justify\">orienter et accompagner des familles vers les services et Institutions<\/li>\n<li style=\"text-align: justify\">organiser des sorties sp\u00e9cifiques \u00e0 destination des familles d\u00e9favoris\u00e9es<\/li>\n<li style=\"text-align: justify\">pr\u00e9venir les situations d&#8217;exclusion.<\/li>\n<\/ul>\n<p>[\/vc_column_text][\/vc_column][vc_column width=&#8221;1\/3&#8243;][vc_single_image image=&#8221;12173&#8243; image_position=&#8221;normal-align-center&#8221; has_link=&#8221;false&#8221; link_type=&#8221;normal&#8221;][\/vc_column][\/vc_row]<\/p>\n","protected":false},"excerpt":{"rendered":"<p>[vc_row css=&#8221;.vc_custom_1487776877907{background-color: #f7f7f7 !important;}&#8221;][vc_column width=&#8221;2\/3&#8243;][vc_column_text] Les \u00e9coles maternelles et les \u00e9coles \u00e9l\u00e9mentaires publiques\u00a0sont r\u00e9parties en deux zones g\u00e9ographiques : Brive Nord et Brive Sud. Ces deux zones sont plac\u00e9es sous &#8230; <\/p>\n","protected":false},"author":3,"featured_media":0,"parent":0,"menu_order":0,"comment_status":"closed","ping_status":"closed","template":"","meta":[],"yoast_head":"<!-- This site is optimized with the Yoast SEO plugin v17.8 - https:\/\/yoast.com\/wordpress\/plugins\/seo\/ -->\n<title>M\u00e9diatrice scolaire - Ville de Brive<\/title>\n<meta name=\"robots\" content=\"index, follow, max-snippet:-1, max-image-preview:large, max-video-preview:-1\" \/>\n<link rel=\"canonical\" href=\"http:\/\/740jw955i52c.brive.org\/index.php\/mediatrice-scolaire\/\" \/>\n<meta property=\"og:locale\" content=\"fr_FR\" \/>\n<meta property=\"og:type\" content=\"article\" \/>\n<meta property=\"og:title\" content=\"M\u00e9diatrice scolaire - Ville de Brive\" \/>\n<meta property=\"og:description\" content=\"[vc_row css=&#8221;.vc_custom_1487776877907{background-color: #f7f7f7 !important;}&#8221;][vc_column width=&#8221;2\/3&#8243;][vc_column_text] Les \u00e9coles maternelles et les \u00e9coles \u00e9l\u00e9mentaires publiques\u00a0sont r\u00e9parties en deux zones g\u00e9ographiques : Brive Nord et Brive Sud. Ces deux zones sont plac\u00e9es sous ...\" \/>\n<meta property=\"og:url\" content=\"http:\/\/740jw955i52c.brive.org\/index.php\/mediatrice-scolaire\/\" \/>\n<meta property=\"og:site_name\" content=\"Ville de Brive\" \/>\n<meta property=\"article:modified_time\" content=\"2018-09-21T08:04:39+00:00\" \/>\n<meta name=\"twitter:card\" content=\"summary_large_image\" \/>\n<meta name=\"twitter:label1\" content=\"Dur\u00e9e de lecture estim\u00e9e\" \/>\n\t<meta name=\"twitter:data1\" content=\"1 minute\" \/>\n<script type=\"application\/ld+json\" class=\"yoast-schema-graph\">{\"@context\":\"https:\/\/schema.org\",\"@graph\":[{\"@type\":\"WebSite\",\"@id\":\"http:\/\/740jw955i52c.brive.org\/#website\",\"url\":\"http:\/\/740jw955i52c.brive.org\/\",\"name\":\"Ville de Brive\",\"description\":\"Bienvenue sur le site de la ville de Brive-la-Gaillarde. Vous y trouverez l&#039;actualit\\u00e9 de la commune, des informations pratiques et vos d\\u00e9marches administratives.\",\"potentialAction\":[{\"@type\":\"SearchAction\",\"target\":{\"@type\":\"EntryPoint\",\"urlTemplate\":\"http:\/\/740jw955i52c.brive.org\/?s={search_term_string}\"},\"query-input\":\"required name=search_term_string\"}],\"inLanguage\":\"fr-FR\"},{\"@type\":\"WebPage\",\"@id\":\"http:\/\/740jw955i52c.brive.org\/index.php\/mediatrice-scolaire\/#webpage\",\"url\":\"http:\/\/740jw955i52c.brive.org\/index.php\/mediatrice-scolaire\/\",\"name\":\"M\\u00e9diatrice scolaire - Ville de Brive\",\"isPartOf\":{\"@id\":\"http:\/\/740jw955i52c.brive.org\/#website\"},\"datePublished\":\"2015-10-06T06:40:00+00:00\",\"dateModified\":\"2018-09-21T08:04:39+00:00\",\"breadcrumb\":{\"@id\":\"http:\/\/740jw955i52c.brive.org\/index.php\/mediatrice-scolaire\/#breadcrumb\"},\"inLanguage\":\"fr-FR\",\"potentialAction\":[{\"@type\":\"ReadAction\",\"target\":[\"http:\/\/740jw955i52c.brive.org\/index.php\/mediatrice-scolaire\/\"]}]},{\"@type\":\"BreadcrumbList\",\"@id\":\"http:\/\/740jw955i52c.brive.org\/index.php\/mediatrice-scolaire\/#breadcrumb\",\"itemListElement\":[{\"@type\":\"ListItem\",\"position\":1,\"name\":\"Accueil\",\"item\":\"http:\/\/740jw955i52c.brive.org\/\"},{\"@type\":\"ListItem\",\"position\":2,\"name\":\"M\\u00e9diatrice scolaire\"}]}]}<\/script>\n<!-- \/ Yoast SEO plugin. -->","yoast_head_json":{"title":"M\u00e9diatrice scolaire - Ville de Brive","robots":{"index":"index","follow":"follow","max-snippet":"max-snippet:-1","max-image-preview":"max-image-preview:large","max-video-preview":"max-video-preview:-1"},"canonical":"http:\/\/740jw955i52c.brive.org\/index.php\/mediatrice-scolaire\/","og_locale":"fr_FR","og_type":"article","og_title":"M\u00e9diatrice scolaire - Ville de Brive","og_description":"[vc_row css=&#8221;.vc_custom_1487776877907{background-color: #f7f7f7 !important;}&#8221;][vc_column width=&#8221;2\/3&#8243;][vc_column_text] Les \u00e9coles maternelles et les \u00e9coles \u00e9l\u00e9mentaires publiques\u00a0sont r\u00e9parties en deux zones g\u00e9ographiques : Brive Nord et Brive Sud. Ces deux zones sont plac\u00e9es sous ...","og_url":"http:\/\/740jw955i52c.brive.org\/index.php\/mediatrice-scolaire\/","og_site_name":"Ville de Brive","article_modified_time":"2018-09-21T08:04:39+00:00","twitter_card":"summary_large_image","twitter_misc":{"Dur\u00e9e de lecture estim\u00e9e":"1 minute"},"schema":{"@context":"https:\/\/schema.org","@graph":[{"@type":"WebSite","@id":"http:\/\/740jw955i52c.brive.org\/#website","url":"http:\/\/740jw955i52c.brive.org\/","name":"Ville de Brive","description":"Bienvenue sur le site de la ville de Brive-la-Gaillarde. Vous y trouverez l&#039;actualit\u00e9 de la commune, des informations pratiques et vos d\u00e9marches administratives.","potentialAction":[{"@type":"SearchAction","target":{"@type":"EntryPoint","urlTemplate":"http:\/\/740jw955i52c.brive.org\/?s={search_term_string}"},"query-input":"required name=search_term_string"}],"inLanguage":"fr-FR"},{"@type":"WebPage","@id":"http:\/\/740jw955i52c.brive.org\/index.php\/mediatrice-scolaire\/#webpage","url":"http:\/\/740jw955i52c.brive.org\/index.php\/mediatrice-scolaire\/","name":"M\u00e9diatrice scolaire - Ville de Brive","isPartOf":{"@id":"http:\/\/740jw955i52c.brive.org\/#website"},"datePublished":"2015-10-06T06:40:00+00:00","dateModified":"2018-09-21T08:04:39+00:00","breadcrumb":{"@id":"http:\/\/740jw955i52c.brive.org\/index.php\/mediatrice-scolaire\/#breadcrumb"},"inLanguage":"fr-FR","potentialAction":[{"@type":"ReadAction","target":["http:\/\/740jw955i52c.brive.org\/index.php\/mediatrice-scolaire\/"]}]},{"@type":"BreadcrumbList","@id":"http:\/\/740jw955i52c.brive.org\/index.php\/mediatrice-scolaire\/#breadcrumb","itemListElement":[{"@type":"ListItem","position":1,"name":"Accueil","item":"http:\/\/740jw955i52c.brive.org\/"},{"@type":"ListItem","position":2,"name":"M\u00e9diatrice scolaire"}]}]}},"_links":{"self":[{"href":"http:\/\/740jw955i52c.brive.org\/index.php\/wp-json\/wp\/v2\/pages\/416"}],"collection":[{"href":"http:\/\/740jw955i52c.brive.org\/index.php\/wp-json\/wp\/v2\/pages"}],"about":[{"href":"http:\/\/740jw955i52c.brive.org\/index.php\/wp-json\/wp\/v2\/types\/page"}],"author":[{"embeddable":true,"href":"http:\/\/740jw955i52c.brive.org\/index.php\/wp-json\/wp\/v2\/users\/3"}],"replies":[{"embeddable":true,"href":"http:\/\/740jw955i52c.brive.org\/index.php\/wp-json\/wp\/v2\/comments?post=416"}],"version-history":[{"count":12,"href":"http:\/\/740jw955i52c.brive.org\/index.php\/wp-json\/wp\/v2\/pages\/416\/revisions"}],"predecessor-version":[{"id":35158,"href":"http:\/\/740jw955i52c.brive.org\/index.php\/wp-json\/wp\/v2\/pages\/416\/revisions\/35158"}],"wp:attachment":[{"href":"http:\/\/740jw955i52c.brive.org\/index.php\/wp-json\/wp\/v2\/media?parent=416"}],"curies":[{"name":"wp","href":"https:\/\/api.w.org\/{rel}","templated":true}]}}

Médiatrice scolaire

<p>[vc_row css=&#8221;.vc_custom_1487776877907{background-color: #f7f7f7 !important;}&#8221;][vc_column width=&#8221;2/3&#8243;][vc_column_text]</p>
<p style="text-align: justify">Les <strong>écoles maternelles</strong> et les <strong>écoles élémentaires publiques</strong> sont réparties en deux zones géographiques :<br />
<strong>Brive Nord</strong> et <strong>Brive Sud</strong>.<br />
Ces deux zones sont placées sous la direction d&#8217;une inspectrice de l&#8217;Education Nationale.</p>
<p style="text-align: justify"><strong>Deux médiatrices scolaires</strong>, qui dépendent du service Education, <strong>exercent dans les écoles élémentaires<br />
et maternelles des Réseaux d&#8217;Education Prioritaire de Brive.</strong></p>
<p style="text-align: justify"><strong><br />
Missions et objectifs :</strong></p>
<ul>
<li style="text-align: justify">soutenir les adultes dans leur rôle de parents</li>
<li style="text-align: justify">favoriser les relations Parents/Ecole</li>
<li style="text-align: justify">impliquer les familles dans des actions en dehors de l&#8217;Ecole et en partenariat avec d&#8217;autres acteurs</li>
<li style="text-align: justify">orienter et accompagner des familles vers les services et Institutions</li>
<li style="text-align: justify">organiser des sorties spécifiques à destination des familles défavorisées</li>
<li style="text-align: justify">prévenir les situations d&#8217;exclusion.</li>
</ul>
<p>[/vc_column_text][/vc_column][vc_column width=&#8221;1/3&#8243;][vc_single_image image=&#8221;12173&#8243; image_position=&#8221;normal-align-center&#8221; has_link=&#8221;false&#8221; link_type=&#8221;normal&#8221;][/vc_column][/vc_row]</p>

<p>[vc_row css=&#8221;.vc_custom_1487776877907{background-color: #f7f7f7 !important;}&#8221;][vc_column width=&#8221;2/3&#8243;][vc_column_text] Les écoles maternelles et les écoles élémentaires publiques sont réparties en deux zones géographiques : Brive Nord et Brive Sud. Ces deux zones sont placées sous &#8230; </p>

<!-- This site is optimized with the Yoast SEO plugin v17.8 - https://yoast.com/wordpress/plugins/seo/ -->
<title>Médiatrice scolaire - Ville de Brive</title>
<meta name="robots" content="index, follow, max-snippet:-1, max-image-preview:large, max-video-preview:-1" />
<link rel="canonical" href="http://740jw955i52c.brive.org/index.php/mediatrice-scolaire/" />
<meta property="og:locale" content="fr_FR" />
<meta property="og:type" content="article" />
<meta property="og:title" content="Médiatrice scolaire - Ville de Brive" />
<meta property="og:description" content="[vc_row css=&#8221;.vc_custom_1487776877907{background-color: #f7f7f7 !important;}&#8221;][vc_column width=&#8221;2/3&#8243;][vc_column_text] Les écoles maternelles et les écoles élémentaires publiques sont réparties en deux zones géographiques : Brive Nord et Brive Sud. Ces deux zones sont placées sous ..." />
<meta property="og:url" content="http://740jw955i52c.brive.org/index.php/mediatrice-scolaire/" />
<meta property="og:site_name" content="Ville de Brive" />
<meta property="article:modified_time" content="2018-09-21T08:04:39+00:00" />
<meta name="twitter:card" content="summary_large_image" />
<meta name="twitter:label1" content="Durée de lecture estimée" />
	<meta name="twitter:data1" content="1 minute" />
<script type="application/ld+json" class="yoast-schema-graph">{"@context":"https://schema.org","@graph":[{"@type":"WebSite","@id":"http://740jw955i52c.brive.org/#website","url":"http://740jw955i52c.brive.org/","name":"Ville de Brive","description":"Bienvenue sur le site de la ville de Brive-la-Gaillarde. Vous y trouverez l&#039;actualit\u00e9 de la commune, des informations pratiques et vos d\u00e9marches administratives.","potentialAction":[{"@type":"SearchAction","target":{"@type":"EntryPoint","urlTemplate":"http://740jw955i52c.brive.org/?s={search_term_string}"},"query-input":"required name=search_term_string"}],"inLanguage":"fr-FR"},{"@type":"WebPage","@id":"http://740jw955i52c.brive.org/index.php/mediatrice-scolaire/#webpage","url":"http://740jw955i52c.brive.org/index.php/mediatrice-scolaire/","name":"M\u00e9diatrice scolaire - Ville de Brive","isPartOf":{"@id":"http://740jw955i52c.brive.org/#website"},"datePublished":"2015-10-06T06:40:00+00:00","dateModified":"2018-09-21T08:04:39+00:00","breadcrumb":{"@id":"http://740jw955i52c.brive.org/index.php/mediatrice-scolaire/#breadcrumb"},"inLanguage":"fr-FR","potentialAction":[{"@type":"ReadAction","target":["http://740jw955i52c.brive.org/index.php/mediatrice-scolaire/"]}]},{"@type":"BreadcrumbList","@id":"http://740jw955i52c.brive.org/index.php/mediatrice-scolaire/#breadcrumb","itemListElement":[{"@type":"ListItem","position":1,"name":"Accueil","item":"http://740jw955i52c.brive.org/"},{"@type":"ListItem","position":2,"name":"M\u00e9diatrice scolaire"}]}]}</script>
<!-- / Yoast SEO plugin. -->

Médiatrice scolaire - Ville de Brive

[vc_row css=&#8221;.vc_custom_1487776877907{background-color: #f7f7f7 !important;}&#8221;][vc_column width=&#8221;2/3&#8243;][vc_column_text] Les écoles maternelles et les écoles élémentaires publiques sont réparties en deux zones géographiques : Brive Nord et Brive Sud. Ces deux zones sont placées sous ...

Bienvenue sur le site de la ville de Brive-la-Gaillarde. Vous y trouverez l&#039;actualité de la commune, des informations pratiques et vos démarches administratives.
