{"id":32104,"date":"2018-04-27T15:31:57","date_gmt":"2018-04-27T13:31:57","guid":{"rendered":"http:\/\/740jw955i52c.brive.org\/?page_id=32104"},"modified":"2024-12-03T09:26:49","modified_gmt":"2024-12-03T08:26:49","slug":"les-actions-specifiques-seniors","status":"publish","type":"page","link":"http:\/\/740jw955i52c.brive.org\/index.php\/les-actions-specifiques-seniors\/","title":{"rendered":"Les actions sp\u00e9cifiques SENIORS"},"content":{"rendered":"<p>[vc_row css=&#8221;.vc_custom_1540305867628{background-color: #f2f2f2 !important;}&#8221;][vc_column]<div class=\"uxb-exte\"><h3 class=\"   has-line   uxb-heading\">Bien vieillir vivre ensemble<\/h3><\/div>[vc_column_text]<\/p>\n<p>Labellis\u00e9e <strong>\u00ab Bien Vieillir Vivre Ensemble \u00bb<\/strong>, adh\u00e9rente au <strong>R\u00e9seau Francophone Villes Amies des A\u00een\u00e9s<\/strong>, \u00e0 l&#8217;<strong>Equipe Citoyenne\u00a0 MONALISA<\/strong> la ville a pour objectif de proposer les voies d&#8217;un vieillissement r\u00e9ussi, par la mise en \u0153uvre d&#8217;actions de pr\u00e9vention adapt\u00e9es, en optimisant la qualit\u00e9 de vie de ses a\u00een\u00e9s au sein de la cit\u00e9.<\/p>\n<p>[\/vc_column_text]<div class=\"uxb-exte\"><h2 class=\" h-center  has-line   uxb-heading\"><\/h2><\/div>[\/vc_column][\/vc_row][vc_row disable_element=&#8221;yes&#8221;][vc_column width=&#8221;1\/2&#8243;][vc_btn title=&#8221;Cliquez ici pour Un colis pour nos a\u00een\u00e9s \u25b6&#8221; style=&#8221;flat&#8221; shape=&#8221;rounded&#8221; color=&#8221;juicy-pink&#8221; align=&#8221;right&#8221; css_animation=&#8221;bounceIn&#8221; link=&#8221;url:https%3A%2F%2Fguichet.brive.fr||target:%20_blank|&#8221; css=&#8221;.vc_custom_1608102705952{border-radius: 5px !important;}&#8221;][\/vc_column][vc_column width=&#8221;1\/2&#8243;][vc_column_text]<a href=\"https:\/\/guichet.brive.fr\"><img decoding=\"async\" loading=\"lazy\" class=\"alignnone size-full wp-image-42127\" src=\"http:\/\/740jw955i52c.brive.org\/wp-content\/uploads\/2020\/11\/Un-colis-pour-nos-a\u00een\u00e9s.jpg\" alt=\"\" width=\"1080\" height=\"1080\" srcset=\"http:\/\/740jw955i52c.brive.org\/wp-content\/uploads\/2020\/11\/Un-colis-pour-nos-a\u00een\u00e9s.jpg 1080w, http:\/\/740jw955i52c.brive.org\/wp-content\/uploads\/2020\/11\/Un-colis-pour-nos-a\u00een\u00e9s-300x300.jpg 300w, http:\/\/740jw955i52c.brive.org\/wp-content\/uploads\/2020\/11\/Un-colis-pour-nos-a\u00een\u00e9s-750x750.jpg 750w, http:\/\/740jw955i52c.brive.org\/wp-content\/uploads\/2020\/11\/Un-colis-pour-nos-a\u00een\u00e9s-200x200.jpg 200w, http:\/\/740jw955i52c.brive.org\/wp-content\/uploads\/2020\/11\/Un-colis-pour-nos-a\u00een\u00e9s-600x600.jpg 600w, http:\/\/740jw955i52c.brive.org\/wp-content\/uploads\/2020\/11\/Un-colis-pour-nos-a\u00een\u00e9s-230x230.jpg 230w, http:\/\/740jw955i52c.brive.org\/wp-content\/uploads\/2020\/11\/Un-colis-pour-nos-a\u00een\u00e9s-198x198.jpg 198w, http:\/\/740jw955i52c.brive.org\/wp-content\/uploads\/2020\/11\/Un-colis-pour-nos-a\u00een\u00e9s-60x60.jpg 60w, http:\/\/740jw955i52c.brive.org\/wp-content\/uploads\/2020\/11\/Un-colis-pour-nos-a\u00een\u00e9s-285x285.jpg 285w, http:\/\/740jw955i52c.brive.org\/wp-content\/uploads\/2020\/11\/Un-colis-pour-nos-a\u00een\u00e9s-206x206.jpg 206w, http:\/\/740jw955i52c.brive.org\/wp-content\/uploads\/2020\/11\/Un-colis-pour-nos-a\u00een\u00e9s-916x916.jpg 916w, http:\/\/740jw955i52c.brive.org\/wp-content\/uploads\/2020\/11\/Un-colis-pour-nos-a\u00een\u00e9s-590x590.jpg 590w, http:\/\/740jw955i52c.brive.org\/wp-content\/uploads\/2020\/11\/Un-colis-pour-nos-a\u00een\u00e9s-363x363.jpg 363w\" sizes=\"(max-width: 1080px) 100vw, 1080px\" \/><\/a>[\/vc_column_text][\/vc_column][\/vc_row][vc_row disable_element=&#8221;yes&#8221; css=&#8221;.vc_custom_1606723992126{background-color: #f2f2f2 !important;}&#8221;][vc_column]<div class=\"uxb-exte\"><h3 class=\"   has-line   uxb-heading\">Plan Canicule<\/h3><\/div>[vc_tta_accordion style=&#8221;outline&#8221; color=&#8221;sky&#8221; c_icon=&#8221;triangle&#8221; active_section=&#8221;&#8221; collapsible_all=&#8221;true&#8221;][vc_tta_section title=&#8221;Plan de pr\u00e9vention et de lutte contre les fortes chaleurs&#8221; tab_id=&#8221;1525097903953-aa0e1a8a-5cff&#8221;][vc_column_text]<strong>Du 1er juin et jusqu&#8217;au 31 ao\u00fbt, la Ville de BRIVE, via son Centre Communal d\u2019Action Sociale (CCAS), reconduit le dispositif de son plan Canicule en cas de fortes chaleurs durant l\u2019\u00e9t\u00e9.<\/strong><\/p>\n<p><strong>A destination des personnes \u00e2g\u00e9es, fragilis\u00e9es ou isol\u00e9es,<\/strong> et mis en \u0153uvre par l\u2019\u00e9quipe du CCAS, le Plan Canicule permet de veiller au bien-\u00eatre des personnes \u00e0 risques dont la fragilit\u00e9 en cas de pics de chaleur, se trouverait aggrav\u00e9e en raison de leur isolement.<\/p>\n<p>Ces dispositifs sont en \u0153uvre durant la p\u00e9riode estivale et tout particuli\u00e8rement en cas d\u2019alerte de niveau 3 d\u00e9clench\u00e9e par le Pr\u00e9fet.<\/p>\n<p><strong><br \/>\n<span style=\"text-decoration: underline\">Un registre nominatif unique et confidentiel<\/span><\/strong><\/p>\n<p>En application de la loi du 30 juin 2004, la Ville de BRIVE, \u00e0 l\u2019instar de l\u2019ensemble des communes de France, a institu\u00e9 un registre nominatif unique permettant de recenser l\u2019ensemble des personnes \u00e2g\u00e9es, handicap\u00e9es ou isol\u00e9es susceptibles d\u2019\u00eatre fragilis\u00e9es en cas de fortes chaleurs.<\/p>\n<p>Ainsi, en cas de d\u00e9clenchement du plan d\u2019alerte et d\u2019urgence, les inscrits b\u00e9n\u00e9ficient automatiquement de l\u2019intervention cibl\u00e9e des services du CCAS ou en cas de besoin des services de secours d\u2019urgence.<\/p>\n<p>Toute personne \u00e2g\u00e9e de plus de 65 ans, 60 ans en cas d\u2019inaptitude au travail, ou encore les personnes souffrant d\u2019un handicap, peuvent solliciter leur inscription dans ce registre en contactant\u00a0le<\/p>\n<p style=\"text-align: center\"><strong> C.C.A.S.<br \/>\nT\u00e9l : 05 55 23 75 52<br \/>\nDu lundi au vendredi de 8 h 30\u00a0 \u00e0 12 h 30 et de 13 h 30 \u00e0 17 h 30.\u00a0<\/strong><\/p>\n<p><em>Pour les personnes d\u00e9j\u00e0 inscrites, les donn\u00e9es \u00e9tant conserv\u00e9es d\u2019une ann\u00e9e \u00e0 l\u2019autre, merci de ne contacter le service que pour signaler un changement de situation ou d\u2019adresse.<\/em><\/p>\n<p>D\u2019autre part, le C.C.A.S a mis en place un dispositif de continuit\u00e9 du service public 7j\/7 et 24 h\/24 en partenariat avec le <strong>Num\u00e9ro Vert D\u00e9partemental. <\/strong><\/p>\n<p>Ainsi en dehors des heures d\u2019ouverture du CCAS, vous pourrez obtenir aides et conseils en appelant au\u00a0 <strong>0 800 00 19 19.<\/strong><\/p>\n<p>Le personnel du C.C.A.S. va \u00e9galement porter une attention particuli\u00e8re aux usagers de ses services (Portage de repas, Service de Soins Infirmiers \u00e0 Domicile, Logements Foyers,\u2026).<\/p>\n<p>De plus une <strong>plate-forme t\u00e9l\u00e9phonique nationale d\u2019informations<\/strong> est activ\u00e9e d\u00e8s le premier \u00e9pisode de chaleur : <strong>0800 06 66 66. <\/strong>Elle fonctionne de 9h \u00e0 19h (appel gratuit depuis un poste fixe en France).[\/vc_column_text][\/vc_tta_section][\/vc_tta_accordion][\/vc_column][\/vc_row][vc_row][vc_column][vc_row_inner][vc_column_inner width=&#8221;1\/2&#8243;][vc_single_image image=&#8221;54089&#8243;][\/vc_column_inner][vc_column_inner width=&#8221;1\/2&#8243;][vc_column_text]<\/p>\n<h2>SENIORS EN F\u00caTE<\/h2>\n<p>Vous \u00eates briviste et vous avez plus de 65 ans,<\/p>\n<p>Monsieur le Maire vous invite \u00e0 partager un apr\u00e8s-midi festif et gourmand<\/p>\n<p><strong>14 et 15 janvier 2025 \u00e0 partir de 14h00<\/strong><\/p>\n<p>Espace des Trois Provinces<\/p>\n<p>Inscriptions obligatoires (justificatifs identit\u00e9 et domicile)<\/p>\n<p>Au CCAS 22 rue Berlioz Brive du 02\/12 au 13\/12 de 8h30 \u00e0 12h00 et de 13h30 \u00e0 17h00<\/p>\n<p>En ligne\u00a0: <a href=\"https:\/\/guichet23.brive.fr\/GLOBAL_GUICHET_WD23\" target=\"_blank\" rel=\"noopener\">guichet.brive.fr<\/a><\/p>\n<p>Un colis douceur sera livr\u00e9 aux brivistes de plus de 65 ans ne pouvant participer \u00e0 cet \u00e9v\u00e8nement pour raison de sant\u00e9.<\/p>\n<p>Demande \u00e0 adresser par courrier avec justificatifs d\u2019identit\u00e9 et de domicile avant le 13\/12 \u00e0 :<\/p>\n<p>Monsieur le Maire CCAS 22 rue Berlioz 19100 Brive.[\/vc_column_text][\/vc_column_inner][\/vc_row_inner][vc_tta_accordion style=&#8221;outline&#8221; color=&#8221;sky&#8221; spacing=&#8221;35&#8243; c_icon=&#8221;triangle&#8221; active_section=&#8221;1&#8243; no_fill=&#8221;true&#8221; collapsible_all=&#8221;true&#8221; css=&#8221;.vc_custom_1540306090828{background-color: #f2f2f2 !important;}&#8221;][vc_tta_section title=&#8221;S\u00e9niors en f\u00eate 2024&#8243; tab_id=&#8221;1525098260235-5b5bc864-91bf&#8221;][\/vc_tta_section][vc_tta_section title=&#8221;Une visite un sourire&#8221; tab_id=&#8221;1525098081087-8f837a7d-0ea1&#8243;][vc_column_text]Cette action s\u2019adresse aux 65 ans et plus r\u00e9sidant sur Brive qui souhaitent dialoguer, partager, tisser de nouveaux liens, recevoir des visites r\u00e9guli\u00e8res, mais aussi aux personnes disponibles pour partager de leur temps et int\u00e9grer un r\u00e9seau de b\u00e9n\u00e9voles.<\/p>\n<p>Le Service est gratuit. Pour tout renseignement composez le 05 55 23 82 34.[\/vc_column_text][vc_row_inner][vc_column_inner width=&#8221;1\/2&#8243;][vc_raw_html]JTNDaWZyYW1lJTIwd2lkdGglM0QlMjI0NTAlMjIlMjBoZWlnaHQlM0QlMjI0NTAlMjIlMjBzcmMlM0QlMjJodHRwcyUzQSUyRiUyRnd3dy55b3V0dWJlLmNvbSUyRmVtYmVkJTJGb2o3RDAwRFVMWVklMjIlMjB0aXRsZSUzRCUyMllvdVR1YmUlMjB2aWRlbyUyMHBsYXllciUyMiUyMGZyYW1lYm9yZGVyJTNEJTIyMCUyMiUyMGFsbG93JTNEJTIyYWNjZWxlcm9tZXRlciUzQiUyMGF1dG9wbGF5JTNCJTIwY2xpcGJvYXJkLXdyaXRlJTNCJTIwZW5jcnlwdGVkLW1lZGlhJTNCJTIwZ3lyb3Njb3BlJTNCJTIwcGljdHVyZS1pbi1waWN0dXJlJTIyJTIwYWxsb3dmdWxsc2NyZWVuJTNFJTNDJTJGaWZyYW1lJTNF[\/vc_raw_html][\/vc_column_inner][vc_column_inner width=&#8221;1\/2&#8243;][\/vc_column_inner][\/vc_row_inner][\/vc_tta_section][vc_tta_section title=&#8221;Mon fauteuil mon caf\u00e9 mon journal&#8221; tab_id=&#8221;1525098119543-f1078cc0-d7e9&#8243;][vc_column_text]\u00ab Mon fauteuil, Mon caf\u00e9, Mon journal \u00bb vous accueille les lundi, mardi, jeudi, vendredi, entre 14h et 18h, sans contrainte, dans un espace d\u00e9di\u00e9 convivial au sein de la r\u00e9sidence autonomie du Chapeau Rouge pour \u00e9changer, sortir, rencontrer de nouvelles personnes.<\/p>\n<p>Le Service est gratuit. Pour tout renseignement composez le 05 55 23 82 34.[\/vc_column_text][\/vc_tta_section][vc_tta_section title=&#8221;Conf\u00e9rences&#8221; tab_id=&#8221;1525098081117-7c3fdd90-32a3&#8243;][vc_column_text]<\/p>\n<p>Organisation r\u00e9guli\u00e8re de conf\u00e9rences dont l&#8217;objectif est d&#8217;aborder de nombreux aspects\u00a0: sociaux, \u00e9conomiques, physiques, psychologiques et culturels li\u00e9s \u00e0 la dynamique de la vieillesse.<\/p>\n<p>[\/vc_column_text][\/vc_tta_section][vc_tta_section title=&#8221;Semaine Bleue&#8221; tab_id=&#8221;1525098123377-6aa7c9ac-e22e&#8221;][vc_column_text]<\/p>\n<p class=\"Standard\" style=\"text-align: justify\">Chaque ann\u00e9e au <strong>mois d&#8217;octobre<\/strong>, et dans le cadre de la <strong>semaine bleue<\/strong>, le CCAS de la ville organise une marche bleue.<br \/>\nCette marche a pour but de r\u00e9unir des personnes \u00e2g\u00e9es et toutes les forces vives du territoire pour marcher ensemble et partager ensuite un moment festif.<\/p>\n<p><strong>La Semaine Bleue, c\u2019est 365 jours pour agir et 7 jours pour le dire<\/strong><\/p>\n<p>Ces 7 jours annuels constituent un moment privil\u00e9gi\u00e9 pour informer et sensibiliser l\u2019opinion sur la contribution des retrait\u00e9s \u00e0 la vie \u00e9conomique, sociale et culturelle, sur les pr\u00e9occupations et difficult\u00e9s rencontr\u00e9es par les personnes \u00e2g\u00e9es, sur les r\u00e9alisations et projets des associations.<\/p>\n<p>C\u2019 est l\u2019occasion pour les acteurs, qui travaillent r\u00e9guli\u00e8rement aupr\u00e8s des a\u00een\u00e9s et pour les jeunes des centres de loisirs, d\u2019organiser \u00a0des animations qui permettent de cr\u00e9er des liens entre g\u00e9n\u00e9rations en invitant le grand public \u00e0 prendre conscience de la place et du r\u00f4le social que jouent les \u00ab\u00a0s\u00e9niors\u00bb dans notre soci\u00e9t\u00e9.[\/vc_column_text][vc_raw_html]JTNDYmxvY2txdW90ZSUyMGNsYXNzJTNEJTIydHdpdHRlci10d2VldCUyMiUzRSUzQ3AlMjBsYW5nJTNEJTIyZnIlMjIlMjBkaXIlM0QlMjJsdHIlMjIlM0UlRjAlOUYlOTMlQTMlMjBMZXMlMjA0JTIwaW5zdGFuY2VzJTIwZGUlMjBjb29yZGluYXRpb24lMjBkZSUyMGwlRTIlODAlOTlhdXRvbm9taWUlMjBkZSUyMCUzQ2ElMjBocmVmJTNEJTIyaHR0cHMlM0ElMkYlMkZ0d2l0dGVyLmNvbSUyRmhhc2h0YWclMkZCcml2ZSUzRnNyYyUzRGhhc2glMjZhbXAlM0JyZWZfc3JjJTNEdHdzcmMlMjU1RXRmdyUyMiUzRSUyM0JyaXZlJTNDJTJGYSUzRSUyMGV0JTIwZGUlMjAlM0NhJTIwaHJlZiUzRCUyMmh0dHBzJTNBJTJGJTJGdHdpdHRlci5jb20lMkZoYXNodGFnJTJGTWFsZW1vcnQlM0ZzcmMlM0RoYXNoJTI2YW1wJTNCcmVmX3NyYyUzRHR3c3JjJTI1NUV0ZnclMjIlM0UlMjNNYWxlbW9ydCUzQyUyRmElM0UlMjBvcmdhbmlzYWllbnQlMkMlMjBhdWpvdXJkJUUyJTgwJTk5aHVpJTJDJTIwYXV4JTIwVHJvaXMlMjBQcm92aW5jZXMlMjBkYW5zJTIwbGUlMjBjYWRyZSUyMGRlJTIwbGElMjAlM0NhJTIwaHJlZiUzRCUyMmh0dHBzJTNBJTJGJTJGdHdpdHRlci5jb20lMkZoYXNodGFnJTJGU2VtYWluZUJsZXVlJTNGc3JjJTNEaGFzaCUyNmFtcCUzQnJlZl9zcmMlM0R0d3NyYyUyNTVFdGZ3JTIyJTNFJTIzU2VtYWluZUJsZXVlJTNDJTJGYSUzRSUyMHVuJTIwJUYwJTlGJThEJUI1dGglQzMlQTklMjBkYW5zYW50JTIwJUYwJTlGJTkyJTgzJUYwJTlGJThGJUJCJUYwJTlGJTk1JUJBJUYwJTlGJThGJUJCJTIwcXVpJTIwYSUyMHJhdmklMjBsZXMlMjBhaW4lQzMlQTlzJTIwdmVudXMlMjBub21icmV1eCUyMCVGMCU5RiU5MSU4RCVGMCU5RiU4RiVCQiVGMCU5RiU5OCU4OSUyMFJldG91ciUyMGVuJTIwcGhvdG9zJTIwJUYwJTlGJTkzJUI4JTIwJTNDYSUyMGhyZWYlM0QlMjJodHRwcyUzQSUyRiUyRnR3aXR0ZXIuY29tJTJGc2VtYWluZWJsZXVlJTNGcmVmX3NyYyUzRHR3c3JjJTI1NUV0ZnclMjIlM0UlNDBzZW1haW5lYmxldWUlM0MlMkZhJTNFJTIwJUUyJTk2JUI2JUVGJUI4JThGJTIwJTNDYSUyMGhyZWYlM0QlMjJodHRwcyUzQSUyRiUyRnQuY28lMkZkZmlWWEtGM0tRJTIyJTNFaHR0cHMlM0ElMkYlMkZ0LmNvJTJGZGZpVlhLRjNLUSUzQyUyRmElM0UlMjAlM0NhJTIwaHJlZiUzRCUyMmh0dHBzJTNBJTJGJTJGdC5jbyUyRnlaM1hyalBZdFMlMjIlM0VwaWMudHdpdHRlci5jb20lMkZ5WjNYcmpQWXRTJTNDJTJGYSUzRSUzQyUyRnAlM0UlMjZtZGFzaCUzQiUyMFZpbGxlJTIwZGUlMjBCcml2ZSUyMCUyOCU0MHZpbGxlZGVicml2ZSUyOSUyMCUzQ2ElMjBocmVmJTNEJTIyaHR0cHMlM0ElMkYlMkZ0d2l0dGVyLmNvbSUyRnZpbGxlZGVicml2ZSUyRnN0YXR1cyUyRjE0NTA0ODY0Nzk1MjA2MjQ2NDAlM0ZyZWZfc3JjJTNEdHdzcmMlMjU1RXRmdyUyMiUzRU9jdG9iZXIlMjAxOSUyQyUyMDIwMjElM0MlMkZhJTNFJTNDJTJGYmxvY2txdW90ZSUzRSUyMCUzQ3NjcmlwdCUyMGFzeW5jJTIwc3JjJTNEJTIyaHR0cHMlM0ElMkYlMkZwbGF0Zm9ybS50d2l0dGVyLmNvbSUyRndpZGdldHMuanMlMjIlMjBjaGFyc2V0JTNEJTIydXRmLTglMjIlM0UlM0MlMkZzY3JpcHQlM0UlMjA=[\/vc_raw_html][\/vc_tta_section][\/vc_tta_accordion][vc_separator][\/vc_column][\/vc_row][vc_row css=&#8221;.vc_custom_1503318566881{background-color: #f2f2f2 !important;}&#8221;][vc_column]<div class=\"uxb-exte\"><h3 class=\"   has-line   uxb-heading\">Plan Grand Froid<\/h3><\/div>[vc_tta_accordion style=&#8221;outline&#8221; color=&#8221;sky&#8221; c_icon=&#8221;triangle&#8221; active_section=&#8221;&#8221; no_fill=&#8221;true&#8221; collapsible_all=&#8221;true&#8221;][vc_tta_section title=&#8221;Dispositif \u00e0 destination des personnes sans domicile, des personnes \u00e2g\u00e9es, fragilis\u00e9es ou isol\u00e9es et \u00e0 risque&#8221; tab_id=&#8221;1525096163918-25a87fbc-5e24&#8243;][vc_column_text]Chaque ann\u00e9e, du 1er novembre au 31 mars, le CCAS reconduit le dispositif du Plan Grand Froid \u00e0 destination des personnes sans domicile, des personnes \u00e2g\u00e9es, fragilis\u00e9es ou isol\u00e9es et \u00e0 risque.<\/p>\n<p>Durant cette p\u00e9riode, le personnel du CCAS va \u00e9galement porter une attention particuli\u00e8re aux usagers de ses services (M\u00e9diation de rue, Portage de repas, Service de Soins Infirmiers \u00e0 Domicile, R\u00e9sidence autonomie,\u2026).[\/vc_column_text][\/vc_tta_section][\/vc_tta_accordion][\/vc_column][\/vc_row][vc_row][vc_column width=&#8221;1\/2&#8243;][vc_btn title=&#8221;S\u00e9niors&#8221; style=&#8221;classic&#8221; shape=&#8221;rounded&#8221; color=&#8221;default&#8221; size=&#8221;sm&#8221; align=&#8221;left&#8221; link=&#8221;url:http%3A%2F%2F740jw955i52c.brive.org%2Findex.php%2Faccueil%2Fseniors%2F|title:S%C3%A9niors|&#8221;][\/vc_column][vc_column width=&#8221;1\/2&#8243;][vc_btn title=&#8221;Social&#8221; style=&#8221;classic&#8221; shape=&#8221;rounded&#8221; color=&#8221;default&#8221; size=&#8221;sm&#8221; align=&#8221;right&#8221; link=&#8221;url:http%3A%2F%2F740jw955i52c.brive.org%2Findex.php%2Fsocial%2F||&#8221;][\/vc_column][\/vc_row]<\/p>\n","protected":false},"excerpt":{"rendered":"<p>[vc_row css=&#8221;.vc_custom_1540305867628{background-color: #f2f2f2 !important;}&#8221;][vc_column][vc_column_text] Labellis\u00e9e \u00ab Bien Vieillir Vivre Ensemble \u00bb, adh\u00e9rente au R\u00e9seau Francophone Villes Amies des A\u00een\u00e9s, \u00e0 l&#8217;Equipe Citoyenne\u00a0 MONALISA la ville a pour objectif de proposer &#8230; <\/p>\n","protected":false},"author":3,"featured_media":0,"parent":0,"menu_order":0,"comment_status":"closed","ping_status":"closed","template":"","meta":[],"yoast_head":"<!-- This site is optimized with the Yoast SEO plugin v17.8 - https:\/\/yoast.com\/wordpress\/plugins\/seo\/ -->\n<title>Les actions sp\u00e9cifiques SENIORS - Ville de Brive<\/title>\n<meta name=\"robots\" content=\"index, follow, max-snippet:-1, max-image-preview:large, max-video-preview:-1\" \/>\n<link rel=\"canonical\" href=\"http:\/\/740jw955i52c.brive.org\/index.php\/les-actions-specifiques-seniors\/\" \/>\n<meta property=\"og:locale\" content=\"fr_FR\" \/>\n<meta property=\"og:type\" content=\"article\" \/>\n<meta property=\"og:title\" content=\"Les actions sp\u00e9cifiques SENIORS - Ville de Brive\" \/>\n<meta property=\"og:description\" content=\"[vc_row css=&#8221;.vc_custom_1540305867628{background-color: #f2f2f2 !important;}&#8221;][vc_column][vc_column_text] Labellis\u00e9e \u00ab Bien Vieillir Vivre Ensemble \u00bb, adh\u00e9rente au R\u00e9seau Francophone Villes Amies des A\u00een\u00e9s, \u00e0 l&#8217;Equipe Citoyenne\u00a0 MONALISA la ville a pour objectif de proposer ...\" \/>\n<meta property=\"og:url\" content=\"http:\/\/740jw955i52c.brive.org\/index.php\/les-actions-specifiques-seniors\/\" \/>\n<meta property=\"og:site_name\" content=\"Ville de Brive\" \/>\n<meta property=\"article:modified_time\" content=\"2024-12-03T08:26:49+00:00\" \/>\n<meta property=\"og:image\" content=\"http:\/\/740jw955i52c.brive.org\/wp-content\/uploads\/2020\/11\/Un-colis-pour-nos-a\u00een\u00e9s.jpg\" \/>\n<meta name=\"twitter:card\" content=\"summary_large_image\" \/>\n<meta name=\"twitter:label1\" content=\"Dur\u00e9e de lecture estim\u00e9e\" \/>\n\t<meta name=\"twitter:data1\" content=\"8 minutes\" \/>\n<script type=\"application\/ld+json\" class=\"yoast-schema-graph\">{\"@context\":\"https:\/\/schema.org\",\"@graph\":[{\"@type\":\"WebSite\",\"@id\":\"http:\/\/740jw955i52c.brive.org\/#website\",\"url\":\"http:\/\/740jw955i52c.brive.org\/\",\"name\":\"Ville de Brive\",\"description\":\"Bienvenue sur le site de la ville de Brive-la-Gaillarde. Vous y trouverez l&#039;actualit\\u00e9 de la commune, des informations pratiques et vos d\\u00e9marches administratives.\",\"potentialAction\":[{\"@type\":\"SearchAction\",\"target\":{\"@type\":\"EntryPoint\",\"urlTemplate\":\"http:\/\/740jw955i52c.brive.org\/?s={search_term_string}\"},\"query-input\":\"required name=search_term_string\"}],\"inLanguage\":\"fr-FR\"},{\"@type\":\"ImageObject\",\"@id\":\"http:\/\/740jw955i52c.brive.org\/index.php\/les-actions-specifiques-seniors\/#primaryimage\",\"inLanguage\":\"fr-FR\",\"url\":\"http:\/\/740jw955i52c.brive.org\/wp-content\/uploads\/2020\/11\/Un-colis-pour-nos-a\\u00een\\u00e9s.jpg\",\"contentUrl\":\"http:\/\/740jw955i52c.brive.org\/wp-content\/uploads\/2020\/11\/Un-colis-pour-nos-a\\u00een\\u00e9s.jpg\",\"width\":1080,\"height\":1080},{\"@type\":\"WebPage\",\"@id\":\"http:\/\/740jw955i52c.brive.org\/index.php\/les-actions-specifiques-seniors\/#webpage\",\"url\":\"http:\/\/740jw955i52c.brive.org\/index.php\/les-actions-specifiques-seniors\/\",\"name\":\"Les actions sp\\u00e9cifiques SENIORS - Ville de Brive\",\"isPartOf\":{\"@id\":\"http:\/\/740jw955i52c.brive.org\/#website\"},\"primaryImageOfPage\":{\"@id\":\"http:\/\/740jw955i52c.brive.org\/index.php\/les-actions-specifiques-seniors\/#primaryimage\"},\"datePublished\":\"2018-04-27T13:31:57+00:00\",\"dateModified\":\"2024-12-03T08:26:49+00:00\",\"breadcrumb\":{\"@id\":\"http:\/\/740jw955i52c.brive.org\/index.php\/les-actions-specifiques-seniors\/#breadcrumb\"},\"inLanguage\":\"fr-FR\",\"potentialAction\":[{\"@type\":\"ReadAction\",\"target\":[\"http:\/\/740jw955i52c.brive.org\/index.php\/les-actions-specifiques-seniors\/\"]}]},{\"@type\":\"BreadcrumbList\",\"@id\":\"http:\/\/740jw955i52c.brive.org\/index.php\/les-actions-specifiques-seniors\/#breadcrumb\",\"itemListElement\":[{\"@type\":\"ListItem\",\"position\":1,\"name\":\"Accueil\",\"item\":\"http:\/\/740jw955i52c.brive.org\/\"},{\"@type\":\"ListItem\",\"position\":2,\"name\":\"Les actions sp\\u00e9cifiques SENIORS\"}]}]}<\/script>\n<!-- \/ Yoast SEO plugin. -->","yoast_head_json":{"title":"Les actions sp\u00e9cifiques SENIORS - Ville de Brive","robots":{"index":"index","follow":"follow","max-snippet":"max-snippet:-1","max-image-preview":"max-image-preview:large","max-video-preview":"max-video-preview:-1"},"canonical":"http:\/\/740jw955i52c.brive.org\/index.php\/les-actions-specifiques-seniors\/","og_locale":"fr_FR","og_type":"article","og_title":"Les actions sp\u00e9cifiques SENIORS - Ville de Brive","og_description":"[vc_row css=&#8221;.vc_custom_1540305867628{background-color: #f2f2f2 !important;}&#8221;][vc_column][vc_column_text] Labellis\u00e9e \u00ab Bien Vieillir Vivre Ensemble \u00bb, adh\u00e9rente au R\u00e9seau Francophone Villes Amies des A\u00een\u00e9s, \u00e0 l&#8217;Equipe Citoyenne\u00a0 MONALISA la ville a pour objectif de proposer ...","og_url":"http:\/\/740jw955i52c.brive.org\/index.php\/les-actions-specifiques-seniors\/","og_site_name":"Ville de Brive","article_modified_time":"2024-12-03T08:26:49+00:00","og_image":[{"url":"http:\/\/740jw955i52c.brive.org\/wp-content\/uploads\/2020\/11\/Un-colis-pour-nos-a\u00een\u00e9s.jpg"}],"twitter_card":"summary_large_image","twitter_misc":{"Dur\u00e9e de lecture estim\u00e9e":"8 minutes"},"schema":{"@context":"https:\/\/schema.org","@graph":[{"@type":"WebSite","@id":"http:\/\/740jw955i52c.brive.org\/#website","url":"http:\/\/740jw955i52c.brive.org\/","name":"Ville de Brive","description":"Bienvenue sur le site de la ville de Brive-la-Gaillarde. Vous y trouverez l&#039;actualit\u00e9 de la commune, des informations pratiques et vos d\u00e9marches administratives.","potentialAction":[{"@type":"SearchAction","target":{"@type":"EntryPoint","urlTemplate":"http:\/\/740jw955i52c.brive.org\/?s={search_term_string}"},"query-input":"required name=search_term_string"}],"inLanguage":"fr-FR"},{"@type":"ImageObject","@id":"http:\/\/740jw955i52c.brive.org\/index.php\/les-actions-specifiques-seniors\/#primaryimage","inLanguage":"fr-FR","url":"http:\/\/740jw955i52c.brive.org\/wp-content\/uploads\/2020\/11\/Un-colis-pour-nos-a\u00een\u00e9s.jpg","contentUrl":"http:\/\/740jw955i52c.brive.org\/wp-content\/uploads\/2020\/11\/Un-colis-pour-nos-a\u00een\u00e9s.jpg","width":1080,"height":1080},{"@type":"WebPage","@id":"http:\/\/740jw955i52c.brive.org\/index.php\/les-actions-specifiques-seniors\/#webpage","url":"http:\/\/740jw955i52c.brive.org\/index.php\/les-actions-specifiques-seniors\/","name":"Les actions sp\u00e9cifiques SENIORS - Ville de Brive","isPartOf":{"@id":"http:\/\/740jw955i52c.brive.org\/#website"},"primaryImageOfPage":{"@id":"http:\/\/740jw955i52c.brive.org\/index.php\/les-actions-specifiques-seniors\/#primaryimage"},"datePublished":"2018-04-27T13:31:57+00:00","dateModified":"2024-12-03T08:26:49+00:00","breadcrumb":{"@id":"http:\/\/740jw955i52c.brive.org\/index.php\/les-actions-specifiques-seniors\/#breadcrumb"},"inLanguage":"fr-FR","potentialAction":[{"@type":"ReadAction","target":["http:\/\/740jw955i52c.brive.org\/index.php\/les-actions-specifiques-seniors\/"]}]},{"@type":"BreadcrumbList","@id":"http:\/\/740jw955i52c.brive.org\/index.php\/les-actions-specifiques-seniors\/#breadcrumb","itemListElement":[{"@type":"ListItem","position":1,"name":"Accueil","item":"http:\/\/740jw955i52c.brive.org\/"},{"@type":"ListItem","position":2,"name":"Les actions sp\u00e9cifiques SENIORS"}]}]}},"_links":{"self":[{"href":"http:\/\/740jw955i52c.brive.org\/index.php\/wp-json\/wp\/v2\/pages\/32104"}],"collection":[{"href":"http:\/\/740jw955i52c.brive.org\/index.php\/wp-json\/wp\/v2\/pages"}],"about":[{"href":"http:\/\/740jw955i52c.brive.org\/index.php\/wp-json\/wp\/v2\/types\/page"}],"author":[{"embeddable":true,"href":"http:\/\/740jw955i52c.brive.org\/index.php\/wp-json\/wp\/v2\/users\/3"}],"replies":[{"embeddable":true,"href":"http:\/\/740jw955i52c.brive.org\/index.php\/wp-json\/wp\/v2\/comments?post=32104"}],"version-history":[{"count":60,"href":"http:\/\/740jw955i52c.brive.org\/index.php\/wp-json\/wp\/v2\/pages\/32104\/revisions"}],"predecessor-version":[{"id":38997,"href":"http:\/\/740jw955i52c.brive.org\/index.php\/wp-json\/wp\/v2\/pages\/32104\/revisions\/38997"}],"wp:attachment":[{"href":"http:\/\/740jw955i52c.brive.org\/index.php\/wp-json\/wp\/v2\/media?parent=32104"}],"curies":[{"name":"wp","href":"https:\/\/api.w.org\/{rel}","templated":true}]}}