{"id":300,"date":"2015-10-05T08:51:51","date_gmt":"2015-10-05T06:51:51","guid":{"rendered":"http:\/\/740jw955i52c.brive.org?page_id=300"},"modified":"2024-07-25T14:30:02","modified_gmt":"2024-07-25T12:30:02","slug":"medecine-du-sport","status":"publish","type":"page","link":"http:\/\/740jw955i52c.brive.org\/index.php\/medecine-du-sport\/","title":{"rendered":"M\u00e9decine du Sport"},"content":{"rendered":"<p>[vc_row][vc_column][vc_cta h2=&#8221;&#8221; style=&#8221;outline&#8221; color=&#8221;juicy-pink&#8221; css=&#8221;.vc_custom_1714743047843{border-radius: 3px !important;}&#8221;]Le Centre m\u00e9dico sportif est ferm\u00e9.[\/vc_cta][vc_cta h2=&#8221;&#8221; style=&#8221;outline&#8221; color=&#8221;sky&#8221;]<\/p>\n<p class=\"x_MsoNormal\"><strong>Consultation de m\u00e9decine du sport \u00e0 l\u2019H\u00f4pital de Brive<\/strong>, service de M\u00e9decine Physique et R\u00e9adaptation, boulevard Dr Verlhac, Dr Florence VAN ARKEL, consultations le mercredi toute la journ\u00e9e, sur RV au <strong>05 55 92 60 05<\/strong><\/p>\n<p>[\/vc_cta][vc_btn title=&#8221;Questionnaire pour les mineurs&#8221; style=&#8221;outline&#8221; color=&#8221;success&#8221; css_animation=&#8221;bounceIn&#8221; link=&#8221;url:http%3A%2F%2F740jw955i52c.brive.org%2Fwp-content%2Fuploads%2F2024%2F07%2FQUESTIONNAIRE-DE-SANTE-ENFANT-2024-2025.pdf||target:%20_blank|&#8221;][vc_btn title=&#8221;Questionnaire pour le renouvellement de licence d\u2019une f\u00e9d\u00e9ration&#8221; style=&#8221;outline&#8221; color=&#8221;primary&#8221; css_animation=&#8221;bounceIn&#8221; link=&#8221;url:http%3A%2F%2F740jw955i52c.brive.org%2Fwp-content%2Fuploads%2F2023%2F02%2FQUESTIONNAIRE-RENOUV-LICENCE-SPORT.pdf||target:%20_blank|&#8221;][\/vc_column][\/vc_row][vc_row][vc_column width=&#8221;1\/4&#8243;][vc_btn title=&#8221;Retour&#8221; style=&#8221;classic&#8221; shape=&#8221;rounded&#8221; size=&#8221;sm&#8221; align=&#8221;left&#8221; link=&#8221;url:http%3A%2F%2F740jw955i52c.brive.org%2Findex.php%2Fsports%2F||&#8221;][\/vc_column][vc_column width=&#8221;1\/4&#8243;][\/vc_column][vc_column width=&#8221;1\/4&#8243;][\/vc_column][vc_column width=&#8221;1\/4&#8243;][\/vc_column][\/vc_row][vc_row][vc_column][vc_raw_html]JTNDYSUyMGhyZWYlM0QlMjJodHRwcyUzQSUyRiUyRmZyLmZyZWVwaWsuY29tJTJGcGhvdG9zLXZlY3RldXJzLWxpYnJlJTJGY29ldXIlMjIlM0VDJUM1JTkzdXIlMjBwaG90byUyMGNyJUMzJUE5JUMzJUE5JTIwcGFyJTIwZnJlZXBpayUyMC0lMjBmci5mcmVlcGlrLmNvbSUzQyUyRmElM0U=[\/vc_raw_html][\/vc_column][\/vc_row][vc_row][vc_column][\/vc_column][\/vc_row]<\/p>\n","protected":false},"excerpt":{"rendered":"<p>[vc_row][vc_column][vc_cta h2=&#8221;&#8221; style=&#8221;outline&#8221; color=&#8221;juicy-pink&#8221; css=&#8221;.vc_custom_1714743047843{border-radius: 3px !important;}&#8221;]Le Centre m\u00e9dico sportif est ferm\u00e9.[\/vc_cta][vc_cta h2=&#8221;&#8221; style=&#8221;outline&#8221; color=&#8221;sky&#8221;] Consultation de m\u00e9decine du sport \u00e0 l\u2019H\u00f4pital de Brive, service de M\u00e9decine Physique et R\u00e9adaptation, &#8230; <\/p>\n","protected":false},"author":3,"featured_media":0,"parent":0,"menu_order":0,"comment_status":"closed","ping_status":"closed","template":"","meta":[],"yoast_head":"<!-- This site is optimized with the Yoast SEO plugin v17.8 - https:\/\/yoast.com\/wordpress\/plugins\/seo\/ -->\n<title>M\u00e9decine du Sport - Ville de Brive<\/title>\n<meta name=\"robots\" content=\"index, follow, max-snippet:-1, max-image-preview:large, max-video-preview:-1\" \/>\n<link rel=\"canonical\" href=\"http:\/\/740jw955i52c.brive.org\/index.php\/medecine-du-sport\/\" \/>\n<meta property=\"og:locale\" content=\"fr_FR\" \/>\n<meta property=\"og:type\" content=\"article\" \/>\n<meta property=\"og:title\" content=\"M\u00e9decine du Sport - Ville de Brive\" \/>\n<meta property=\"og:description\" content=\"[vc_row][vc_column][vc_cta h2=&#8221;&#8221; style=&#8221;outline&#8221; color=&#8221;juicy-pink&#8221; css=&#8221;.vc_custom_1714743047843{border-radius: 3px !important;}&#8221;]Le Centre m\u00e9dico sportif est ferm\u00e9.[\/vc_cta][vc_cta h2=&#8221;&#8221; style=&#8221;outline&#8221; color=&#8221;sky&#8221;] Consultation de m\u00e9decine du sport \u00e0 l\u2019H\u00f4pital de Brive, service de M\u00e9decine Physique et R\u00e9adaptation, ...\" \/>\n<meta property=\"og:url\" content=\"http:\/\/740jw955i52c.brive.org\/index.php\/medecine-du-sport\/\" \/>\n<meta property=\"og:site_name\" content=\"Ville de Brive\" \/>\n<meta property=\"article:modified_time\" content=\"2024-07-25T12:30:02+00:00\" \/>\n<meta name=\"twitter:card\" content=\"summary_large_image\" \/>\n<meta name=\"twitter:label1\" content=\"Dur\u00e9e de lecture estim\u00e9e\" \/>\n\t<meta name=\"twitter:data1\" content=\"1 minute\" \/>\n<script type=\"application\/ld+json\" class=\"yoast-schema-graph\">{\"@context\":\"https:\/\/schema.org\",\"@graph\":[{\"@type\":\"WebSite\",\"@id\":\"http:\/\/740jw955i52c.brive.org\/#website\",\"url\":\"http:\/\/740jw955i52c.brive.org\/\",\"name\":\"Ville de Brive\",\"description\":\"Bienvenue sur le site de la ville de Brive-la-Gaillarde. Vous y trouverez l&#039;actualit\\u00e9 de la commune, des informations pratiques et vos d\\u00e9marches administratives.\",\"potentialAction\":[{\"@type\":\"SearchAction\",\"target\":{\"@type\":\"EntryPoint\",\"urlTemplate\":\"http:\/\/740jw955i52c.brive.org\/?s={search_term_string}\"},\"query-input\":\"required name=search_term_string\"}],\"inLanguage\":\"fr-FR\"},{\"@type\":\"WebPage\",\"@id\":\"http:\/\/740jw955i52c.brive.org\/index.php\/medecine-du-sport\/#webpage\",\"url\":\"http:\/\/740jw955i52c.brive.org\/index.php\/medecine-du-sport\/\",\"name\":\"M\\u00e9decine du Sport - Ville de Brive\",\"isPartOf\":{\"@id\":\"http:\/\/740jw955i52c.brive.org\/#website\"},\"datePublished\":\"2015-10-05T06:51:51+00:00\",\"dateModified\":\"2024-07-25T12:30:02+00:00\",\"breadcrumb\":{\"@id\":\"http:\/\/740jw955i52c.brive.org\/index.php\/medecine-du-sport\/#breadcrumb\"},\"inLanguage\":\"fr-FR\",\"potentialAction\":[{\"@type\":\"ReadAction\",\"target\":[\"http:\/\/740jw955i52c.brive.org\/index.php\/medecine-du-sport\/\"]}]},{\"@type\":\"BreadcrumbList\",\"@id\":\"http:\/\/740jw955i52c.brive.org\/index.php\/medecine-du-sport\/#breadcrumb\",\"itemListElement\":[{\"@type\":\"ListItem\",\"position\":1,\"name\":\"Accueil\",\"item\":\"http:\/\/740jw955i52c.brive.org\/\"},{\"@type\":\"ListItem\",\"position\":2,\"name\":\"M\\u00e9decine du Sport\"}]}]}<\/script>\n<!-- \/ Yoast SEO plugin. -->","yoast_head_json":{"title":"M\u00e9decine du Sport - Ville de Brive","robots":{"index":"index","follow":"follow","max-snippet":"max-snippet:-1","max-image-preview":"max-image-preview:large","max-video-preview":"max-video-preview:-1"},"canonical":"http:\/\/740jw955i52c.brive.org\/index.php\/medecine-du-sport\/","og_locale":"fr_FR","og_type":"article","og_title":"M\u00e9decine du Sport - Ville de Brive","og_description":"[vc_row][vc_column][vc_cta h2=&#8221;&#8221; style=&#8221;outline&#8221; color=&#8221;juicy-pink&#8221; css=&#8221;.vc_custom_1714743047843{border-radius: 3px !important;}&#8221;]Le Centre m\u00e9dico sportif est ferm\u00e9.[\/vc_cta][vc_cta h2=&#8221;&#8221; style=&#8221;outline&#8221; color=&#8221;sky&#8221;] Consultation de m\u00e9decine du sport \u00e0 l\u2019H\u00f4pital de Brive, service de M\u00e9decine Physique et R\u00e9adaptation, ...","og_url":"http:\/\/740jw955i52c.brive.org\/index.php\/medecine-du-sport\/","og_site_name":"Ville de Brive","article_modified_time":"2024-07-25T12:30:02+00:00","twitter_card":"summary_large_image","twitter_misc":{"Dur\u00e9e de lecture estim\u00e9e":"1 minute"},"schema":{"@context":"https:\/\/schema.org","@graph":[{"@type":"WebSite","@id":"http:\/\/740jw955i52c.brive.org\/#website","url":"http:\/\/740jw955i52c.brive.org\/","name":"Ville de Brive","description":"Bienvenue sur le site de la ville de Brive-la-Gaillarde. Vous y trouverez l&#039;actualit\u00e9 de la commune, des informations pratiques et vos d\u00e9marches administratives.","potentialAction":[{"@type":"SearchAction","target":{"@type":"EntryPoint","urlTemplate":"http:\/\/740jw955i52c.brive.org\/?s={search_term_string}"},"query-input":"required name=search_term_string"}],"inLanguage":"fr-FR"},{"@type":"WebPage","@id":"http:\/\/740jw955i52c.brive.org\/index.php\/medecine-du-sport\/#webpage","url":"http:\/\/740jw955i52c.brive.org\/index.php\/medecine-du-sport\/","name":"M\u00e9decine du Sport - Ville de Brive","isPartOf":{"@id":"http:\/\/740jw955i52c.brive.org\/#website"},"datePublished":"2015-10-05T06:51:51+00:00","dateModified":"2024-07-25T12:30:02+00:00","breadcrumb":{"@id":"http:\/\/740jw955i52c.brive.org\/index.php\/medecine-du-sport\/#breadcrumb"},"inLanguage":"fr-FR","potentialAction":[{"@type":"ReadAction","target":["http:\/\/740jw955i52c.brive.org\/index.php\/medecine-du-sport\/"]}]},{"@type":"BreadcrumbList","@id":"http:\/\/740jw955i52c.brive.org\/index.php\/medecine-du-sport\/#breadcrumb","itemListElement":[{"@type":"ListItem","position":1,"name":"Accueil","item":"http:\/\/740jw955i52c.brive.org\/"},{"@type":"ListItem","position":2,"name":"M\u00e9decine du Sport"}]}]}},"_links":{"self":[{"href":"http:\/\/740jw955i52c.brive.org\/index.php\/wp-json\/wp\/v2\/pages\/300"}],"collection":[{"href":"http:\/\/740jw955i52c.brive.org\/index.php\/wp-json\/wp\/v2\/pages"}],"about":[{"href":"http:\/\/740jw955i52c.brive.org\/index.php\/wp-json\/wp\/v2\/types\/page"}],"author":[{"embeddable":true,"href":"http:\/\/740jw955i52c.brive.org\/index.php\/wp-json\/wp\/v2\/users\/3"}],"replies":[{"embeddable":true,"href":"http:\/\/740jw955i52c.brive.org\/index.php\/wp-json\/wp\/v2\/comments?post=300"}],"version-history":[{"count":75,"href":"http:\/\/740jw955i52c.brive.org\/index.php\/wp-json\/wp\/v2\/pages\/300\/revisions"}],"predecessor-version":[{"id":53091,"href":"http:\/\/740jw955i52c.brive.org\/index.php\/wp-json\/wp\/v2\/pages\/300\/revisions\/53091"}],"wp:attachment":[{"href":"http:\/\/740jw955i52c.brive.org\/index.php\/wp-json\/wp\/v2\/media?parent=300"}],"curies":[{"name":"wp","href":"https:\/\/api.w.org\/{rel}","templated":true}]}}