{"id":292,"date":"2015-10-05T08:47:25","date_gmt":"2015-10-05T06:47:25","guid":{"rendered":"http:\/\/740jw955i52c.brive.org?page_id=292"},"modified":"2021-08-16T15:57:30","modified_gmt":"2021-08-16T13:57:30","slug":"plaines-des-jeux","status":"publish","type":"page","link":"http:\/\/740jw955i52c.brive.org\/index.php\/plaines-des-jeux\/","title":{"rendered":"Plaines des Jeux"},"content":{"rendered":"<p>[vc_row css=&#8221;.vc_custom_1538749075919{background-color: #f7f7f7 !important;}&#8221;][vc_column width=&#8221;1\/2&#8243;][vc_column_text]<\/p>\n<p style=\"text-align: justify\"><strong>La ville de Brive poss\u00e8de deux plaines des jeux<\/strong> pour pratiquer les sports de plein air pour tous et toute l&#8217;ann\u00e9e : celle des Boriottes et celle de Tujac.<\/p>\n<p style=\"text-align: justify\"><strong>Les deux plaines des jeux sont chacune situ\u00e9es au bord de la Corr\u00e8ze.<\/strong><\/p>\n<p style=\"text-align: justify\">Les plaines des jeux sont \u00e0 Brive ce que les grands parcs sont \u00e0 la plupart des villes : de v\u00e9ritables zones vertes am\u00e9nag\u00e9es faites pour <strong>se promener, se reposer, courir ou pratiquer un sport<\/strong>.<\/p>\n<p>[\/vc_column_text][vc_empty_space][vc_column_text]<\/p>\n<h3 style=\"text-align: justify\">La plaine des jeux de Tujac<\/h3>\n<p style=\"text-align: justify\"><strong>Situ\u00e9e \u00e0 l\u2019Ouest de la ville, sur une surface de 23 hectares<\/strong>, au c\u0153ur du quartier de Tujac.<\/p>\n<ul>\n<li style=\"text-align: justify\">Cinq terrains de foot \u00e0 11<\/li>\n<li style=\"text-align: justify\">Un terrain stabilis\u00e9<\/li>\n<li style=\"text-align: justify\">Deux terrains \u00e0 7<\/li>\n<li style=\"text-align: justify\">Un terrain combin\u00e9 (volley-ball, handball et basket)<\/li>\n<li style=\"text-align: justify\">Un lieu d&#8217;accueil pour les centres de loisirs ouvert le mercredi et pendant les vacances scolaires<\/li>\n<li style=\"text-align: justify\">Un stade de football : le stade Pestourie<\/li>\n<li style=\"text-align: justify\">Un parcours footing permet \u00e0 chacun de s\u2019entra\u00eener \u00e0 la course.<\/li>\n<li style=\"text-align: justify\">3 courts de tennis <strong>ouverts toute l\u2019ann\u00e9e<\/strong>, accessibles gratuitement.<br \/>\nR\u00e9servation : <strong>sur place, panneau d\u2019affichage \u00e0 disposition.<\/strong><\/li>\n<\/ul>\n<p>[\/vc_column_text][\/vc_column][vc_column width=&#8221;1\/2&#8243;][vc_empty_space height=&#8221;50px&#8221;][vc_single_image image=&#8221;2120&#8243; image_position=&#8221;normal-align-center&#8221; has_link=&#8221;false&#8221; link_type=&#8221;normal&#8221;][vc_empty_space height=&#8221;90px&#8221;][vc_column_text]<\/p>\n<h3 style=\"text-align: justify\">La Plaine des jeux des Boriottes<\/h3>\n<p style=\"text-align: justify\"><strong>Situ\u00e9e \u00e0 l&#8217;Est de la ville, sa surface est de 10 hectares<\/strong>.<\/p>\n<ul>\n<li style=\"text-align: justify\">Un parcours footing qui serpente autour de la plaine permet une pratique optimale de la course \u00e0 pied.<\/li>\n<li style=\"text-align: justify\">Trois terrains de rugby plus un d\u2019entra\u00eenement, trois terrains de foot et un \u00e0 7, un stand de tir \u00e0 l\u2019arc sont utilis\u00e9s par les clubs de la ville.<\/li>\n<li style=\"text-align: justify\">Un lieu d\u2019accueil pour les centres de loisirs, ouvert chaque mercredi et pendant les vacances scolaires.<\/li>\n<\/ul>\n<p>[\/vc_column_text][\/vc_column][\/vc_row][vc_row][vc_column width=&#8221;1\/4&#8243;][vc_btn title=&#8221;Retour&#8221; style=&#8221;classic&#8221; shape=&#8221;rounded&#8221; size=&#8221;sm&#8221; align=&#8221;left&#8221; link=&#8221;url:http%3A%2F%2F740jw955i52c.brive.org%2Findex.php%2Fsports%2F||&#8221;][\/vc_column][vc_column width=&#8221;1\/4&#8243;][\/vc_column][vc_column width=&#8221;1\/4&#8243;][\/vc_column][vc_column width=&#8221;1\/4&#8243;][\/vc_column][\/vc_row]<\/p>\n","protected":false},"excerpt":{"rendered":"<p>[vc_row css=&#8221;.vc_custom_1538749075919{background-color: #f7f7f7 !important;}&#8221;][vc_column width=&#8221;1\/2&#8243;][vc_column_text] La ville de Brive poss\u00e8de deux plaines des jeux pour pratiquer les sports de plein air pour tous et toute l&#8217;ann\u00e9e : celle des Boriottes &#8230; <\/p>\n","protected":false},"author":3,"featured_media":0,"parent":0,"menu_order":0,"comment_status":"closed","ping_status":"closed","template":"","meta":[],"yoast_head":"<!-- This site is optimized with the Yoast SEO plugin v17.8 - https:\/\/yoast.com\/wordpress\/plugins\/seo\/ -->\n<title>Plaines des Jeux - Ville de Brive<\/title>\n<meta name=\"robots\" content=\"index, follow, max-snippet:-1, max-image-preview:large, max-video-preview:-1\" \/>\n<link rel=\"canonical\" href=\"http:\/\/740jw955i52c.brive.org\/index.php\/plaines-des-jeux\/\" \/>\n<meta property=\"og:locale\" content=\"fr_FR\" \/>\n<meta property=\"og:type\" content=\"article\" \/>\n<meta property=\"og:title\" content=\"Plaines des Jeux - Ville de Brive\" \/>\n<meta property=\"og:description\" content=\"[vc_row css=&#8221;.vc_custom_1538749075919{background-color: #f7f7f7 !important;}&#8221;][vc_column width=&#8221;1\/2&#8243;][vc_column_text] La ville de Brive poss\u00e8de deux plaines des jeux pour pratiquer les sports de plein air pour tous et toute l&#8217;ann\u00e9e : celle des Boriottes ...\" \/>\n<meta property=\"og:url\" content=\"http:\/\/740jw955i52c.brive.org\/index.php\/plaines-des-jeux\/\" \/>\n<meta property=\"og:site_name\" content=\"Ville de Brive\" \/>\n<meta property=\"article:modified_time\" content=\"2021-08-16T13:57:30+00:00\" \/>\n<meta name=\"twitter:card\" content=\"summary_large_image\" \/>\n<meta name=\"twitter:label1\" content=\"Dur\u00e9e de lecture estim\u00e9e\" \/>\n\t<meta name=\"twitter:data1\" content=\"2 minutes\" \/>\n<script type=\"application\/ld+json\" class=\"yoast-schema-graph\">{\"@context\":\"https:\/\/schema.org\",\"@graph\":[{\"@type\":\"WebSite\",\"@id\":\"http:\/\/740jw955i52c.brive.org\/#website\",\"url\":\"http:\/\/740jw955i52c.brive.org\/\",\"name\":\"Ville de Brive\",\"description\":\"Bienvenue sur le site de la ville de Brive-la-Gaillarde. Vous y trouverez l&#039;actualit\\u00e9 de la commune, des informations pratiques et vos d\\u00e9marches administratives.\",\"potentialAction\":[{\"@type\":\"SearchAction\",\"target\":{\"@type\":\"EntryPoint\",\"urlTemplate\":\"http:\/\/740jw955i52c.brive.org\/?s={search_term_string}\"},\"query-input\":\"required name=search_term_string\"}],\"inLanguage\":\"fr-FR\"},{\"@type\":\"WebPage\",\"@id\":\"http:\/\/740jw955i52c.brive.org\/index.php\/plaines-des-jeux\/#webpage\",\"url\":\"http:\/\/740jw955i52c.brive.org\/index.php\/plaines-des-jeux\/\",\"name\":\"Plaines des Jeux - Ville de Brive\",\"isPartOf\":{\"@id\":\"http:\/\/740jw955i52c.brive.org\/#website\"},\"datePublished\":\"2015-10-05T06:47:25+00:00\",\"dateModified\":\"2021-08-16T13:57:30+00:00\",\"breadcrumb\":{\"@id\":\"http:\/\/740jw955i52c.brive.org\/index.php\/plaines-des-jeux\/#breadcrumb\"},\"inLanguage\":\"fr-FR\",\"potentialAction\":[{\"@type\":\"ReadAction\",\"target\":[\"http:\/\/740jw955i52c.brive.org\/index.php\/plaines-des-jeux\/\"]}]},{\"@type\":\"BreadcrumbList\",\"@id\":\"http:\/\/740jw955i52c.brive.org\/index.php\/plaines-des-jeux\/#breadcrumb\",\"itemListElement\":[{\"@type\":\"ListItem\",\"position\":1,\"name\":\"Accueil\",\"item\":\"http:\/\/740jw955i52c.brive.org\/\"},{\"@type\":\"ListItem\",\"position\":2,\"name\":\"Plaines des Jeux\"}]}]}<\/script>\n<!-- \/ Yoast SEO plugin. -->","yoast_head_json":{"title":"Plaines des Jeux - Ville de Brive","robots":{"index":"index","follow":"follow","max-snippet":"max-snippet:-1","max-image-preview":"max-image-preview:large","max-video-preview":"max-video-preview:-1"},"canonical":"http:\/\/740jw955i52c.brive.org\/index.php\/plaines-des-jeux\/","og_locale":"fr_FR","og_type":"article","og_title":"Plaines des Jeux - Ville de Brive","og_description":"[vc_row css=&#8221;.vc_custom_1538749075919{background-color: #f7f7f7 !important;}&#8221;][vc_column width=&#8221;1\/2&#8243;][vc_column_text] La ville de Brive poss\u00e8de deux plaines des jeux pour pratiquer les sports de plein air pour tous et toute l&#8217;ann\u00e9e : celle des Boriottes ...","og_url":"http:\/\/740jw955i52c.brive.org\/index.php\/plaines-des-jeux\/","og_site_name":"Ville de Brive","article_modified_time":"2021-08-16T13:57:30+00:00","twitter_card":"summary_large_image","twitter_misc":{"Dur\u00e9e de lecture estim\u00e9e":"2 minutes"},"schema":{"@context":"https:\/\/schema.org","@graph":[{"@type":"WebSite","@id":"http:\/\/740jw955i52c.brive.org\/#website","url":"http:\/\/740jw955i52c.brive.org\/","name":"Ville de Brive","description":"Bienvenue sur le site de la ville de Brive-la-Gaillarde. Vous y trouverez l&#039;actualit\u00e9 de la commune, des informations pratiques et vos d\u00e9marches administratives.","potentialAction":[{"@type":"SearchAction","target":{"@type":"EntryPoint","urlTemplate":"http:\/\/740jw955i52c.brive.org\/?s={search_term_string}"},"query-input":"required name=search_term_string"}],"inLanguage":"fr-FR"},{"@type":"WebPage","@id":"http:\/\/740jw955i52c.brive.org\/index.php\/plaines-des-jeux\/#webpage","url":"http:\/\/740jw955i52c.brive.org\/index.php\/plaines-des-jeux\/","name":"Plaines des Jeux - Ville de Brive","isPartOf":{"@id":"http:\/\/740jw955i52c.brive.org\/#website"},"datePublished":"2015-10-05T06:47:25+00:00","dateModified":"2021-08-16T13:57:30+00:00","breadcrumb":{"@id":"http:\/\/740jw955i52c.brive.org\/index.php\/plaines-des-jeux\/#breadcrumb"},"inLanguage":"fr-FR","potentialAction":[{"@type":"ReadAction","target":["http:\/\/740jw955i52c.brive.org\/index.php\/plaines-des-jeux\/"]}]},{"@type":"BreadcrumbList","@id":"http:\/\/740jw955i52c.brive.org\/index.php\/plaines-des-jeux\/#breadcrumb","itemListElement":[{"@type":"ListItem","position":1,"name":"Accueil","item":"http:\/\/740jw955i52c.brive.org\/"},{"@type":"ListItem","position":2,"name":"Plaines des Jeux"}]}]}},"_links":{"self":[{"href":"http:\/\/740jw955i52c.brive.org\/index.php\/wp-json\/wp\/v2\/pages\/292"}],"collection":[{"href":"http:\/\/740jw955i52c.brive.org\/index.php\/wp-json\/wp\/v2\/pages"}],"about":[{"href":"http:\/\/740jw955i52c.brive.org\/index.php\/wp-json\/wp\/v2\/types\/page"}],"author":[{"embeddable":true,"href":"http:\/\/740jw955i52c.brive.org\/index.php\/wp-json\/wp\/v2\/users\/3"}],"replies":[{"embeddable":true,"href":"http:\/\/740jw955i52c.brive.org\/index.php\/wp-json\/wp\/v2\/comments?post=292"}],"version-history":[{"count":20,"href":"http:\/\/740jw955i52c.brive.org\/index.php\/wp-json\/wp\/v2\/pages\/292\/revisions"}],"predecessor-version":[{"id":44010,"href":"http:\/\/740jw955i52c.brive.org\/index.php\/wp-json\/wp\/v2\/pages\/292\/revisions\/44010"}],"wp:attachment":[{"href":"http:\/\/740jw955i52c.brive.org\/index.php\/wp-json\/wp\/v2\/media?parent=292"}],"curies":[{"name":"wp","href":"https:\/\/api.w.org\/{rel}","templated":true}]}}