{"id":284,"date":"2015-10-05T08:45:06","date_gmt":"2015-10-05T06:45:06","guid":{"rendered":"http:\/\/740jw955i52c.brive.org?page_id=284"},"modified":"2024-11-18T15:12:34","modified_gmt":"2024-11-18T14:12:34","slug":"ecoles-municipales-sport","status":"publish","type":"page","link":"http:\/\/740jw955i52c.brive.org\/index.php\/ecoles-municipales-sport\/","title":{"rendered":"EMS"},"content":{"rendered":"<p>[vc_row][vc_column width=&#8221;1\/3&#8243;][vc_btn title=&#8221;S&#8217;inscrire !&#8221; style=&#8221;outline&#8221; color=&#8221;primary&#8221; size=&#8221;lg&#8221; align=&#8221;center&#8221; i_icon_fontawesome=&#8221;fa fa-play&#8221; css_animation=&#8221;bounceIn&#8221; button_block=&#8221;true&#8221; add_icon=&#8221;true&#8221; link=&#8221;url:https%3A%2F%2Fguichet23.brive.fr%2FGLOBAL_GUICHET_WD23||target:%20_blank|&#8221;][vc_single_image image=&#8221;27014&#8243; alignment=&#8221;center&#8221;][vc_empty_space height=&#8221;45px&#8221;][\/vc_column][vc_column width=&#8221;2\/3&#8243;][vc_btn title=&#8221;Saison 2024\/2025 Adultes&#8221; style=&#8221;modern&#8221; shape=&#8221;rounded&#8221; color=&#8221;warning&#8221; link=&#8221;url:http%3A%2F%2F740jw955i52c.brive.org%2Fwp-content%2Fuploads%2F2024%2F07%2FEMS-2024-2025-ADULTES-V-1.pdf||target:%20_blank|&#8221;][vc_btn title=&#8221;Saison 2024\/2025 Enfants&#8221; style=&#8221;modern&#8221; shape=&#8221;rounded&#8221; color=&#8221;warning&#8221; link=&#8221;url:http%3A%2F%2F740jw955i52c.brive.org%2Fwp-content%2Fuploads%2F2024%2F11%2FEMS-2024-2025-ENFANTS-V3-6_compressed.pdf||target:%20_blank|&#8221;][vc_btn title=&#8221;Lundis D\u00e9couvertes et Mercredis Sportifs&#8221; style=&#8221;outline&#8221; shape=&#8221;rounded&#8221; color=&#8221;danger&#8221; link=&#8221;url:http%3A%2F%2F740jw955i52c.brive.org%2Fwp-content%2Fuploads%2F2024%2F10%2FEcoles-Municipales-de-Sport-Lundis-Decouvertes-Mercredis-Sportifs-Octobre-2024.pdf||target:%20_blank|&#8221;][\/vc_column][\/vc_row][vc_row][vc_column][vc_tta_accordion style=&#8221;outline&#8221; shape=&#8221;square&#8221; color=&#8221;sky&#8221; c_icon=&#8221;triangle&#8221; active_section=&#8221;&#8221; no_fill=&#8221;true&#8221; collapsible_all=&#8221;true&#8221;][vc_tta_section title=&#8221;L&#8217;objectif&#8221; tab_id=&#8221;1539682138764-c84b5d7e-208e&#8221;][vc_column_text]L\u2019objectif principal des \u00e9coles municipales de sport est d\u2019initier pendant un temps limit\u00e9, <b>adultes et enfants <\/b>\u00e0 des activit\u00e9s physiques et sportives, et de les inviter ensuite \u00e0 rejoindre les associations sportives de la ville.<\/p>\n<p><b>Certaines \u00e9coles municipales sont ouvertes aux personnes handicap\u00e9es.<\/b><\/p>\n<p>Le mat\u00e9riel est fourni gratuitement.[\/vc_column_text][\/vc_tta_section][vc_tta_section title=&#8221;Pour qui ?&#8221; tab_id=&#8221;1539682138844-acd4b98c-d631&#8243;][vc_column_text]Suivant les disciplines, pour les enfants \u00e0 partir de 4ans, les adolescents, les adultes et les seniors.[\/vc_column_text][\/vc_tta_section][vc_tta_section title=&#8221;Quand ?&#8221; tab_id=&#8221;1539682236912-62f13d38-248c&#8221;][vc_column_text]Les cours ont lieu de septembre \u00e0 juin (pas de cours pendant les vacances scolaires).[\/vc_column_text][\/vc_tta_section][vc_tta_section title=&#8221;Comment s&#8217;inscrire ?&#8221; tab_id=&#8221;1539682277295-702301a5-7848&#8243;][vc_column_text]Les inscriptions se font par <strong>internet<\/strong> (possibilit\u00e9 de cr\u00e9er \u00e0 l\u2019avance son compte utilisateur).[\/vc_column_text][\/vc_tta_section][vc_tta_section title=&#8221;Les documents n\u00e9cessaires \u00e0 l\u2019inscription&#8221; tab_id=&#8221;1539682392344-3336cf06-3543&#8243;][vc_column_text]<strong>\u00a0<\/strong><strong>Documents \u00e0 fournir scann\u00e9s au moment de l\u2019inscription\u00a0:<\/strong><\/p>\n<ul>\n<li>un moyen de paiement (CB uniquement)\u00a0;<\/li>\n<li>le livret de famille (pour l\u2019inscription d\u2019enfants)\u00a0;<\/li>\n<li>un justificatif de domicile ou l\u2019avis de non-imposition, le cas \u00e9ch\u00e9ant.<\/li>\n<\/ul>\n<p><strong><br \/>\nListe des documents \u00e0 fournir \u00e0 l\u2019\u00e9ducateur pour le 1<sup>er<\/sup> cours\u00a0:<\/strong><\/p>\n<ul>\n<li>questionnaire de sant\u00e9 rempli ;<\/li>\n<li>attestation d\u2019assurance responsabilit\u00e9 civile (<em>il est conseill\u00e9 de souscrire une assurance individuelle accident couvrant les dommages auxquels peuvent exposer les activit\u00e9s pratiqu\u00e9es<\/em>).<\/li>\n<\/ul>\n<p>[\/vc_column_text][\/vc_tta_section][\/vc_tta_accordion][\/vc_column][\/vc_row][vc_row][vc_column][vc_tta_accordion style=&#8221;outline&#8221; shape=&#8221;square&#8221; color=&#8221;sky&#8221; c_icon=&#8221;triangle&#8221; active_section=&#8221;&#8221; collapsible_all=&#8221;true&#8221;][vc_tta_section title=&#8221;R\u00e9glement&#8221; tab_id=&#8221;1539682765132-4bc3e923-dd63&#8243;][vc_column_text]<\/p>\n<p style=\"text-align: justify\"><span style=\"color: #3366ff\"><strong>Article 1 : Objet<\/strong><\/span><br \/>\nLes \u00e9coles municipales ont pour but d\u2019initier, pendant un temps limit\u00e9, le plus grand nombre possible de personnes \u00e0 la pratique sportive choisie, et d\u2019inciter ensuite ces pratiquants \u00e0 rejoindre les clubs susceptibles de les accueillir. La volont\u00e9 de promotion de ces disciplines s\u2019appuiera sur une p\u00e9dagogie adapt\u00e9e, s\u2019assignant comme objectif l\u2019initiation et non la comp\u00e9tition.<br \/>\nElles sont propos\u00e9es prioritairement aux contribuables brivistes, puis en fonction des places disponibles et moyennant une redevance aux contribuables non-brivistes.<\/p>\n<p><span style=\"color: #3366ff\"><strong>Article 2 : Conditions d\u2019inscription<\/strong><\/span><br \/>\nLors de la pr\u00e9inscription, les pi\u00e8ces suivantes devront \u00eatre fournies :<br \/>\nPersonne inscrite ou<br \/>\nResponsable l\u00e9gal pour les mineurs<br \/>\nLivret de famille<br \/>\nAvis d\u2019imposition<br \/>\nAvis de non-imposition<br \/>\nContribuable briviste<br \/>\nContribuable non briviste, imposable<br \/>\nContribuable non briviste, non imposable<\/p>\n<p>Pour les mineurs, ces documents doivent \u00eatre au nom des parents ou du responsable l\u00e9gal.<br \/>\nLors du premier cours, les pi\u00e8ces suivantes doivent \u00eatre fournies \u00e0 l\u2019\u00e9ducateur :<br \/>\nCertificat m\u00e9dical de non contre-indication \u00e0 la pratique sportive<br \/>\nAttestation d\u2019assurance responsabilit\u00e9 civile (il est conseill\u00e9 de souscrire une assurance individuel accident couvrant les dommages auxquels peuvent exposer les activit\u00e9s pratiqu\u00e9es).<br \/>\nEn l\u2019absence de ces documents l\u2019\u00e9l\u00e8ve ne pourra participer aux cours.<\/p>\n<p style=\"text-align: justify\"><span style=\"color: #3366ff\"><strong>Article 3 : Conditions de fonctionnement<\/strong><\/span><br \/>\nToute personne remplissant les conditions \u00e9nonc\u00e9es \u00e0 l\u2019article 2 peut donc participer aux s\u00e9ances d\u2019initiation (suivant les activit\u00e9s).<br \/>\nL\u2019encadrement de ces activit\u00e9s \u00e9ducatives est assum\u00e9 par un \u00e9ducateur dipl\u00f4m\u00e9 ou un \u00e9ducateur territorial.<br \/>\nLe mat\u00e9riel sportif est mis gratuitement \u00e0 la disposition des \u00e9l\u00e8ves. Ces derniers doivent, d\u2019une part l\u2019utiliser avec pr\u00e9caution, sans qu\u2019il soit port\u00e9 atteinte \u00e0 son bon \u00e9tat de fonctionnement, en conformit\u00e9 avec les r\u00e8gles de s\u00e9curit\u00e9 en vigueur, d\u2019autre part respecter les consignes de rangement des \u00e9ducateurs. Le responsable de l\u2019enfant s\u2019engage \u00e0 : \u2013 S\u2019assurer, avant le d\u00e9but de la le\u00e7on, que le cours \u00e0 bien lieu -Reprendre l\u2019enfant d\u00e9s la fin du cours.<\/p>\n<p><span style=\"color: #3366ff\"><strong>Article 4 : Dur\u00e9e d\u2019inscription<\/strong><\/span><br \/>\nAfin de permettre le renouvellement des b\u00e9n\u00e9ficiaires de cette \u00e9cole et de promouvoir la pratique de l\u2019activit\u00e9 dans un cadre associatif, les \u00e9l\u00e8ves sont inform\u00e9s qu\u2019ils ne pourront b\u00e9n\u00e9ficier des cours pendant plus de un an ou de deux ans suivant les \u00e9coles municipales, p\u00e9riode n\u00e9cessaire \u00e0 leur initiation aux techniques de base.<br \/>\nAu-del\u00e0 de cette p\u00e9riode, ils seront invit\u00e9s \u00e0 mettre en pratique les notions acquises au sein du club de leur choix.<\/p>\n<p style=\"text-align: justify\"><span style=\"color: #3366ff\"><strong>Article 5 : Assiduit\u00e9 aux s\u00e9ances d\u2019initiation<\/strong><\/span><br \/>\nM\u00eame si la finalit\u00e9 premi\u00e8re de cette \u00e9cole municipale n\u2019est pas la comp\u00e9tition, il est important que les \u00e9l\u00e8ves participent de fa\u00e7on assidue \u00e0 ces s\u00e9ances afin de faciliter leur progression dans cette discipline.<br \/>\nEn effet, l\u2019assimilation des techniques est un facteur fondamental pour la compr\u00e9hension et l\u2019int\u00e9gration de ces gestes sportifs.<\/p>\n<p style=\"text-align: justify\"><span style=\"color: #3366ff\"><strong>Article 6 : Dommages mat\u00e9riels ou corporels : responsabilit\u00e9<\/strong><\/span><br \/>\nLes \u00e9l\u00e8ves de l\u2019\u00e9cole municipale sont et demeureront enti\u00e8rement responsables de tous les dommages mat\u00e9riels ou corporels qu\u2019ils pourraient occasionner aux tiers ou \u00e0 leur propre personne du fait de leur participation aux cours dispens\u00e9s dans le cadre de cette \u00e9cole. De ce fait, il est vivement conseill\u00e9 de souscrire une assurance responsabilit\u00e9 civile individuelle accident leur garantissant les cons\u00e9quences p\u00e9cuniaires de ces types de pr\u00e9judice.<\/p>\n<p>[\/vc_column_text][\/vc_tta_section][\/vc_tta_accordion][vc_row_inner][vc_column_inner][vc_single_image image=&#8221;53062&#8243;][\/vc_column_inner][\/vc_row_inner][\/vc_column][\/vc_row][vc_row][vc_column width=&#8221;1\/4&#8243;][vc_btn title=&#8221;Retour&#8221; style=&#8221;classic&#8221; shape=&#8221;rounded&#8221; size=&#8221;sm&#8221; align=&#8221;left&#8221; link=&#8221;url:http%3A%2F%2F740jw955i52c.brive.org%2Findex.php%2Fsports%2F||&#8221;][\/vc_column][vc_column width=&#8221;1\/4&#8243;][\/vc_column][vc_column width=&#8221;1\/4&#8243;][\/vc_column][vc_column width=&#8221;1\/4&#8243;][\/vc_column][\/vc_row]<\/p>\n","protected":false},"excerpt":{"rendered":"<p>[vc_row][vc_column width=&#8221;1\/3&#8243;][vc_btn title=&#8221;S&#8217;inscrire !&#8221; style=&#8221;outline&#8221; color=&#8221;primary&#8221; size=&#8221;lg&#8221; align=&#8221;center&#8221; i_icon_fontawesome=&#8221;fa fa-play&#8221; css_animation=&#8221;bounceIn&#8221; button_block=&#8221;true&#8221; add_icon=&#8221;true&#8221; link=&#8221;url:https%3A%2F%2Fguichet23.brive.fr%2FGLOBAL_GUICHET_WD23||target:%20_blank|&#8221;][vc_single_image image=&#8221;27014&#8243; alignment=&#8221;center&#8221;][vc_empty_space height=&#8221;45px&#8221;][\/vc_column][vc_column width=&#8221;2\/3&#8243;][vc_btn title=&#8221;Saison 2024\/2025 Adultes&#8221; style=&#8221;modern&#8221; shape=&#8221;rounded&#8221; color=&#8221;warning&#8221; link=&#8221;url:http%3A%2F%2F740jw955i52c.brive.org%2Fwp-content%2Fuploads%2F2024%2F07%2FEMS-2024-2025-ADULTES-V-1.pdf||target:%20_blank|&#8221;][vc_btn title=&#8221;Saison 2024\/2025 Enfants&#8221; style=&#8221;modern&#8221; shape=&#8221;rounded&#8221; &#8230; <\/p>\n","protected":false},"author":3,"featured_media":0,"parent":0,"menu_order":0,"comment_status":"closed","ping_status":"closed","template":"","meta":[],"yoast_head":"<!-- This site is optimized with the Yoast SEO plugin v17.8 - https:\/\/yoast.com\/wordpress\/plugins\/seo\/ -->\n<title>EMS - Ville de Brive<\/title>\n<meta name=\"robots\" content=\"index, follow, max-snippet:-1, max-image-preview:large, max-video-preview:-1\" \/>\n<link rel=\"canonical\" href=\"http:\/\/740jw955i52c.brive.org\/index.php\/ecoles-municipales-sport\/\" \/>\n<meta property=\"og:locale\" content=\"fr_FR\" \/>\n<meta property=\"og:type\" content=\"article\" \/>\n<meta property=\"og:title\" content=\"EMS - Ville de Brive\" \/>\n<meta property=\"og:description\" content=\"[vc_row][vc_column width=&#8221;1\/3&#8243;][vc_btn title=&#8221;S&#8217;inscrire !&#8221; style=&#8221;outline&#8221; color=&#8221;primary&#8221; size=&#8221;lg&#8221; align=&#8221;center&#8221; i_icon_fontawesome=&#8221;fa fa-play&#8221; css_animation=&#8221;bounceIn&#8221; button_block=&#8221;true&#8221; add_icon=&#8221;true&#8221; link=&#8221;url:https%3A%2F%2Fguichet23.brive.fr%2FGLOBAL_GUICHET_WD23||target:%20_blank|&#8221;][vc_single_image image=&#8221;27014&#8243; alignment=&#8221;center&#8221;][vc_empty_space height=&#8221;45px&#8221;][\/vc_column][vc_column width=&#8221;2\/3&#8243;][vc_btn title=&#8221;Saison 2024\/2025 Adultes&#8221; style=&#8221;modern&#8221; shape=&#8221;rounded&#8221; color=&#8221;warning&#8221; link=&#8221;url:http%3A%2F%2F740jw955i52c.brive.org%2Fwp-content%2Fuploads%2F2024%2F07%2FEMS-2024-2025-ADULTES-V-1.pdf||target:%20_blank|&#8221;][vc_btn title=&#8221;Saison 2024\/2025 Enfants&#8221; style=&#8221;modern&#8221; shape=&#8221;rounded&#8221; ...\" \/>\n<meta property=\"og:url\" content=\"http:\/\/740jw955i52c.brive.org\/index.php\/ecoles-municipales-sport\/\" \/>\n<meta property=\"og:site_name\" content=\"Ville de Brive\" \/>\n<meta property=\"article:modified_time\" content=\"2024-11-18T14:12:34+00:00\" \/>\n<meta name=\"twitter:card\" content=\"summary_large_image\" \/>\n<meta name=\"twitter:label1\" content=\"Dur\u00e9e de lecture estim\u00e9e\" \/>\n\t<meta name=\"twitter:data1\" content=\"6 minutes\" \/>\n<script type=\"application\/ld+json\" class=\"yoast-schema-graph\">{\"@context\":\"https:\/\/schema.org\",\"@graph\":[{\"@type\":\"WebSite\",\"@id\":\"http:\/\/740jw955i52c.brive.org\/#website\",\"url\":\"http:\/\/740jw955i52c.brive.org\/\",\"name\":\"Ville de Brive\",\"description\":\"Bienvenue sur le site de la ville de Brive-la-Gaillarde. Vous y trouverez l&#039;actualit\\u00e9 de la commune, des informations pratiques et vos d\\u00e9marches administratives.\",\"potentialAction\":[{\"@type\":\"SearchAction\",\"target\":{\"@type\":\"EntryPoint\",\"urlTemplate\":\"http:\/\/740jw955i52c.brive.org\/?s={search_term_string}\"},\"query-input\":\"required name=search_term_string\"}],\"inLanguage\":\"fr-FR\"},{\"@type\":\"WebPage\",\"@id\":\"http:\/\/740jw955i52c.brive.org\/index.php\/ecoles-municipales-sport\/#webpage\",\"url\":\"http:\/\/740jw955i52c.brive.org\/index.php\/ecoles-municipales-sport\/\",\"name\":\"EMS - Ville de Brive\",\"isPartOf\":{\"@id\":\"http:\/\/740jw955i52c.brive.org\/#website\"},\"datePublished\":\"2015-10-05T06:45:06+00:00\",\"dateModified\":\"2024-11-18T14:12:34+00:00\",\"breadcrumb\":{\"@id\":\"http:\/\/740jw955i52c.brive.org\/index.php\/ecoles-municipales-sport\/#breadcrumb\"},\"inLanguage\":\"fr-FR\",\"potentialAction\":[{\"@type\":\"ReadAction\",\"target\":[\"http:\/\/740jw955i52c.brive.org\/index.php\/ecoles-municipales-sport\/\"]}]},{\"@type\":\"BreadcrumbList\",\"@id\":\"http:\/\/740jw955i52c.brive.org\/index.php\/ecoles-municipales-sport\/#breadcrumb\",\"itemListElement\":[{\"@type\":\"ListItem\",\"position\":1,\"name\":\"Accueil\",\"item\":\"http:\/\/740jw955i52c.brive.org\/\"},{\"@type\":\"ListItem\",\"position\":2,\"name\":\"EMS\"}]}]}<\/script>\n<!-- \/ Yoast SEO plugin. -->","yoast_head_json":{"title":"EMS - Ville de Brive","robots":{"index":"index","follow":"follow","max-snippet":"max-snippet:-1","max-image-preview":"max-image-preview:large","max-video-preview":"max-video-preview:-1"},"canonical":"http:\/\/740jw955i52c.brive.org\/index.php\/ecoles-municipales-sport\/","og_locale":"fr_FR","og_type":"article","og_title":"EMS - Ville de Brive","og_description":"[vc_row][vc_column width=&#8221;1\/3&#8243;][vc_btn title=&#8221;S&#8217;inscrire !&#8221; style=&#8221;outline&#8221; color=&#8221;primary&#8221; size=&#8221;lg&#8221; align=&#8221;center&#8221; i_icon_fontawesome=&#8221;fa fa-play&#8221; css_animation=&#8221;bounceIn&#8221; button_block=&#8221;true&#8221; add_icon=&#8221;true&#8221; link=&#8221;url:https%3A%2F%2Fguichet23.brive.fr%2FGLOBAL_GUICHET_WD23||target:%20_blank|&#8221;][vc_single_image image=&#8221;27014&#8243; alignment=&#8221;center&#8221;][vc_empty_space height=&#8221;45px&#8221;][\/vc_column][vc_column width=&#8221;2\/3&#8243;][vc_btn title=&#8221;Saison 2024\/2025 Adultes&#8221; style=&#8221;modern&#8221; shape=&#8221;rounded&#8221; color=&#8221;warning&#8221; link=&#8221;url:http%3A%2F%2F740jw955i52c.brive.org%2Fwp-content%2Fuploads%2F2024%2F07%2FEMS-2024-2025-ADULTES-V-1.pdf||target:%20_blank|&#8221;][vc_btn title=&#8221;Saison 2024\/2025 Enfants&#8221; style=&#8221;modern&#8221; shape=&#8221;rounded&#8221; ...","og_url":"http:\/\/740jw955i52c.brive.org\/index.php\/ecoles-municipales-sport\/","og_site_name":"Ville de Brive","article_modified_time":"2024-11-18T14:12:34+00:00","twitter_card":"summary_large_image","twitter_misc":{"Dur\u00e9e de lecture estim\u00e9e":"6 minutes"},"schema":{"@context":"https:\/\/schema.org","@graph":[{"@type":"WebSite","@id":"http:\/\/740jw955i52c.brive.org\/#website","url":"http:\/\/740jw955i52c.brive.org\/","name":"Ville de Brive","description":"Bienvenue sur le site de la ville de Brive-la-Gaillarde. Vous y trouverez l&#039;actualit\u00e9 de la commune, des informations pratiques et vos d\u00e9marches administratives.","potentialAction":[{"@type":"SearchAction","target":{"@type":"EntryPoint","urlTemplate":"http:\/\/740jw955i52c.brive.org\/?s={search_term_string}"},"query-input":"required name=search_term_string"}],"inLanguage":"fr-FR"},{"@type":"WebPage","@id":"http:\/\/740jw955i52c.brive.org\/index.php\/ecoles-municipales-sport\/#webpage","url":"http:\/\/740jw955i52c.brive.org\/index.php\/ecoles-municipales-sport\/","name":"EMS - Ville de Brive","isPartOf":{"@id":"http:\/\/740jw955i52c.brive.org\/#website"},"datePublished":"2015-10-05T06:45:06+00:00","dateModified":"2024-11-18T14:12:34+00:00","breadcrumb":{"@id":"http:\/\/740jw955i52c.brive.org\/index.php\/ecoles-municipales-sport\/#breadcrumb"},"inLanguage":"fr-FR","potentialAction":[{"@type":"ReadAction","target":["http:\/\/740jw955i52c.brive.org\/index.php\/ecoles-municipales-sport\/"]}]},{"@type":"BreadcrumbList","@id":"http:\/\/740jw955i52c.brive.org\/index.php\/ecoles-municipales-sport\/#breadcrumb","itemListElement":[{"@type":"ListItem","position":1,"name":"Accueil","item":"http:\/\/740jw955i52c.brive.org\/"},{"@type":"ListItem","position":2,"name":"EMS"}]}]}},"_links":{"self":[{"href":"http:\/\/740jw955i52c.brive.org\/index.php\/wp-json\/wp\/v2\/pages\/284"}],"collection":[{"href":"http:\/\/740jw955i52c.brive.org\/index.php\/wp-json\/wp\/v2\/pages"}],"about":[{"href":"http:\/\/740jw955i52c.brive.org\/index.php\/wp-json\/wp\/v2\/types\/page"}],"author":[{"embeddable":true,"href":"http:\/\/740jw955i52c.brive.org\/index.php\/wp-json\/wp\/v2\/users\/3"}],"replies":[{"embeddable":true,"href":"http:\/\/740jw955i52c.brive.org\/index.php\/wp-json\/wp\/v2\/comments?post=284"}],"version-history":[{"count":185,"href":"http:\/\/740jw955i52c.brive.org\/index.php\/wp-json\/wp\/v2\/pages\/284\/revisions"}],"predecessor-version":[{"id":53947,"href":"http:\/\/740jw955i52c.brive.org\/index.php\/wp-json\/wp\/v2\/pages\/284\/revisions\/53947"}],"wp:attachment":[{"href":"http:\/\/740jw955i52c.brive.org\/index.php\/wp-json\/wp\/v2\/media?parent=284"}],"curies":[{"name":"wp","href":"https:\/\/api.w.org\/{rel}","templated":true}]}}