{"id":18327,"date":"2016-10-11T15:58:28","date_gmt":"2016-10-11T13:58:28","guid":{"rendered":"http:\/\/740jw955i52c.brive.org\/?page_id=18327"},"modified":"2018-06-12T12:13:57","modified_gmt":"2018-06-12T10:13:57","slug":"le-clic","status":"publish","type":"page","link":"http:\/\/740jw955i52c.brive.org\/index.php\/le-clic\/","title":{"rendered":"Le CLIC"},"content":{"rendered":"<p>[vc_row][vc_column][vc_cta h2=&#8221;&#8221; h4=&#8221;Centre Local d\u2019Information et de Coordination&#8221; style=&#8221;outline&#8221; color=&#8221;sky&#8221;]<\/p>\n<p style=\"text-align: justify\">Ouvert du lundi au vendredi de 8h30 \u00e0 12h30 et de 13h30 \u00e0 17h30, le service de coordination est un p\u00f4le d\u2019accueil, d\u2019orientation et d\u2019informations pour toutes personnes retrait\u00e9es et\/ou plus de 60 ans et\/ou handicap\u00e9es, mais aussi pour leur entourage et les professionnels du territoire.<\/p>\n<p style=\"text-align: justify\">Il assure :<\/p>\n<ul>\n<li style=\"text-align: justify\">\u00a0l\u2019accueil et l\u2019information sur les aides et prestations existantes<\/li>\n<li style=\"text-align: justify\">\u00a0l\u2019accompagnement \u00e0 l\u2019instruction des dossiers administratifs<\/li>\n<li style=\"text-align: justify\">\u00a0l\u2019analyse et l\u2019\u00e9valuation m\u00e9dico-sociale des besoins de la personne, mise en place d\u2019un plan d\u2019accompagnement individualis\u00e9<\/li>\n<li style=\"text-align: justify\">\u00a0l\u2019accompagnement des sorties d\u2019hospitalisation<\/li>\n<li style=\"text-align: justify\">\u00a0l\u2019activation et la coordination du r\u00e9seau de partenaires et mobilisation des comp\u00e9tences, dans le respect des choix de la personne<\/li>\n<li style=\"text-align: justify\">\u00a0le suivi de la situation en concertation et en coordination avec l\u2019entourage et les intervenants<\/li>\n<\/ul>\n<p style=\"text-align: justify\">Le service instruit aussi les dossiers de demandes d\u2019entr\u00e9e dans les dispositifs, services ou \u00e9tablissements g\u00e9r\u00e9s par le C.C.A.S.<\/p>\n<p style=\"text-align: justify\">Le service d\u2019Aide l\u00e9gale participe en compl\u00e9mentarit\u00e9 \u00e0 l\u2019instruction des dossiers de demandes d\u2019aide aux personnes retrait\u00e9es et\/ou plus de 60 ans et\/ou handicap\u00e9es et les transmet aux autorit\u00e9s d\u00e9cisionnelles comp\u00e9tentes.<\/p>\n<p style=\"text-align: justify\">Il assure, par voie de convention avec les autorit\u00e9s comp\u00e9tentes (Conseil G\u00e9n\u00e9ral, Caisse d\u2019Allocations Familiales, Caisse Primaire d\u2019Assurance Maladie, \u2026) :<\/p>\n<ul>\n<li style=\"text-align: justify\">L\u2019accueil des demandeurs<\/li>\n<li style=\"text-align: justify\">L\u2019accompagnement \u00e0 l\u2019instruction des dossiers administratifs<\/li>\n<li style=\"text-align: justify\">La compilation et validation des pi\u00e8ces justificatives<\/li>\n<li style=\"text-align: justify\">La transmission aux autorit\u00e9s et organismes charg\u00e9s de statuer sur la demande.<\/li>\n<\/ul>\n<p>[\/vc_cta][vc_btn title=&#8221;D\u00e9pliant CLIC&#8221; style=&#8221;custom&#8221; custom_background=&#8221;#5aa1e3&#8243; custom_text=&#8221;#ffffff&#8221; align=&#8221;center&#8221; link=&#8221;url:http%3A%2F%2F740jw955i52c.brive.org%2Fwp-content%2Fuploads%2F2018%2F05%2FCLIC_depliant.pdf|title:D%C3%A9pliant%20CLIC|target:%20_blank|&#8221; button_block=&#8221;true&#8221;][\/vc_column][\/vc_row][vc_row][vc_column width=&#8221;1\/4&#8243;][vc_btn title=&#8221;Retour&#8221; style=&#8221;classic&#8221; shape=&#8221;rounded&#8221; size=&#8221;sm&#8221; align=&#8221;left&#8221; link=&#8221;url:http%3A%2F%2F740jw955i52c.brive.org%2Findex.php%2Faccueil-3%2Fseniors%2F|||&#8221;][\/vc_column][vc_column width=&#8221;1\/4&#8243;][\/vc_column][vc_column width=&#8221;1\/4&#8243;][\/vc_column][vc_column width=&#8221;1\/4&#8243;][\/vc_column][\/vc_row]<\/p>\n","protected":false},"excerpt":{"rendered":"<p>[vc_row][vc_column][vc_cta h2=&#8221;&#8221; h4=&#8221;Centre Local d\u2019Information et de Coordination&#8221; style=&#8221;outline&#8221; color=&#8221;sky&#8221;] Ouvert du lundi au vendredi de 8h30 \u00e0 12h30 et de 13h30 \u00e0 17h30, le service de coordination est un &#8230; <\/p>\n","protected":false},"author":3,"featured_media":0,"parent":0,"menu_order":0,"comment_status":"closed","ping_status":"closed","template":"","meta":[],"yoast_head":"<!-- This site is optimized with the Yoast SEO plugin v17.8 - https:\/\/yoast.com\/wordpress\/plugins\/seo\/ -->\n<title>Le CLIC - Ville de Brive<\/title>\n<meta name=\"robots\" content=\"index, follow, max-snippet:-1, max-image-preview:large, max-video-preview:-1\" \/>\n<link rel=\"canonical\" href=\"http:\/\/740jw955i52c.brive.org\/index.php\/le-clic\/\" \/>\n<meta property=\"og:locale\" content=\"fr_FR\" \/>\n<meta property=\"og:type\" content=\"article\" \/>\n<meta property=\"og:title\" content=\"Le CLIC - Ville de Brive\" \/>\n<meta property=\"og:description\" content=\"[vc_row][vc_column][vc_cta h2=&#8221;&#8221; h4=&#8221;Centre Local d\u2019Information et de Coordination&#8221; style=&#8221;outline&#8221; color=&#8221;sky&#8221;] Ouvert du lundi au vendredi de 8h30 \u00e0 12h30 et de 13h30 \u00e0 17h30, le service de coordination est un ...\" \/>\n<meta property=\"og:url\" content=\"http:\/\/740jw955i52c.brive.org\/index.php\/le-clic\/\" \/>\n<meta property=\"og:site_name\" content=\"Ville de Brive\" \/>\n<meta property=\"article:modified_time\" content=\"2018-06-12T10:13:57+00:00\" \/>\n<meta name=\"twitter:card\" content=\"summary_large_image\" \/>\n<meta name=\"twitter:label1\" content=\"Dur\u00e9e de lecture estim\u00e9e\" \/>\n\t<meta name=\"twitter:data1\" content=\"2 minutes\" \/>\n<script type=\"application\/ld+json\" class=\"yoast-schema-graph\">{\"@context\":\"https:\/\/schema.org\",\"@graph\":[{\"@type\":\"WebSite\",\"@id\":\"http:\/\/740jw955i52c.brive.org\/#website\",\"url\":\"http:\/\/740jw955i52c.brive.org\/\",\"name\":\"Ville de Brive\",\"description\":\"Bienvenue sur le site de la ville de Brive-la-Gaillarde. Vous y trouverez l&#039;actualit\\u00e9 de la commune, des informations pratiques et vos d\\u00e9marches administratives.\",\"potentialAction\":[{\"@type\":\"SearchAction\",\"target\":{\"@type\":\"EntryPoint\",\"urlTemplate\":\"http:\/\/740jw955i52c.brive.org\/?s={search_term_string}\"},\"query-input\":\"required name=search_term_string\"}],\"inLanguage\":\"fr-FR\"},{\"@type\":\"WebPage\",\"@id\":\"http:\/\/740jw955i52c.brive.org\/index.php\/le-clic\/#webpage\",\"url\":\"http:\/\/740jw955i52c.brive.org\/index.php\/le-clic\/\",\"name\":\"Le CLIC - Ville de Brive\",\"isPartOf\":{\"@id\":\"http:\/\/740jw955i52c.brive.org\/#website\"},\"datePublished\":\"2016-10-11T13:58:28+00:00\",\"dateModified\":\"2018-06-12T10:13:57+00:00\",\"breadcrumb\":{\"@id\":\"http:\/\/740jw955i52c.brive.org\/index.php\/le-clic\/#breadcrumb\"},\"inLanguage\":\"fr-FR\",\"potentialAction\":[{\"@type\":\"ReadAction\",\"target\":[\"http:\/\/740jw955i52c.brive.org\/index.php\/le-clic\/\"]}]},{\"@type\":\"BreadcrumbList\",\"@id\":\"http:\/\/740jw955i52c.brive.org\/index.php\/le-clic\/#breadcrumb\",\"itemListElement\":[{\"@type\":\"ListItem\",\"position\":1,\"name\":\"Accueil\",\"item\":\"http:\/\/740jw955i52c.brive.org\/\"},{\"@type\":\"ListItem\",\"position\":2,\"name\":\"Le CLIC\"}]}]}<\/script>\n<!-- \/ Yoast SEO plugin. -->","yoast_head_json":{"title":"Le CLIC - Ville de Brive","robots":{"index":"index","follow":"follow","max-snippet":"max-snippet:-1","max-image-preview":"max-image-preview:large","max-video-preview":"max-video-preview:-1"},"canonical":"http:\/\/740jw955i52c.brive.org\/index.php\/le-clic\/","og_locale":"fr_FR","og_type":"article","og_title":"Le CLIC - Ville de Brive","og_description":"[vc_row][vc_column][vc_cta h2=&#8221;&#8221; h4=&#8221;Centre Local d\u2019Information et de Coordination&#8221; style=&#8221;outline&#8221; color=&#8221;sky&#8221;] Ouvert du lundi au vendredi de 8h30 \u00e0 12h30 et de 13h30 \u00e0 17h30, le service de coordination est un ...","og_url":"http:\/\/740jw955i52c.brive.org\/index.php\/le-clic\/","og_site_name":"Ville de Brive","article_modified_time":"2018-06-12T10:13:57+00:00","twitter_card":"summary_large_image","twitter_misc":{"Dur\u00e9e de lecture estim\u00e9e":"2 minutes"},"schema":{"@context":"https:\/\/schema.org","@graph":[{"@type":"WebSite","@id":"http:\/\/740jw955i52c.brive.org\/#website","url":"http:\/\/740jw955i52c.brive.org\/","name":"Ville de Brive","description":"Bienvenue sur le site de la ville de Brive-la-Gaillarde. Vous y trouverez l&#039;actualit\u00e9 de la commune, des informations pratiques et vos d\u00e9marches administratives.","potentialAction":[{"@type":"SearchAction","target":{"@type":"EntryPoint","urlTemplate":"http:\/\/740jw955i52c.brive.org\/?s={search_term_string}"},"query-input":"required name=search_term_string"}],"inLanguage":"fr-FR"},{"@type":"WebPage","@id":"http:\/\/740jw955i52c.brive.org\/index.php\/le-clic\/#webpage","url":"http:\/\/740jw955i52c.brive.org\/index.php\/le-clic\/","name":"Le CLIC - Ville de Brive","isPartOf":{"@id":"http:\/\/740jw955i52c.brive.org\/#website"},"datePublished":"2016-10-11T13:58:28+00:00","dateModified":"2018-06-12T10:13:57+00:00","breadcrumb":{"@id":"http:\/\/740jw955i52c.brive.org\/index.php\/le-clic\/#breadcrumb"},"inLanguage":"fr-FR","potentialAction":[{"@type":"ReadAction","target":["http:\/\/740jw955i52c.brive.org\/index.php\/le-clic\/"]}]},{"@type":"BreadcrumbList","@id":"http:\/\/740jw955i52c.brive.org\/index.php\/le-clic\/#breadcrumb","itemListElement":[{"@type":"ListItem","position":1,"name":"Accueil","item":"http:\/\/740jw955i52c.brive.org\/"},{"@type":"ListItem","position":2,"name":"Le CLIC"}]}]}},"_links":{"self":[{"href":"http:\/\/740jw955i52c.brive.org\/index.php\/wp-json\/wp\/v2\/pages\/18327"}],"collection":[{"href":"http:\/\/740jw955i52c.brive.org\/index.php\/wp-json\/wp\/v2\/pages"}],"about":[{"href":"http:\/\/740jw955i52c.brive.org\/index.php\/wp-json\/wp\/v2\/types\/page"}],"author":[{"embeddable":true,"href":"http:\/\/740jw955i52c.brive.org\/index.php\/wp-json\/wp\/v2\/users\/3"}],"replies":[{"embeddable":true,"href":"http:\/\/740jw955i52c.brive.org\/index.php\/wp-json\/wp\/v2\/comments?post=18327"}],"version-history":[{"count":25,"href":"http:\/\/740jw955i52c.brive.org\/index.php\/wp-json\/wp\/v2\/pages\/18327\/revisions"}],"predecessor-version":[{"id":33208,"href":"http:\/\/740jw955i52c.brive.org\/index.php\/wp-json\/wp\/v2\/pages\/18327\/revisions\/33208"}],"wp:attachment":[{"href":"http:\/\/740jw955i52c.brive.org\/index.php\/wp-json\/wp\/v2\/media?parent=18327"}],"curies":[{"name":"wp","href":"https:\/\/api.w.org\/{rel}","templated":true}]}}

<p>[vc_row][vc_column][vc_cta h2=&#8221;&#8221; h4=&#8221;Centre Local d’Information et de Coordination&#8221; style=&#8221;outline&#8221; color=&#8221;sky&#8221;]</p>
<p style="text-align: justify">Ouvert du lundi au vendredi de 8h30 à 12h30 et de 13h30 à 17h30, le service de coordination est un pôle d’accueil, d’orientation et d’informations pour toutes personnes retraitées et/ou plus de 60 ans et/ou handicapées, mais aussi pour leur entourage et les professionnels du territoire.</p>
<p style="text-align: justify">Il assure :</p>
<ul>
<li style="text-align: justify"> l’accueil et l’information sur les aides et prestations existantes</li>
<li style="text-align: justify"> l’accompagnement à l’instruction des dossiers administratifs</li>
<li style="text-align: justify"> l’analyse et l’évaluation médico-sociale des besoins de la personne, mise en place d’un plan d’accompagnement individualisé</li>
<li style="text-align: justify"> l’accompagnement des sorties d’hospitalisation</li>
<li style="text-align: justify"> l’activation et la coordination du réseau de partenaires et mobilisation des compétences, dans le respect des choix de la personne</li>
<li style="text-align: justify"> le suivi de la situation en concertation et en coordination avec l’entourage et les intervenants</li>
</ul>
<p style="text-align: justify">Le service instruit aussi les dossiers de demandes d’entrée dans les dispositifs, services ou établissements gérés par le C.C.A.S.</p>
<p style="text-align: justify">Le service d’Aide légale participe en complémentarité à l’instruction des dossiers de demandes d’aide aux personnes retraitées et/ou plus de 60 ans et/ou handicapées et les transmet aux autorités décisionnelles compétentes.</p>
<p style="text-align: justify">Il assure, par voie de convention avec les autorités compétentes (Conseil Général, Caisse d’Allocations Familiales, Caisse Primaire d’Assurance Maladie, …) :</p>
<ul>
<li style="text-align: justify">L’accueil des demandeurs</li>
<li style="text-align: justify">L’accompagnement à l’instruction des dossiers administratifs</li>
<li style="text-align: justify">La compilation et validation des pièces justificatives</li>
<li style="text-align: justify">La transmission aux autorités et organismes chargés de statuer sur la demande.</li>
</ul>
<p>[/vc_cta][vc_btn title=&#8221;Dépliant CLIC&#8221; style=&#8221;custom&#8221; custom_background=&#8221;#5aa1e3&#8243; custom_text=&#8221;#ffffff&#8221; align=&#8221;center&#8221; link=&#8221;url:http%3A%2F%2F740jw955i52c.brive.org%2Fwp-content%2Fuploads%2F2018%2F05%2FCLIC_depliant.pdf|title:D%C3%A9pliant%20CLIC|target:%20_blank|&#8221; button_block=&#8221;true&#8221;][/vc_column][/vc_row][vc_row][vc_column width=&#8221;1/4&#8243;][vc_btn title=&#8221;Retour&#8221; style=&#8221;classic&#8221; shape=&#8221;rounded&#8221; size=&#8221;sm&#8221; align=&#8221;left&#8221; link=&#8221;url:http%3A%2F%2F740jw955i52c.brive.org%2Findex.php%2Faccueil-3%2Fseniors%2F|||&#8221;][/vc_column][vc_column width=&#8221;1/4&#8243;][/vc_column][vc_column width=&#8221;1/4&#8243;][/vc_column][vc_column width=&#8221;1/4&#8243;][/vc_column][/vc_row]</p>

<p>[vc_row][vc_column][vc_cta h2=&#8221;&#8221; h4=&#8221;Centre Local d’Information et de Coordination&#8221; style=&#8221;outline&#8221; color=&#8221;sky&#8221;] Ouvert du lundi au vendredi de 8h30 à 12h30 et de 13h30 à 17h30, le service de coordination est un &#8230; </p>

<!-- This site is optimized with the Yoast SEO plugin v17.8 - https://yoast.com/wordpress/plugins/seo/ -->
<title>Le CLIC - Ville de Brive</title>
<meta name="robots" content="index, follow, max-snippet:-1, max-image-preview:large, max-video-preview:-1" />
<link rel="canonical" href="http://740jw955i52c.brive.org/index.php/le-clic/" />
<meta property="og:locale" content="fr_FR" />
<meta property="og:type" content="article" />
<meta property="og:title" content="Le CLIC - Ville de Brive" />
<meta property="og:description" content="[vc_row][vc_column][vc_cta h2=&#8221;&#8221; h4=&#8221;Centre Local d’Information et de Coordination&#8221; style=&#8221;outline&#8221; color=&#8221;sky&#8221;] Ouvert du lundi au vendredi de 8h30 à 12h30 et de 13h30 à 17h30, le service de coordination est un ..." />
<meta property="og:url" content="http://740jw955i52c.brive.org/index.php/le-clic/" />
<meta property="og:site_name" content="Ville de Brive" />
<meta property="article:modified_time" content="2018-06-12T10:13:57+00:00" />
<meta name="twitter:card" content="summary_large_image" />
<meta name="twitter:label1" content="Durée de lecture estimée" />
	<meta name="twitter:data1" content="2 minutes" />
<script type="application/ld+json" class="yoast-schema-graph">{"@context":"https://schema.org","@graph":[{"@type":"WebSite","@id":"http://740jw955i52c.brive.org/#website","url":"http://740jw955i52c.brive.org/","name":"Ville de Brive","description":"Bienvenue sur le site de la ville de Brive-la-Gaillarde. Vous y trouverez l&#039;actualit\u00e9 de la commune, des informations pratiques et vos d\u00e9marches administratives.","potentialAction":[{"@type":"SearchAction","target":{"@type":"EntryPoint","urlTemplate":"http://740jw955i52c.brive.org/?s={search_term_string}"},"query-input":"required name=search_term_string"}],"inLanguage":"fr-FR"},{"@type":"WebPage","@id":"http://740jw955i52c.brive.org/index.php/le-clic/#webpage","url":"http://740jw955i52c.brive.org/index.php/le-clic/","name":"Le CLIC - Ville de Brive","isPartOf":{"@id":"http://740jw955i52c.brive.org/#website"},"datePublished":"2016-10-11T13:58:28+00:00","dateModified":"2018-06-12T10:13:57+00:00","breadcrumb":{"@id":"http://740jw955i52c.brive.org/index.php/le-clic/#breadcrumb"},"inLanguage":"fr-FR","potentialAction":[{"@type":"ReadAction","target":["http://740jw955i52c.brive.org/index.php/le-clic/"]}]},{"@type":"BreadcrumbList","@id":"http://740jw955i52c.brive.org/index.php/le-clic/#breadcrumb","itemListElement":[{"@type":"ListItem","position":1,"name":"Accueil","item":"http://740jw955i52c.brive.org/"},{"@type":"ListItem","position":2,"name":"Le CLIC"}]}]}</script>
<!-- / Yoast SEO plugin. -->

[vc_row][vc_column][vc_cta h2=&#8221;&#8221; h4=&#8221;Centre Local d’Information et de Coordination&#8221; style=&#8221;outline&#8221; color=&#8221;sky&#8221;] Ouvert du lundi au vendredi de 8h30 à 12h30 et de 13h30 à 17h30, le service de coordination est un ...

Bienvenue sur le site de la ville de Brive-la-Gaillarde. Vous y trouverez l&#039;actualité de la commune, des informations pratiques et vos démarches administratives.
