{"id":12678,"date":"2016-06-14T09:44:50","date_gmt":"2016-06-14T07:44:50","guid":{"rendered":"http:\/\/740jw955i52c.brive.org\/?page_id=12678"},"modified":"2022-03-24T10:33:30","modified_gmt":"2022-03-24T09:33:30","slug":"edito-du-maire","status":"publish","type":"page","link":"http:\/\/740jw955i52c.brive.org\/index.php\/edito-du-maire\/","title":{"rendered":"Edito du Maire"},"content":{"rendered":"<p>[vc_row][vc_column width=&#8221;1\/1&#8243;][vc_column_text]Notre ville de Brive a pour l\u00e9gitime et ambitieux dessein de se renouveler pour \u00e9crire un nouveau chapitre de sa belle histoire.<\/p>\n<p>Aussi, \u00e0 l\u2019heure d\u2019une soci\u00e9t\u00e9 et d\u2019une \u00e9conomie num\u00e9ris\u00e9es, j\u2019ai souhait\u00e9 que notre site internet soit totalement remodel\u00e9 afin que tous les brivistes puissent s\u2019informer en temps r\u00e9el et de la mani\u00e8re la plus compl\u00e8te qui soit de la vie de leur ville et des projets comme des actions qui y sont d\u00e9velopp\u00e9s. Plus moderne, plus intuitif, ce dernier s\u2019inscrit dans une volont\u00e9 unanime de profiter du virage num\u00e9rique et non de le subir, en devenant le portail interactif du dynamisme de notre ville.<\/p>\n<p>Plus largement, la modernisation de nos outils d\u2019information s\u2019inscrit dans notre volont\u00e9 de consolider l\u2019indispensable lien de proximit\u00e9 qui doit unir la Ville \u00e0 ses habitants et que nous avons eu l\u2019occasion de concr\u00e9tiser avec la mise en place de nos 16 conseils de quartier.<\/p>\n<p>Que vous soyez un nouveau visiteur ou un internaute averti, briviste de r\u00e9sidence ou de passage, ce site a pour modeste ambition de r\u00e9pondre \u00e0 votre curiosit\u00e9 sur les charmes, grands et petits, de la cit\u00e9 gaillarde.<\/p>\n<p>Fr\u00e9d\u00e9ric SOULIER<br \/>\nMaire de Brive<br \/>\nPr\u00e9sident de la Communaut\u00e9 d\u2019Agglom\u00e9ration du Bassin de Brive[\/vc_column_text][\/vc_column][\/vc_row][vc_row][vc_column width=&#8221;1\/1&#8243;]<br \/>\n[\/vc_column][\/vc_row][vc_row][vc_column width=&#8221;1\/1&#8243;]<br \/>\n[\/vc_column][\/vc_row]<\/p>\n","protected":false},"excerpt":{"rendered":"<p>[vc_row][vc_column width=&#8221;1\/1&#8243;][vc_column_text]Notre ville de Brive a pour l\u00e9gitime et ambitieux dessein de se renouveler pour \u00e9crire un nouveau chapitre de sa belle histoire. Aussi, \u00e0 l\u2019heure d\u2019une soci\u00e9t\u00e9 et d\u2019une &#8230; <\/p>\n","protected":false},"author":3,"featured_media":0,"parent":0,"menu_order":0,"comment_status":"closed","ping_status":"closed","template":"","meta":[],"yoast_head":"<!-- This site is optimized with the Yoast SEO plugin v17.8 - https:\/\/yoast.com\/wordpress\/plugins\/seo\/ -->\n<title>Edito du Maire - Ville de Brive<\/title>\n<meta name=\"robots\" content=\"index, follow, max-snippet:-1, max-image-preview:large, max-video-preview:-1\" \/>\n<link rel=\"canonical\" href=\"http:\/\/740jw955i52c.brive.org\/index.php\/edito-du-maire\/\" \/>\n<meta property=\"og:locale\" content=\"fr_FR\" \/>\n<meta property=\"og:type\" content=\"article\" \/>\n<meta property=\"og:title\" content=\"Edito du Maire - Ville de Brive\" \/>\n<meta property=\"og:description\" content=\"[vc_row][vc_column width=&#8221;1\/1&#8243;][vc_column_text]Notre ville de Brive a pour l\u00e9gitime et ambitieux dessein de se renouveler pour \u00e9crire un nouveau chapitre de sa belle histoire. Aussi, \u00e0 l\u2019heure d\u2019une soci\u00e9t\u00e9 et d\u2019une ...\" \/>\n<meta property=\"og:url\" content=\"http:\/\/740jw955i52c.brive.org\/index.php\/edito-du-maire\/\" \/>\n<meta property=\"og:site_name\" content=\"Ville de Brive\" \/>\n<meta property=\"article:modified_time\" content=\"2022-03-24T09:33:30+00:00\" \/>\n<meta name=\"twitter:card\" content=\"summary_large_image\" \/>\n<meta name=\"twitter:label1\" content=\"Dur\u00e9e de lecture estim\u00e9e\" \/>\n\t<meta name=\"twitter:data1\" content=\"1 minute\" \/>\n<script type=\"application\/ld+json\" class=\"yoast-schema-graph\">{\"@context\":\"https:\/\/schema.org\",\"@graph\":[{\"@type\":\"WebSite\",\"@id\":\"http:\/\/740jw955i52c.brive.org\/#website\",\"url\":\"http:\/\/740jw955i52c.brive.org\/\",\"name\":\"Ville de Brive\",\"description\":\"Bienvenue sur le site de la ville de Brive-la-Gaillarde. Vous y trouverez l&#039;actualit\\u00e9 de la commune, des informations pratiques et vos d\\u00e9marches administratives.\",\"potentialAction\":[{\"@type\":\"SearchAction\",\"target\":{\"@type\":\"EntryPoint\",\"urlTemplate\":\"http:\/\/740jw955i52c.brive.org\/?s={search_term_string}\"},\"query-input\":\"required name=search_term_string\"}],\"inLanguage\":\"fr-FR\"},{\"@type\":\"WebPage\",\"@id\":\"http:\/\/740jw955i52c.brive.org\/index.php\/edito-du-maire\/#webpage\",\"url\":\"http:\/\/740jw955i52c.brive.org\/index.php\/edito-du-maire\/\",\"name\":\"Edito du Maire - Ville de Brive\",\"isPartOf\":{\"@id\":\"http:\/\/740jw955i52c.brive.org\/#website\"},\"datePublished\":\"2016-06-14T07:44:50+00:00\",\"dateModified\":\"2022-03-24T09:33:30+00:00\",\"breadcrumb\":{\"@id\":\"http:\/\/740jw955i52c.brive.org\/index.php\/edito-du-maire\/#breadcrumb\"},\"inLanguage\":\"fr-FR\",\"potentialAction\":[{\"@type\":\"ReadAction\",\"target\":[\"http:\/\/740jw955i52c.brive.org\/index.php\/edito-du-maire\/\"]}]},{\"@type\":\"BreadcrumbList\",\"@id\":\"http:\/\/740jw955i52c.brive.org\/index.php\/edito-du-maire\/#breadcrumb\",\"itemListElement\":[{\"@type\":\"ListItem\",\"position\":1,\"name\":\"Accueil\",\"item\":\"http:\/\/740jw955i52c.brive.org\/\"},{\"@type\":\"ListItem\",\"position\":2,\"name\":\"Edito du Maire\"}]}]}<\/script>\n<!-- \/ Yoast SEO plugin. -->","yoast_head_json":{"title":"Edito du Maire - Ville de Brive","robots":{"index":"index","follow":"follow","max-snippet":"max-snippet:-1","max-image-preview":"max-image-preview:large","max-video-preview":"max-video-preview:-1"},"canonical":"http:\/\/740jw955i52c.brive.org\/index.php\/edito-du-maire\/","og_locale":"fr_FR","og_type":"article","og_title":"Edito du Maire - Ville de Brive","og_description":"[vc_row][vc_column width=&#8221;1\/1&#8243;][vc_column_text]Notre ville de Brive a pour l\u00e9gitime et ambitieux dessein de se renouveler pour \u00e9crire un nouveau chapitre de sa belle histoire. Aussi, \u00e0 l\u2019heure d\u2019une soci\u00e9t\u00e9 et d\u2019une ...","og_url":"http:\/\/740jw955i52c.brive.org\/index.php\/edito-du-maire\/","og_site_name":"Ville de Brive","article_modified_time":"2022-03-24T09:33:30+00:00","twitter_card":"summary_large_image","twitter_misc":{"Dur\u00e9e de lecture estim\u00e9e":"1 minute"},"schema":{"@context":"https:\/\/schema.org","@graph":[{"@type":"WebSite","@id":"http:\/\/740jw955i52c.brive.org\/#website","url":"http:\/\/740jw955i52c.brive.org\/","name":"Ville de Brive","description":"Bienvenue sur le site de la ville de Brive-la-Gaillarde. Vous y trouverez l&#039;actualit\u00e9 de la commune, des informations pratiques et vos d\u00e9marches administratives.","potentialAction":[{"@type":"SearchAction","target":{"@type":"EntryPoint","urlTemplate":"http:\/\/740jw955i52c.brive.org\/?s={search_term_string}"},"query-input":"required name=search_term_string"}],"inLanguage":"fr-FR"},{"@type":"WebPage","@id":"http:\/\/740jw955i52c.brive.org\/index.php\/edito-du-maire\/#webpage","url":"http:\/\/740jw955i52c.brive.org\/index.php\/edito-du-maire\/","name":"Edito du Maire - Ville de Brive","isPartOf":{"@id":"http:\/\/740jw955i52c.brive.org\/#website"},"datePublished":"2016-06-14T07:44:50+00:00","dateModified":"2022-03-24T09:33:30+00:00","breadcrumb":{"@id":"http:\/\/740jw955i52c.brive.org\/index.php\/edito-du-maire\/#breadcrumb"},"inLanguage":"fr-FR","potentialAction":[{"@type":"ReadAction","target":["http:\/\/740jw955i52c.brive.org\/index.php\/edito-du-maire\/"]}]},{"@type":"BreadcrumbList","@id":"http:\/\/740jw955i52c.brive.org\/index.php\/edito-du-maire\/#breadcrumb","itemListElement":[{"@type":"ListItem","position":1,"name":"Accueil","item":"http:\/\/740jw955i52c.brive.org\/"},{"@type":"ListItem","position":2,"name":"Edito du Maire"}]}]}},"_links":{"self":[{"href":"http:\/\/740jw955i52c.brive.org\/index.php\/wp-json\/wp\/v2\/pages\/12678"}],"collection":[{"href":"http:\/\/740jw955i52c.brive.org\/index.php\/wp-json\/wp\/v2\/pages"}],"about":[{"href":"http:\/\/740jw955i52c.brive.org\/index.php\/wp-json\/wp\/v2\/types\/page"}],"author":[{"embeddable":true,"href":"http:\/\/740jw955i52c.brive.org\/index.php\/wp-json\/wp\/v2\/users\/3"}],"replies":[{"embeddable":true,"href":"http:\/\/740jw955i52c.brive.org\/index.php\/wp-json\/wp\/v2\/comments?post=12678"}],"version-history":[{"count":3,"href":"http:\/\/740jw955i52c.brive.org\/index.php\/wp-json\/wp\/v2\/pages\/12678\/revisions"}],"predecessor-version":[{"id":28835,"href":"http:\/\/740jw955i52c.brive.org\/index.php\/wp-json\/wp\/v2\/pages\/12678\/revisions\/28835"}],"wp:attachment":[{"href":"http:\/\/740jw955i52c.brive.org\/index.php\/wp-json\/wp\/v2\/media?parent=12678"}],"curies":[{"name":"wp","href":"https:\/\/api.w.org\/{rel}","templated":true}]}}

<p>[vc_row][vc_column width=&#8221;1/1&#8243;][vc_column_text]Notre ville de Brive a pour légitime et ambitieux dessein de se renouveler pour écrire un nouveau chapitre de sa belle histoire.</p>
<p>Aussi, à l’heure d’une société et d’une économie numérisées, j’ai souhaité que notre site internet soit totalement remodelé afin que tous les brivistes puissent s’informer en temps réel et de la manière la plus complète qui soit de la vie de leur ville et des projets comme des actions qui y sont développés. Plus moderne, plus intuitif, ce dernier s’inscrit dans une volonté unanime de profiter du virage numérique et non de le subir, en devenant le portail interactif du dynamisme de notre ville.</p>
<p>Plus largement, la modernisation de nos outils d’information s’inscrit dans notre volonté de consolider l’indispensable lien de proximité qui doit unir la Ville à ses habitants et que nous avons eu l’occasion de concrétiser avec la mise en place de nos 16 conseils de quartier.</p>
<p>Que vous soyez un nouveau visiteur ou un internaute averti, briviste de résidence ou de passage, ce site a pour modeste ambition de répondre à votre curiosité sur les charmes, grands et petits, de la cité gaillarde.</p>
<p>Frédéric SOULIER<br />
Maire de Brive<br />
Président de la Communauté d’Agglomération du Bassin de Brive[/vc_column_text][/vc_column][/vc_row][vc_row][vc_column width=&#8221;1/1&#8243;]<br />
[/vc_column][/vc_row][vc_row][vc_column width=&#8221;1/1&#8243;]<br />
[/vc_column][/vc_row]</p>

<p>[vc_row][vc_column width=&#8221;1/1&#8243;][vc_column_text]Notre ville de Brive a pour légitime et ambitieux dessein de se renouveler pour écrire un nouveau chapitre de sa belle histoire. Aussi, à l’heure d’une société et d’une &#8230; </p>

<!-- This site is optimized with the Yoast SEO plugin v17.8 - https://yoast.com/wordpress/plugins/seo/ -->
<title>Edito du Maire - Ville de Brive</title>
<meta name="robots" content="index, follow, max-snippet:-1, max-image-preview:large, max-video-preview:-1" />
<link rel="canonical" href="http://740jw955i52c.brive.org/index.php/edito-du-maire/" />
<meta property="og:locale" content="fr_FR" />
<meta property="og:type" content="article" />
<meta property="og:title" content="Edito du Maire - Ville de Brive" />
<meta property="og:description" content="[vc_row][vc_column width=&#8221;1/1&#8243;][vc_column_text]Notre ville de Brive a pour légitime et ambitieux dessein de se renouveler pour écrire un nouveau chapitre de sa belle histoire. Aussi, à l’heure d’une société et d’une ..." />
<meta property="og:url" content="http://740jw955i52c.brive.org/index.php/edito-du-maire/" />
<meta property="og:site_name" content="Ville de Brive" />
<meta property="article:modified_time" content="2022-03-24T09:33:30+00:00" />
<meta name="twitter:card" content="summary_large_image" />
<meta name="twitter:label1" content="Durée de lecture estimée" />
	<meta name="twitter:data1" content="1 minute" />
<script type="application/ld+json" class="yoast-schema-graph">{"@context":"https://schema.org","@graph":[{"@type":"WebSite","@id":"http://740jw955i52c.brive.org/#website","url":"http://740jw955i52c.brive.org/","name":"Ville de Brive","description":"Bienvenue sur le site de la ville de Brive-la-Gaillarde. Vous y trouverez l&#039;actualit\u00e9 de la commune, des informations pratiques et vos d\u00e9marches administratives.","potentialAction":[{"@type":"SearchAction","target":{"@type":"EntryPoint","urlTemplate":"http://740jw955i52c.brive.org/?s={search_term_string}"},"query-input":"required name=search_term_string"}],"inLanguage":"fr-FR"},{"@type":"WebPage","@id":"http://740jw955i52c.brive.org/index.php/edito-du-maire/#webpage","url":"http://740jw955i52c.brive.org/index.php/edito-du-maire/","name":"Edito du Maire - Ville de Brive","isPartOf":{"@id":"http://740jw955i52c.brive.org/#website"},"datePublished":"2016-06-14T07:44:50+00:00","dateModified":"2022-03-24T09:33:30+00:00","breadcrumb":{"@id":"http://740jw955i52c.brive.org/index.php/edito-du-maire/#breadcrumb"},"inLanguage":"fr-FR","potentialAction":[{"@type":"ReadAction","target":["http://740jw955i52c.brive.org/index.php/edito-du-maire/"]}]},{"@type":"BreadcrumbList","@id":"http://740jw955i52c.brive.org/index.php/edito-du-maire/#breadcrumb","itemListElement":[{"@type":"ListItem","position":1,"name":"Accueil","item":"http://740jw955i52c.brive.org/"},{"@type":"ListItem","position":2,"name":"Edito du Maire"}]}]}</script>
<!-- / Yoast SEO plugin. -->

[vc_row][vc_column width=&#8221;1/1&#8243;][vc_column_text]Notre ville de Brive a pour légitime et ambitieux dessein de se renouveler pour écrire un nouveau chapitre de sa belle histoire. Aussi, à l’heure d’une société et d’une ...

Bienvenue sur le site de la ville de Brive-la-Gaillarde. Vous y trouverez l&#039;actualité de la commune, des informations pratiques et vos démarches administratives.
